--
-- Host: localhost    Database: llcfapp
-- ------------------------------------------------------


--
-- Table structure for table `attendance`
--

CREATE TABLE `attendance` (
  `student_id` int NOT NULL,
  `class` varchar(10) COLLATE utf8mb4_general_ci NOT NULL,
  `date` date NOT NULL,
  `attendance` varchar(1) COLLATE utf8mb4_general_ci NOT NULL,
  `created_on` timestamp NOT NULL DEFAULT CURRENT_TIMESTAMP,
  `updated_on` timestamp NULL DEFAULT NULL ON UPDATE CURRENT_TIMESTAMP,
  UNIQUE KEY `attendance_key` (`student_id`,`class`,`date`)
) ENGINE=InnoDB DEFAULT CHARSET=utf8mb4 COLLATE=utf8mb4_general_ci;

--
-- Dumping data for table `attendance`
--

INSERT INTO `attendance` VALUES (1,'1','2023-06-19','P','2023-06-19 04:07:19',NULL),(1,'1','2023-06-20','P','2023-06-20 03:26:28',NULL),(1,'1','2023-06-21','P','2023-06-21 04:21:30',NULL),(1,'1','2023-06-22','P','2023-06-22 05:11:22',NULL),(1,'1','2023-06-23','P','2023-06-23 03:45:05',NULL),(1,'1','2023-07-10','P','2023-07-10 09:09:29',NULL),(1,'1','2023-07-12','P','2023-07-12 03:29:36',NULL),(1,'1','2023-07-13','P','2023-07-13 03:53:09',NULL),(1,'1','2023-07-14','P','2023-07-14 03:36:43',NULL),(1,'2A','2023-07-15','P','2023-07-15 04:10:07',NULL),(2,'1','2023-06-19','P','2023-06-19 04:07:19',NULL),(2,'1','2023-06-20','P','2023-06-20 03:26:28',NULL),(2,'1','2023-06-21','P','2023-06-21 04:21:30',NULL),(2,'1','2023-06-22','P','2023-06-22 05:11:22',NULL),(2,'1','2023-06-23','P','2023-06-23 03:45:05',NULL),(2,'1','2023-07-10','P','2023-07-10 09:09:29',NULL),(2,'1','2023-07-12','P','2023-07-12 03:29:36',NULL),(2,'1','2023-07-13','P','2023-07-13 03:53:09',NULL),(2,'1','2023-07-14','P','2023-07-14 03:36:43',NULL),(2,'2A','2023-07-15','P','2023-07-15 04:10:07',NULL),(3,'1','2023-06-19','P','2023-06-19 04:07:19',NULL),(3,'1','2023-06-20','P','2023-06-20 03:26:28',NULL),(3,'1','2023-06-21','P','2023-06-21 04:21:30',NULL),(3,'1','2023-06-22','P','2023-06-22 05:11:22',NULL),(3,'1','2023-06-23','P','2023-06-23 03:45:05',NULL),(3,'1','2023-07-10','P','2023-07-10 09:09:29',NULL),(3,'1','2023-07-12','P','2023-07-12 03:29:36',NULL),(3,'1','2023-07-13','P','2023-07-13 03:53:09',NULL),(3,'1','2023-07-14','P','2023-07-14 03:36:43',NULL),(3,'2A','2023-07-15','A','2023-07-15 04:10:07',NULL),(5,'1','2023-06-19','P','2023-06-19 04:07:19',NULL),(5,'1','2023-06-20','P','2023-06-20 03:26:28',NULL),(5,'1','2023-06-21','P','2023-06-21 04:21:30',NULL),(5,'1','2023-06-22','P','2023-06-22 05:11:22',NULL),(5,'1','2023-06-23','P','2023-06-23 03:45:05',NULL),(5,'1','2023-07-10','P','2023-07-10 09:09:29',NULL),(5,'1','2023-07-12','P','2023-07-12 03:29:36',NULL),(5,'1','2023-07-13','P','2023-07-13 03:53:09',NULL),(5,'1','2023-07-14','P','2023-07-14 03:36:43',NULL),(5,'2A','2023-07-15','P','2023-07-15 04:10:07',NULL),(6,'1','2023-06-19','P','2023-06-19 04:07:19',NULL),(6,'1','2023-06-20','P','2023-06-20 03:26:28',NULL),(6,'1','2023-06-21','P','2023-06-21 04:21:30',NULL),(6,'1','2023-06-22','P','2023-06-22 05:11:22',NULL),(6,'1','2023-06-23','P','2023-06-23 03:45:05',NULL),(6,'1','2023-07-10','A','2023-07-10 09:09:29',NULL),(6,'1','2023-07-12','P','2023-07-12 03:29:36',NULL),(6,'1','2023-07-13','P','2023-07-13 03:53:09',NULL),(6,'1','2023-07-14','P','2023-07-14 03:36:43',NULL),(6,'2A','2023-07-15','P','2023-07-15 04:10:07',NULL),(7,'1','2023-06-19','P','2023-06-19 04:07:19',NULL),(7,'1','2023-06-20','P','2023-06-20 03:26:28',NULL),(7,'1','2023-06-21','P','2023-06-21 04:21:30',NULL),(7,'1','2023-06-22','P','2023-06-22 05:11:22',NULL),(7,'1','2023-06-23','P','2023-06-23 03:45:05',NULL),(7,'1','2023-07-10','P','2023-07-10 09:09:29',NULL),(7,'1','2023-07-12','P','2023-07-12 03:29:36',NULL),(7,'1','2023-07-13','P','2023-07-13 03:53:09',NULL),(7,'1','2023-07-14','P','2023-07-14 03:36:43',NULL),(7,'2A','2023-07-15','P','2023-07-15 04:10:07',NULL),(8,'1','2023-06-19','P','2023-06-19 04:07:19',NULL),(8,'1','2023-06-20','P','2023-06-20 03:26:28',NULL),(8,'1','2023-06-21','P','2023-06-21 04:21:30',NULL),(8,'1','2023-06-22','P','2023-06-22 05:11:22',NULL),(8,'1','2023-06-23','P','2023-06-23 03:45:05',NULL),(8,'1','2023-07-10','A','2023-07-10 09:09:29',NULL),(8,'1','2023-07-12','A','2023-07-12 03:29:36',NULL),(8,'1','2023-07-13','P','2023-07-13 03:53:09',NULL),(8,'1','2023-07-14','P','2023-07-14 03:36:43',NULL),(8,'2A','2023-07-15','P','2023-07-15 04:10:07',NULL),(9,'1','2023-06-19','P','2023-06-19 04:07:19',NULL),(9,'1','2023-06-20','P','2023-06-20 03:26:28',NULL),(9,'1','2023-06-21','P','2023-06-21 04:21:30',NULL),(9,'1','2023-06-22','P','2023-06-22 05:11:22',NULL),(9,'1','2023-06-23','P','2023-06-23 03:45:05',NULL),(9,'1','2023-07-10','P','2023-07-10 09:09:29',NULL),(9,'1','2023-07-12','P','2023-07-12 03:29:36',NULL),(9,'1','2023-07-13','P','2023-07-13 03:53:09',NULL),(9,'1','2023-07-14','P','2023-07-14 03:36:43',NULL),(9,'2A','2023-07-15','P','2023-07-15 04:10:07',NULL),(10,'1','2023-06-19','P','2023-06-19 04:07:19',NULL),(10,'1','2023-06-20','A','2023-06-20 03:26:28',NULL),(10,'1','2023-06-21','P','2023-06-21 04:21:30',NULL),(10,'1','2023-06-22','P','2023-06-22 05:11:22',NULL),(10,'1','2023-06-23','P','2023-06-23 03:45:05',NULL),(10,'1','2023-07-10','P','2023-07-10 09:09:29',NULL),(10,'1','2023-07-12','P','2023-07-12 03:29:36',NULL),(10,'1','2023-07-13','P','2023-07-13 03:53:09',NULL),(10,'1','2023-07-14','P','2023-07-14 03:36:43',NULL),(10,'2A','2023-07-15','P','2023-07-15 04:10:07',NULL),(11,'1','2023-07-15','A','2023-07-15 06:17:08',NULL),(11,'Orange','2023-06-19','P','2023-06-19 04:01:13',NULL),(11,'Orange','2023-06-20','P','2023-06-20 03:29:14',NULL),(11,'Orange','2023-06-21','P','2023-06-21 04:51:50',NULL),(11,'Orange','2023-06-22','P','2023-06-22 05:12:33',NULL),(11,'Orange','2023-06-23','A','2023-06-23 03:50:26',NULL),(11,'Orange','2023-07-10','A','2023-07-10 09:12:54',NULL),(11,'Orange','2023-07-12','A','2023-07-12 03:28:05',NULL),(11,'Orange','2023-07-13','P','2023-07-13 03:39:19',NULL),(11,'Orange','2023-07-14','P','2023-07-14 03:32:56',NULL),(12,'1','2023-07-15','P','2023-07-15 06:17:08',NULL),(12,'Orange','2023-06-19','P','2023-06-19 04:01:13',NULL),(12,'Orange','2023-06-20','P','2023-06-20 03:29:14',NULL),(12,'Orange','2023-06-21','P','2023-06-21 04:51:50',NULL),(12,'Orange','2023-06-22','P','2023-06-22 05:12:33',NULL),(12,'Orange','2023-06-23','P','2023-06-23 03:50:26',NULL),(12,'Orange','2023-07-10','P','2023-07-10 09:12:54',NULL),(12,'Orange','2023-07-12','P','2023-07-12 03:28:05',NULL),(12,'Orange','2023-07-13','P','2023-07-13 03:39:19',NULL),(12,'Orange','2023-07-14','P','2023-07-14 03:32:56',NULL),(13,'1','2023-06-19','P','2023-06-19 04:07:19',NULL),(13,'1','2023-06-20','P','2023-06-20 03:26:28',NULL),(13,'1','2023-06-21','P','2023-06-21 04:21:30',NULL),(13,'1','2023-06-22','P','2023-06-22 05:11:22',NULL),(13,'1','2023-06-23','P','2023-06-23 03:45:05',NULL),(13,'1','2023-07-10','A','2023-07-10 09:09:29',NULL),(13,'1','2023-07-12','A','2023-07-12 03:29:36',NULL),(13,'1','2023-07-13','P','2023-07-13 03:53:09',NULL),(13,'1','2023-07-14','P','2023-07-14 03:36:43',NULL),(13,'2A','2023-07-15','P','2023-07-15 04:10:07',NULL),(14,'1','2023-07-15','P','2023-07-15 06:17:08',NULL),(14,'Orange','2023-06-19','P','2023-06-19 04:01:13',NULL),(14,'Orange','2023-06-20','P','2023-06-20 03:29:14',NULL),(14,'Orange','2023-06-21','A','2023-06-21 04:51:50',NULL),(14,'Orange','2023-06-22','P','2023-06-22 05:12:33',NULL),(14,'Orange','2023-06-23','A','2023-06-23 03:50:26',NULL),(14,'Orange','2023-07-10','A','2023-07-10 09:12:54',NULL),(14,'Orange','2023-07-12','P','2023-07-12 03:28:05',NULL),(14,'Orange','2023-07-13','P','2023-07-13 03:39:19',NULL),(14,'Orange','2023-07-14','P','2023-07-14 03:32:56',NULL),(20,'1','2023-07-15','P','2023-07-15 06:17:08',NULL),(20,'Orange','2023-06-19','P','2023-06-19 04:01:13',NULL),(20,'Orange','2023-06-20','A','2023-06-20 03:29:14',NULL),(20,'Orange','2023-06-21','A','2023-06-21 04:51:50',NULL),(20,'Orange','2023-06-22','A','2023-06-22 05:12:33',NULL),(20,'Orange','2023-06-23','A','2023-06-23 03:50:26',NULL),(20,'Orange','2023-07-10','P','2023-07-10 09:12:54',NULL),(20,'Orange','2023-07-12','P','2023-07-12 03:28:05',NULL),(20,'Orange','2023-07-13','P','2023-07-13 03:39:19',NULL),(20,'Orange','2023-07-14','P','2023-07-14 03:32:56',NULL),(21,'1','2023-07-15','A','2023-07-15 06:17:08',NULL),(21,'Orange','2023-06-19','P','2023-06-19 04:01:13',NULL),(21,'Orange','2023-06-20','P','2023-06-20 03:29:14',NULL),(21,'Orange','2023-06-21','P','2023-06-21 04:51:50',NULL),(21,'Orange','2023-06-22','P','2023-06-22 05:12:33',NULL),(21,'Orange','2023-06-23','P','2023-06-23 03:50:26',NULL),(21,'Orange','2023-07-10','P','2023-07-10 09:12:54',NULL),(21,'Orange','2023-07-12','P','2023-07-12 03:28:05',NULL),(21,'Orange','2023-07-13','P','2023-07-13 03:39:19',NULL),(21,'Orange','2023-07-14','P','2023-07-14 03:32:56',NULL),(22,'1','2023-06-19','P','2023-06-19 04:07:19',NULL),(22,'1','2023-06-20','P','2023-06-20 03:26:28',NULL),(22,'1','2023-06-21','P','2023-06-21 04:21:30',NULL),(22,'1','2023-06-22','P','2023-06-22 05:11:22',NULL),(22,'1','2023-06-23','P','2023-06-23 03:45:05',NULL),(22,'1','2023-07-10','P','2023-07-10 09:09:29',NULL),(22,'1','2023-07-12','P','2023-07-12 03:29:36',NULL),(22,'1','2023-07-13','P','2023-07-13 03:53:09',NULL),(22,'1','2023-07-14','P','2023-07-14 03:36:43',NULL),(22,'2A','2023-07-15','P','2023-07-15 04:10:07',NULL),(23,'Red','2023-06-19','P','2023-06-19 04:18:31',NULL),(23,'Red','2023-06-20','P','2023-06-20 03:34:46',NULL),(23,'Red','2023-06-21','P','2023-06-21 04:12:42',NULL),(23,'Red','2023-06-22','P','2023-06-22 05:30:10',NULL),(23,'Red','2023-06-23','P','2023-06-23 03:36:00',NULL),(23,'Red','2023-07-10','P','2023-07-10 10:07:06',NULL),(23,'Red','2023-07-12','P','2023-07-12 03:41:19',NULL),(23,'Red','2023-07-13','P','2023-07-13 03:51:01',NULL),(23,'Red','2023-07-14','P','2023-07-14 03:35:28',NULL),(23,'Red','2023-07-15','P','2023-07-15 04:05:53',NULL),(24,'Red','2023-06-19','P','2023-06-19 04:18:31',NULL),(24,'Red','2023-06-20','P','2023-06-20 03:34:46',NULL),(24,'Red','2023-06-21','A','2023-06-21 04:12:42',NULL),(24,'Red','2023-06-22','P','2023-06-22 05:30:10',NULL),(24,'Red','2023-06-23','P','2023-06-23 03:36:00',NULL),(24,'Red','2023-07-10','A','2023-07-10 10:07:06',NULL),(24,'Red','2023-07-12','A','2023-07-12 03:41:19',NULL),(24,'Red','2023-07-13','P','2023-07-13 03:51:01',NULL),(24,'Red','2023-07-14','A','2023-07-14 03:35:28',NULL),(24,'Red','2023-07-15','A','2023-07-15 04:05:53',NULL),(25,'Red','2023-06-19','A','2023-06-19 04:18:31',NULL),(25,'Red','2023-06-20','P','2023-06-20 03:34:46',NULL),(25,'Red','2023-06-21','P','2023-06-21 04:12:42',NULL),(25,'Red','2023-06-22','P','2023-06-22 05:30:10',NULL),(25,'Red','2023-06-23','P','2023-06-23 03:36:00',NULL),(25,'Red','2023-07-10','P','2023-07-10 10:07:06',NULL),(25,'Red','2023-07-12','P','2023-07-12 03:41:19',NULL),(25,'Red','2023-07-13','P','2023-07-13 03:51:01',NULL),(25,'Red','2023-07-14','A','2023-07-14 03:35:28',NULL),(25,'Red','2023-07-15','P','2023-07-15 04:05:53',NULL),(26,'Red','2023-06-19','A','2023-06-19 04:18:31',NULL),(26,'Red','2023-06-20','A','2023-06-20 03:34:46',NULL),(26,'Red','2023-06-21','P','2023-06-21 04:12:42',NULL),(26,'Red','2023-06-22','A','2023-06-22 05:30:10',NULL),(26,'Red','2023-06-23','A','2023-06-23 03:36:00',NULL),(26,'Red','2023-07-10','P','2023-07-10 10:07:06',NULL),(26,'Red','2023-07-12','P','2023-07-12 03:41:19',NULL),(26,'Red','2023-07-13','P','2023-07-13 03:51:01',NULL),(26,'Red','2023-07-14','P','2023-07-14 03:35:28',NULL),(26,'Red','2023-07-15','P','2023-07-15 04:05:53',NULL),(28,'Red','2023-06-19','P','2023-06-19 04:18:31',NULL),(28,'Red','2023-06-20','P','2023-06-20 03:34:46',NULL),(28,'Red','2023-06-21','P','2023-06-21 04:12:42',NULL),(28,'Red','2023-06-22','P','2023-06-22 05:30:10',NULL),(28,'Red','2023-06-23','P','2023-06-23 03:36:00',NULL),(28,'Red','2023-07-10','P','2023-07-10 10:07:06',NULL),(28,'Red','2023-07-12','P','2023-07-12 03:41:19',NULL),(28,'Red','2023-07-13','P','2023-07-13 03:51:01',NULL),(28,'Red','2023-07-14','P','2023-07-14 03:35:28',NULL),(28,'Red','2023-07-15','P','2023-07-15 04:05:53',NULL),(29,'Red','2023-06-19','P','2023-06-19 04:18:31',NULL),(29,'Red','2023-06-20','P','2023-06-20 03:34:46',NULL),(29,'Red','2023-06-21','P','2023-06-21 04:12:42',NULL),(29,'Red','2023-06-22','P','2023-06-22 05:30:10',NULL),(29,'Red','2023-06-23','P','2023-06-23 03:36:00',NULL),(29,'Red','2023-07-10','P','2023-07-10 10:07:06',NULL),(29,'Red','2023-07-12','P','2023-07-12 03:41:19',NULL),(29,'Red','2023-07-13','P','2023-07-13 03:51:01',NULL),(29,'Red','2023-07-14','P','2023-07-14 03:35:28',NULL),(29,'Red','2023-07-15','P','2023-07-15 04:05:53',NULL),(30,'Red','2023-06-19','A','2023-06-19 04:18:31',NULL),(30,'Red','2023-06-20','A','2023-06-20 03:34:46',NULL),(30,'Red','2023-06-21','A','2023-06-21 04:12:42',NULL),(30,'Red','2023-06-22','P','2023-06-22 05:30:10',NULL),(30,'Red','2023-06-23','A','2023-06-23 03:36:00',NULL),(30,'Red','2023-07-10','A','2023-07-10 10:07:06',NULL),(30,'Red','2023-07-12','A','2023-07-12 03:41:19',NULL),(30,'Red','2023-07-13','A','2023-07-13 03:51:01',NULL),(30,'Red','2023-07-14','A','2023-07-14 03:35:28',NULL),(30,'Red','2023-07-15','A','2023-07-15 04:05:53',NULL),(31,'Green','2023-06-14','P','2023-06-14 03:46:00',NULL),(31,'Green','2023-06-19','A','2023-06-19 03:58:34',NULL),(31,'Green','2023-06-20','A','2023-06-20 03:36:14',NULL),(31,'Green','2023-06-21','A','2023-06-21 04:20:43',NULL),(31,'Green','2023-06-22','P','2023-06-22 05:27:33',NULL),(31,'Green','2023-06-23','A','2023-06-23 03:37:22',NULL),(31,'Green','2023-07-10','A','2023-07-10 10:15:42',NULL),(31,'Green','2023-07-12','A','2023-07-12 03:33:43',NULL),(31,'Green','2023-07-13','A','2023-07-13 03:56:04',NULL),(31,'Green','2023-07-14','A','2023-07-14 03:42:17',NULL),(31,'Green','2023-07-15','A','2023-07-15 04:24:44',NULL),(32,'Green','2023-06-14','P','2023-06-14 03:46:00',NULL),(32,'Green','2023-06-19','A','2023-06-19 03:58:34',NULL),(32,'Green','2023-06-20','A','2023-06-20 03:36:14',NULL),(32,'Green','2023-06-21','A','2023-06-21 04:20:43',NULL),(32,'Green','2023-06-22','A','2023-06-22 05:27:33',NULL),(32,'Green','2023-06-23','A','2023-06-23 03:37:22',NULL),(32,'Green','2023-07-10','A','2023-07-10 10:15:42',NULL),(32,'Green','2023-07-12','P','2023-07-12 03:33:43',NULL),(32,'Green','2023-07-13','P','2023-07-13 03:56:04',NULL),(32,'Green','2023-07-14','P','2023-07-14 03:42:17',NULL),(32,'Green','2023-07-15','A','2023-07-15 04:24:44',NULL),(33,'Purple','2023-06-19','P','2023-06-19 04:04:59',NULL),(33,'Purple','2023-06-20','P','2023-06-20 03:27:39',NULL),(33,'Purple','2023-06-21','P','2023-06-21 04:22:14',NULL),(33,'Purple','2023-06-22','P','2023-06-22 05:14:31',NULL),(33,'Purple','2023-06-23','P','2023-06-23 03:47:59',NULL),(33,'Purple','2023-07-12','P','2023-07-12 03:26:37',NULL),(33,'Purple','2023-07-13','P','2023-07-13 03:44:13',NULL),(33,'Purple','2023-07-14','P','2023-07-14 03:30:20',NULL),(33,'Purple','2023-07-15','P','2023-07-15 06:14:28',NULL),(34,'1','2023-06-19','P','2023-06-19 04:07:19',NULL),(34,'1','2023-06-20','P','2023-06-20 03:26:28',NULL),(34,'1','2023-06-21','P','2023-06-21 04:21:30',NULL),(34,'1','2023-06-22','P','2023-06-22 05:11:22',NULL),(34,'1','2023-06-23','P','2023-06-23 03:45:05',NULL),(34,'1','2023-07-10','P','2023-07-10 09:09:29',NULL),(34,'1','2023-07-12','P','2023-07-12 03:29:36',NULL),(34,'1','2023-07-13','P','2023-07-13 03:53:09',NULL),(34,'1','2023-07-14','P','2023-07-14 03:36:43',NULL),(34,'2A','2023-07-15','P','2023-07-15 04:10:07',NULL),(35,'1','2023-07-15','P','2023-07-15 06:17:08',NULL),(35,'Orange','2023-06-19','A','2023-06-19 04:01:13',NULL),(35,'Orange','2023-06-20','P','2023-06-20 03:29:14',NULL),(35,'Orange','2023-06-21','P','2023-06-21 04:51:50',NULL),(35,'Orange','2023-06-22','P','2023-06-22 05:12:33',NULL),(35,'Orange','2023-06-23','P','2023-06-23 03:50:26',NULL),(35,'Orange','2023-07-10','A','2023-07-10 09:12:54',NULL),(35,'Orange','2023-07-12','P','2023-07-12 03:28:05',NULL),(35,'Orange','2023-07-13','P','2023-07-13 03:39:19',NULL),(35,'Orange','2023-07-14','P','2023-07-14 03:32:56',NULL),(36,'Red','2023-06-19','P','2023-06-19 04:18:31',NULL),(36,'Red','2023-06-20','P','2023-06-20 03:34:46',NULL),(36,'Red','2023-06-21','P','2023-06-21 04:12:42',NULL),(36,'Red','2023-06-22','A','2023-06-22 05:30:10',NULL),(36,'Red','2023-06-23','P','2023-06-23 03:36:00',NULL),(36,'Red','2023-07-10','A','2023-07-10 10:07:06',NULL),(36,'Red','2023-07-12','A','2023-07-12 03:41:19',NULL),(36,'Red','2023-07-13','P','2023-07-13 03:51:01',NULL),(36,'Red','2023-07-14','P','2023-07-14 03:35:28',NULL),(36,'Red','2023-07-15','P','2023-07-15 04:05:53',NULL),(37,'1','2023-07-15','A','2023-07-15 06:17:08',NULL),(37,'Orange','2023-06-19','A','2023-06-19 04:01:13',NULL),(37,'Orange','2023-06-20','P','2023-06-20 03:29:14',NULL),(37,'Orange','2023-06-21','P','2023-06-21 04:51:50',NULL),(37,'Orange','2023-06-22','A','2023-06-22 05:12:33',NULL),(37,'Orange','2023-06-23','P','2023-06-23 03:50:26',NULL),(37,'Orange','2023-07-10','A','2023-07-10 09:12:54',NULL),(37,'Orange','2023-07-12','P','2023-07-12 03:28:05',NULL),(37,'Orange','2023-07-13','P','2023-07-13 03:39:19',NULL),(37,'Orange','2023-07-14','P','2023-07-14 03:32:56',NULL),(38,'1','2023-07-15','P','2023-07-15 06:17:08',NULL),(38,'Orange','2023-06-19','P','2023-06-19 04:01:13',NULL),(38,'Orange','2023-06-20','P','2023-06-20 03:29:14',NULL),(38,'Orange','2023-06-21','A','2023-06-21 04:51:50',NULL),(38,'Orange','2023-06-22','P','2023-06-22 05:12:33',NULL),(38,'Orange','2023-06-23','P','2023-06-23 03:50:26',NULL),(38,'Orange','2023-07-10','A','2023-07-10 09:12:54',NULL),(38,'Orange','2023-07-12','A','2023-07-12 03:28:05',NULL),(38,'Orange','2023-07-13','A','2023-07-13 03:39:19',NULL),(38,'Orange','2023-07-14','A','2023-07-14 03:32:56',NULL),(39,'1','2023-07-15','P','2023-07-15 06:17:08',NULL),(39,'Orange','2023-06-19','A','2023-06-19 04:01:13',NULL),(39,'Orange','2023-06-20','P','2023-06-20 03:29:14',NULL),(39,'Orange','2023-06-21','P','2023-06-21 04:51:50',NULL),(39,'Orange','2023-06-22','P','2023-06-22 05:12:33',NULL),(39,'Orange','2023-06-23','P','2023-06-23 03:50:26',NULL),(39,'Orange','2023-07-10','A','2023-07-10 09:12:54',NULL),(39,'Orange','2023-07-12','P','2023-07-12 03:28:05',NULL),(39,'Orange','2023-07-13','P','2023-07-13 03:39:19',NULL),(39,'Orange','2023-07-14','P','2023-07-14 03:32:56',NULL),(40,'1','2023-07-15','A','2023-07-15 06:17:08',NULL),(40,'Orange','2023-06-19','A','2023-06-19 04:01:13',NULL),(40,'Orange','2023-06-20','P','2023-06-20 03:29:14',NULL),(40,'Orange','2023-06-21','P','2023-06-21 04:51:50',NULL),(40,'Orange','2023-06-22','P','2023-06-22 05:12:33',NULL),(40,'Orange','2023-06-23','P','2023-06-23 03:50:26',NULL),(40,'Orange','2023-07-10','P','2023-07-10 09:12:54',NULL),(40,'Orange','2023-07-12','P','2023-07-12 03:28:05',NULL),(40,'Orange','2023-07-13','P','2023-07-13 03:39:19',NULL),(40,'Orange','2023-07-14','A','2023-07-14 03:32:56',NULL),(41,'1','2023-07-15','P','2023-07-15 06:17:08',NULL),(41,'Orange','2023-06-19','P','2023-06-19 04:01:13',NULL),(41,'Orange','2023-06-20','P','2023-06-20 03:29:14',NULL),(41,'Orange','2023-06-21','P','2023-06-21 04:51:50',NULL),(41,'Orange','2023-06-22','P','2023-06-22 05:12:33',NULL),(41,'Orange','2023-06-23','P','2023-06-23 03:50:26',NULL),(41,'Orange','2023-07-10','P','2023-07-10 09:12:54',NULL),(41,'Orange','2023-07-12','P','2023-07-12 03:28:05',NULL),(41,'Orange','2023-07-13','P','2023-07-13 03:39:19',NULL),(41,'Orange','2023-07-14','P','2023-07-14 03:32:56',NULL),(42,'1','2023-07-15','P','2023-07-15 06:17:08',NULL),(42,'Orange','2023-06-19','P','2023-06-19 04:01:13',NULL),(42,'Orange','2023-06-20','P','2023-06-20 03:29:14',NULL),(42,'Orange','2023-06-21','P','2023-06-21 04:51:50',NULL),(42,'Orange','2023-06-22','P','2023-06-22 05:12:33',NULL),(42,'Orange','2023-06-23','P','2023-06-23 03:50:26',NULL),(42,'Orange','2023-07-10','P','2023-07-10 09:12:54',NULL),(42,'Orange','2023-07-12','P','2023-07-12 03:28:05',NULL),(42,'Orange','2023-07-13','P','2023-07-13 03:39:19',NULL),(42,'Orange','2023-07-14','P','2023-07-14 03:32:56',NULL),(43,'1','2023-07-15','P','2023-07-15 06:17:08',NULL),(43,'Orange','2023-06-19','P','2023-06-19 04:01:13',NULL),(43,'Orange','2023-06-20','P','2023-06-20 03:29:14',NULL),(43,'Orange','2023-06-21','P','2023-06-21 04:51:50',NULL),(43,'Orange','2023-06-22','P','2023-06-22 05:12:33',NULL),(43,'Orange','2023-06-23','A','2023-06-23 03:50:26',NULL),(43,'Orange','2023-07-10','A','2023-07-10 09:12:54',NULL),(43,'Orange','2023-07-12','P','2023-07-12 03:28:05',NULL),(43,'Orange','2023-07-13','P','2023-07-13 03:39:19',NULL),(43,'Orange','2023-07-14','P','2023-07-14 03:32:56',NULL),(44,'1','2023-06-19','P','2023-06-19 04:07:19',NULL),(44,'1','2023-06-20','P','2023-06-20 03:26:28',NULL),(44,'1','2023-06-21','P','2023-06-21 04:21:30',NULL),(44,'1','2023-06-22','P','2023-06-22 05:11:22',NULL),(44,'1','2023-06-23','P','2023-06-23 03:45:05',NULL),(44,'1','2023-07-10','P','2023-07-10 09:09:29',NULL),(44,'1','2023-07-12','P','2023-07-12 03:29:36',NULL),(44,'1','2023-07-13','P','2023-07-13 03:53:09',NULL),(44,'1','2023-07-14','P','2023-07-14 03:36:43',NULL),(44,'2A','2023-07-15','P','2023-07-15 04:10:07',NULL),(45,'1','2023-07-15','P','2023-07-15 06:17:08',NULL),(45,'Orange','2023-06-19','P','2023-06-19 04:01:13',NULL),(45,'Orange','2023-06-20','P','2023-06-20 03:29:14',NULL),(45,'Orange','2023-06-21','P','2023-06-21 04:51:50',NULL),(45,'Orange','2023-06-22','P','2023-06-22 05:12:33',NULL),(45,'Orange','2023-06-23','P','2023-06-23 03:50:26',NULL),(45,'Orange','2023-07-10','P','2023-07-10 09:12:54',NULL),(45,'Orange','2023-07-12','P','2023-07-12 03:28:05',NULL),(45,'Orange','2023-07-13','P','2023-07-13 03:39:19',NULL),(45,'Orange','2023-07-14','P','2023-07-14 03:32:56',NULL),(46,'1','2023-07-15','P','2023-07-15 06:17:08',NULL),(46,'Orange','2023-06-19','P','2023-06-19 04:01:13',NULL),(46,'Orange','2023-06-20','P','2023-06-20 03:29:14',NULL),(46,'Orange','2023-06-21','P','2023-06-21 04:51:50',NULL),(46,'Orange','2023-06-22','P','2023-06-22 05:12:33',NULL),(46,'Orange','2023-06-23','P','2023-06-23 03:50:26',NULL),(46,'Orange','2023-07-10','P','2023-07-10 09:12:54',NULL),(46,'Orange','2023-07-12','P','2023-07-12 03:28:05',NULL),(46,'Orange','2023-07-13','P','2023-07-13 03:39:19',NULL),(46,'Orange','2023-07-14','P','2023-07-14 03:32:56',NULL),(47,'1','2023-07-15','P','2023-07-15 06:17:08',NULL),(47,'Orange','2023-06-19','P','2023-06-19 04:01:13',NULL),(47,'Orange','2023-06-20','P','2023-06-20 03:29:14',NULL),(47,'Orange','2023-06-21','P','2023-06-21 04:51:50',NULL),(47,'Orange','2023-06-22','P','2023-06-22 05:12:33',NULL),(47,'Orange','2023-06-23','P','2023-06-23 03:50:26',NULL),(47,'Orange','2023-07-10','P','2023-07-10 09:12:54',NULL),(47,'Orange','2023-07-12','P','2023-07-12 03:28:05',NULL),(47,'Orange','2023-07-13','P','2023-07-13 03:39:19',NULL),(47,'Orange','2023-07-14','P','2023-07-14 03:32:56',NULL),(48,'1','2023-07-15','P','2023-07-15 06:17:08',NULL),(48,'Orange','2023-06-19','P','2023-06-19 04:01:13',NULL),(48,'Orange','2023-06-20','P','2023-06-20 03:29:14',NULL),(48,'Orange','2023-06-21','P','2023-06-21 04:51:50',NULL),(48,'Orange','2023-06-22','P','2023-06-22 05:12:33',NULL),(48,'Orange','2023-06-23','A','2023-06-23 03:50:26',NULL),(48,'Orange','2023-07-10','P','2023-07-10 09:12:54',NULL),(48,'Orange','2023-07-12','P','2023-07-12 03:28:05',NULL),(48,'Orange','2023-07-13','P','2023-07-13 03:39:19',NULL),(48,'Orange','2023-07-14','P','2023-07-14 03:32:56',NULL),(49,'1','2023-06-19','P','2023-06-19 04:07:19',NULL),(49,'1','2023-06-20','P','2023-06-20 03:26:28',NULL),(49,'1','2023-06-21','P','2023-06-21 04:21:30',NULL),(49,'1','2023-06-22','P','2023-06-22 05:11:22',NULL),(49,'1','2023-06-23','P','2023-06-23 03:45:05',NULL),(49,'1','2023-07-10','P','2023-07-10 09:09:29',NULL),(49,'1','2023-07-12','P','2023-07-12 03:29:36',NULL),(49,'1','2023-07-13','P','2023-07-13 03:53:09',NULL),(49,'1','2023-07-14','P','2023-07-14 03:36:43',NULL),(49,'2A','2023-07-15','A','2023-07-15 04:10:07',NULL),(50,'1','2023-07-15','P','2023-07-15 06:17:08',NULL),(50,'Orange','2023-06-19','A','2023-06-19 04:01:13',NULL),(50,'Orange','2023-06-20','P','2023-06-20 03:29:14',NULL),(50,'Orange','2023-06-21','P','2023-06-21 04:51:50',NULL),(50,'Orange','2023-06-22','P','2023-06-22 05:12:33',NULL),(50,'Orange','2023-06-23','P','2023-06-23 03:50:26',NULL),(50,'Orange','2023-07-10','A','2023-07-10 09:12:54',NULL),(50,'Orange','2023-07-12','P','2023-07-12 03:28:05',NULL),(50,'Orange','2023-07-13','P','2023-07-13 03:39:19',NULL),(50,'Orange','2023-07-14','P','2023-07-14 03:32:56',NULL),(51,'1','2023-07-15','P','2023-07-15 06:17:08',NULL),(51,'Orange','2023-06-19','A','2023-06-19 04:01:13',NULL),(51,'Orange','2023-06-20','P','2023-06-20 03:29:14',NULL),(51,'Orange','2023-06-21','P','2023-06-21 04:51:50',NULL),(51,'Orange','2023-06-22','P','2023-06-22 05:12:33',NULL),(51,'Orange','2023-06-23','P','2023-06-23 03:50:26',NULL),(51,'Orange','2023-07-10','A','2023-07-10 09:12:54',NULL),(51,'Orange','2023-07-12','P','2023-07-12 03:28:05',NULL),(51,'Orange','2023-07-13','P','2023-07-13 03:39:19',NULL),(51,'Orange','2023-07-14','P','2023-07-14 03:32:56',NULL),(52,'Red','2023-06-19','P','2023-06-19 04:18:31',NULL),(52,'Red','2023-06-20','P','2023-06-20 03:34:46',NULL),(52,'Red','2023-06-21','P','2023-06-21 04:12:42',NULL),(52,'Red','2023-06-22','P','2023-06-22 05:30:10',NULL),(52,'Red','2023-06-23','P','2023-06-23 03:36:00',NULL),(52,'Red','2023-07-10','A','2023-07-10 10:07:06',NULL),(52,'Red','2023-07-12','P','2023-07-12 03:41:19',NULL),(52,'Red','2023-07-13','P','2023-07-13 03:51:01',NULL),(52,'Red','2023-07-14','P','2023-07-14 03:35:28',NULL),(52,'Red','2023-07-15','P','2023-07-15 04:05:53',NULL),(53,'Red','2023-06-19','P','2023-06-19 04:18:31',NULL),(53,'Red','2023-06-20','P','2023-06-20 03:34:46',NULL),(53,'Red','2023-06-21','P','2023-06-21 04:12:42',NULL),(53,'Red','2023-06-22','P','2023-06-22 05:30:10',NULL),(53,'Red','2023-06-23','P','2023-06-23 03:36:00',NULL),(53,'Red','2023-07-10','A','2023-07-10 10:07:06',NULL),(53,'Red','2023-07-12','P','2023-07-12 03:41:19',NULL),(53,'Red','2023-07-13','A','2023-07-13 03:51:01',NULL),(53,'Red','2023-07-14','P','2023-07-14 03:35:28',NULL),(53,'Red','2023-07-15','P','2023-07-15 04:05:53',NULL),(54,'1','2023-07-15','P','2023-07-15 06:17:08',NULL),(54,'Orange','2023-06-19','P','2023-06-19 04:01:13',NULL),(54,'Orange','2023-06-20','P','2023-06-20 03:29:14',NULL),(54,'Orange','2023-06-21','P','2023-06-21 04:51:50',NULL),(54,'Orange','2023-06-22','A','2023-06-22 05:12:33',NULL),(54,'Orange','2023-06-23','P','2023-06-23 03:50:26',NULL),(54,'Orange','2023-07-10','P','2023-07-10 09:12:54',NULL),(54,'Orange','2023-07-12','P','2023-07-12 03:28:05',NULL),(54,'Orange','2023-07-13','P','2023-07-13 03:39:19',NULL),(54,'Orange','2023-07-14','P','2023-07-14 03:32:56',NULL),(55,'Green','2023-06-14','P','2023-06-14 03:46:00',NULL),(55,'Green','2023-06-19','P','2023-06-19 03:58:34',NULL),(55,'Green','2023-06-20','P','2023-06-20 03:36:14',NULL),(55,'Green','2023-06-21','P','2023-06-21 04:20:43',NULL),(55,'Green','2023-06-22','A','2023-06-22 05:27:33',NULL),(55,'Green','2023-06-23','P','2023-06-23 03:37:22',NULL),(55,'Green','2023-07-10','P','2023-07-10 10:15:42',NULL),(55,'Green','2023-07-12','P','2023-07-12 03:33:43',NULL),(55,'Green','2023-07-13','P','2023-07-13 03:56:04',NULL),(55,'Green','2023-07-14','P','2023-07-14 03:42:17',NULL),(55,'Green','2023-07-15','P','2023-07-15 04:24:44',NULL),(56,'Red','2023-06-19','P','2023-06-19 04:18:31',NULL),(56,'Red','2023-06-20','P','2023-06-20 03:34:46',NULL),(56,'Red','2023-06-21','P','2023-06-21 04:12:42',NULL),(56,'Red','2023-06-22','P','2023-06-22 05:30:10',NULL),(56,'Red','2023-06-23','P','2023-06-23 03:36:00',NULL),(56,'Red','2023-07-10','A','2023-07-10 10:07:06',NULL),(56,'Red','2023-07-12','P','2023-07-12 03:41:19',NULL),(56,'Red','2023-07-13','P','2023-07-13 03:51:01',NULL),(56,'Red','2023-07-14','A','2023-07-14 03:35:28',NULL),(56,'Red','2023-07-15','P','2023-07-15 04:05:53',NULL),(57,'Red','2023-06-19','A','2023-06-19 04:18:31',NULL),(57,'Red','2023-06-20','P','2023-06-20 03:34:46',NULL),(57,'Red','2023-06-21','P','2023-06-21 04:12:42',NULL),(57,'Red','2023-06-22','A','2023-06-22 05:30:10',NULL),(57,'Red','2023-06-23','P','2023-06-23 03:36:00',NULL),(57,'Red','2023-07-10','P','2023-07-10 10:07:06',NULL),(57,'Red','2023-07-12','P','2023-07-12 03:41:19',NULL),(57,'Red','2023-07-13','A','2023-07-13 03:51:01',NULL),(57,'Red','2023-07-14','P','2023-07-14 03:35:28',NULL),(57,'Red','2023-07-15','P','2023-07-15 04:05:53',NULL),(58,'1','2023-07-15','P','2023-07-15 06:17:08',NULL),(58,'Orange','2023-06-19','P','2023-06-19 04:01:13',NULL),(58,'Orange','2023-06-20','P','2023-06-20 03:29:14',NULL),(58,'Orange','2023-06-21','P','2023-06-21 04:51:50',NULL),(58,'Orange','2023-06-22','P','2023-06-22 05:12:33',NULL),(58,'Orange','2023-06-23','P','2023-06-23 03:50:26',NULL),(58,'Orange','2023-07-10','A','2023-07-10 09:12:54',NULL),(58,'Orange','2023-07-12','P','2023-07-12 03:28:05',NULL),(58,'Orange','2023-07-13','P','2023-07-13 03:39:19',NULL),(58,'Orange','2023-07-14','P','2023-07-14 03:32:56',NULL),(60,'Red','2023-06-19','P','2023-06-19 04:18:31',NULL),(60,'Red','2023-06-20','A','2023-06-20 03:34:46',NULL),(60,'Red','2023-06-21','A','2023-06-21 04:12:42',NULL),(60,'Red','2023-06-22','P','2023-06-22 05:30:10',NULL),(60,'Red','2023-06-23','P','2023-06-23 03:36:00',NULL),(60,'Red','2023-07-10','A','2023-07-10 10:07:06',NULL),(60,'Red','2023-07-12','P','2023-07-12 03:41:19',NULL),(60,'Red','2023-07-13','P','2023-07-13 03:51:01',NULL),(60,'Red','2023-07-14','P','2023-07-14 03:35:28',NULL),(60,'Red','2023-07-15','P','2023-07-15 04:05:53',NULL),(61,'Green','2023-06-14','P','2023-06-14 03:46:00',NULL),(61,'Green','2023-06-19','P','2023-06-19 03:58:34',NULL),(61,'Green','2023-06-20','A','2023-06-20 03:36:14',NULL),(61,'Green','2023-06-21','P','2023-06-21 04:20:43',NULL),(61,'Green','2023-06-22','A','2023-06-22 05:27:33',NULL),(61,'Green','2023-06-23','P','2023-06-23 03:37:22',NULL),(61,'Green','2023-07-10','A','2023-07-10 10:15:42',NULL),(61,'Green','2023-07-12','A','2023-07-12 03:33:43',NULL),(61,'Green','2023-07-13','P','2023-07-13 03:56:04',NULL),(61,'Green','2023-07-14','A','2023-07-14 03:42:17',NULL),(61,'Green','2023-07-15','A','2023-07-15 04:24:44',NULL),(62,'Green','2023-06-14','A','2023-06-14 03:46:00',NULL),(62,'Green','2023-06-19','A','2023-06-19 03:58:34',NULL),(62,'Green','2023-06-20','P','2023-06-20 03:36:14',NULL),(62,'Green','2023-06-21','P','2023-06-21 04:20:43',NULL),(62,'Green','2023-06-22','P','2023-06-22 05:27:33',NULL),(62,'Green','2023-06-23','A','2023-06-23 03:37:22',NULL),(62,'Green','2023-07-10','A','2023-07-10 10:15:42',NULL),(62,'Green','2023-07-12','P','2023-07-12 03:33:43',NULL),(62,'Green','2023-07-13','P','2023-07-13 03:56:04',NULL),(62,'Green','2023-07-14','A','2023-07-14 03:42:17',NULL),(62,'Green','2023-07-15','P','2023-07-15 04:24:44',NULL),(63,'Purple','2023-06-19','P','2023-06-19 04:04:59',NULL),(63,'Purple','2023-06-20','P','2023-06-20 03:27:39',NULL),(63,'Purple','2023-06-21','P','2023-06-21 04:22:14',NULL),(63,'Purple','2023-06-22','P','2023-06-22 05:14:31',NULL),(63,'Purple','2023-06-23','P','2023-06-23 03:47:59',NULL),(63,'Purple','2023-07-12','P','2023-07-12 03:26:37',NULL),(63,'Purple','2023-07-13','P','2023-07-13 03:44:13',NULL),(63,'Purple','2023-07-14','P','2023-07-14 03:30:20',NULL),(63,'Purple','2023-07-15','P','2023-07-15 06:14:28',NULL),(64,'Green','2023-06-14','P','2023-06-14 03:46:00',NULL),(64,'Green','2023-06-19','P','2023-06-19 03:58:34',NULL),(64,'Green','2023-06-20','P','2023-06-20 03:36:14',NULL),(64,'Green','2023-06-21','P','2023-06-21 04:20:43',NULL),(64,'Green','2023-06-22','P','2023-06-22 05:27:33',NULL),(64,'Green','2023-06-23','P','2023-06-23 03:37:22',NULL),(64,'Green','2023-07-10','P','2023-07-10 10:15:42',NULL),(64,'Green','2023-07-12','P','2023-07-12 03:33:43',NULL),(64,'Green','2023-07-13','P','2023-07-13 03:56:04',NULL),(64,'Green','2023-07-14','P','2023-07-14 03:42:17',NULL),(64,'Green','2023-07-15','P','2023-07-15 04:24:44',NULL),(65,'Red','2023-06-19','P','2023-06-19 04:18:31',NULL),(65,'Red','2023-06-20','P','2023-06-20 03:34:46',NULL),(65,'Red','2023-06-21','P','2023-06-21 04:12:42',NULL),(65,'Red','2023-06-22','P','2023-06-22 05:30:10',NULL),(65,'Red','2023-06-23','A','2023-06-23 03:36:00',NULL),(65,'Red','2023-07-10','P','2023-07-10 10:07:06',NULL),(65,'Red','2023-07-12','P','2023-07-12 03:41:19',NULL),(65,'Red','2023-07-13','P','2023-07-13 03:51:01',NULL),(65,'Red','2023-07-14','P','2023-07-14 03:35:28',NULL),(65,'Red','2023-07-15','P','2023-07-15 04:05:53',NULL),(66,'Red','2023-06-19','P','2023-06-19 04:18:31',NULL),(66,'Red','2023-06-20','P','2023-06-20 03:34:46',NULL),(66,'Red','2023-06-21','P','2023-06-21 04:12:42',NULL),(66,'Red','2023-06-22','P','2023-06-22 05:30:10',NULL),(66,'Red','2023-06-23','P','2023-06-23 03:36:00',NULL),(66,'Red','2023-07-10','P','2023-07-10 10:07:06',NULL),(66,'Red','2023-07-12','P','2023-07-12 03:41:19',NULL),(66,'Red','2023-07-13','P','2023-07-13 03:51:01',NULL),(66,'Red','2023-07-14','P','2023-07-14 03:35:28',NULL),(66,'Red','2023-07-15','P','2023-07-15 04:05:53',NULL),(67,'Purple','2023-06-19','P','2023-06-19 04:04:59',NULL),(67,'Purple','2023-06-20','P','2023-06-20 03:27:39',NULL),(67,'Purple','2023-06-21','P','2023-06-21 04:22:14',NULL),(67,'Purple','2023-06-22','P','2023-06-22 05:14:31',NULL),(67,'Purple','2023-06-23','P','2023-06-23 03:47:59',NULL),(67,'Purple','2023-07-12','P','2023-07-12 03:26:37',NULL),(67,'Purple','2023-07-13','P','2023-07-13 03:44:13',NULL),(67,'Purple','2023-07-14','A','2023-07-14 03:30:20',NULL),(67,'Purple','2023-07-15','P','2023-07-15 06:14:28',NULL),(68,'Purple','2023-06-19','P','2023-06-19 04:04:59',NULL),(68,'Purple','2023-06-20','P','2023-06-20 03:27:39',NULL),(68,'Purple','2023-06-21','P','2023-06-21 04:22:14',NULL),(68,'Purple','2023-06-22','P','2023-06-22 05:14:31',NULL),(68,'Purple','2023-06-23','P','2023-06-23 03:47:59',NULL),(68,'Purple','2023-07-12','P','2023-07-12 03:26:37',NULL),(68,'Purple','2023-07-13','P','2023-07-13 03:44:13',NULL),(68,'Purple','2023-07-14','P','2023-07-14 03:30:20',NULL),(68,'Purple','2023-07-15','P','2023-07-15 06:14:28',NULL),(69,'Red','2023-06-19','P','2023-06-19 04:18:31',NULL),(69,'Red','2023-06-20','P','2023-06-20 03:34:46',NULL),(69,'Red','2023-06-21','P','2023-06-21 04:12:42',NULL),(69,'Red','2023-06-22','P','2023-06-22 05:30:10',NULL),(69,'Red','2023-06-23','P','2023-06-23 03:36:00',NULL),(69,'Red','2023-07-10','P','2023-07-10 10:07:06',NULL),(69,'Red','2023-07-12','P','2023-07-12 03:41:19',NULL),(69,'Red','2023-07-13','P','2023-07-13 03:51:01',NULL),(69,'Red','2023-07-14','A','2023-07-14 03:35:28',NULL),(69,'Red','2023-07-15','P','2023-07-15 04:05:53',NULL),(70,'1','2023-07-15','P','2023-07-15 06:17:08',NULL),(70,'Orange','2023-06-19','P','2023-06-19 04:01:13',NULL),(70,'Orange','2023-06-20','P','2023-06-20 03:29:14',NULL),(70,'Orange','2023-06-21','P','2023-06-21 04:51:50',NULL),(70,'Orange','2023-06-22','P','2023-06-22 05:12:33',NULL),(70,'Orange','2023-06-23','P','2023-06-23 03:50:26',NULL),(70,'Orange','2023-07-10','P','2023-07-10 09:12:54',NULL),(70,'Orange','2023-07-12','P','2023-07-12 03:28:05',NULL),(70,'Orange','2023-07-13','P','2023-07-13 03:39:19',NULL),(70,'Orange','2023-07-14','P','2023-07-14 03:32:56',NULL),(71,'Purple','2023-06-19','P','2023-06-19 04:04:59',NULL),(71,'Purple','2023-06-20','P','2023-06-20 03:27:39',NULL),(71,'Purple','2023-06-21','P','2023-06-21 04:22:14',NULL),(71,'Purple','2023-06-22','P','2023-06-22 05:14:31',NULL),(71,'Purple','2023-06-23','P','2023-06-23 03:47:59',NULL),(71,'Purple','2023-07-12','P','2023-07-12 03:26:37',NULL),(71,'Purple','2023-07-13','P','2023-07-13 03:44:13',NULL),(71,'Purple','2023-07-14','P','2023-07-14 03:30:20',NULL),(71,'Purple','2023-07-15','P','2023-07-15 06:14:28',NULL),(72,'Red','2023-06-19','A','2023-06-19 04:18:31',NULL),(72,'Red','2023-06-20','P','2023-06-20 03:34:46',NULL),(72,'Red','2023-06-21','P','2023-06-21 04:12:42',NULL),(72,'Red','2023-06-22','P','2023-06-22 05:30:10',NULL),(72,'Red','2023-06-23','P','2023-06-23 03:36:00',NULL),(72,'Red','2023-07-10','P','2023-07-10 10:07:06',NULL),(72,'Red','2023-07-12','P','2023-07-12 03:41:19',NULL),(72,'Red','2023-07-13','P','2023-07-13 03:51:01',NULL),(72,'Red','2023-07-14','P','2023-07-14 03:35:28',NULL),(72,'Red','2023-07-15','P','2023-07-15 04:05:53',NULL),(73,'Red','2023-06-19','P','2023-06-19 04:18:31',NULL),(73,'Red','2023-06-20','P','2023-06-20 03:34:46',NULL),(73,'Red','2023-06-21','P','2023-06-21 04:12:42',NULL),(73,'Red','2023-06-22','P','2023-06-22 05:30:10',NULL),(73,'Red','2023-06-23','P','2023-06-23 03:36:00',NULL),(73,'Red','2023-07-10','A','2023-07-10 10:07:06',NULL),(73,'Red','2023-07-12','A','2023-07-12 03:41:19',NULL),(73,'Red','2023-07-13','A','2023-07-13 03:51:01',NULL),(73,'Red','2023-07-14','A','2023-07-14 03:35:28',NULL),(73,'Red','2023-07-15','A','2023-07-15 04:05:53',NULL),(74,'Purple','2023-06-19','A','2023-06-19 04:04:59',NULL),(74,'Purple','2023-06-20','P','2023-06-20 03:27:39',NULL),(74,'Purple','2023-06-21','P','2023-06-21 04:22:14',NULL),(74,'Purple','2023-06-22','P','2023-06-22 05:14:31',NULL),(74,'Purple','2023-06-23','P','2023-06-23 03:47:59',NULL),(74,'Purple','2023-07-12','P','2023-07-12 03:26:37',NULL),(74,'Purple','2023-07-13','P','2023-07-13 03:44:13',NULL),(74,'Purple','2023-07-14','P','2023-07-14 03:30:20',NULL),(74,'Purple','2023-07-15','P','2023-07-15 06:14:28',NULL),(75,'Purple','2023-06-19','P','2023-06-19 04:04:59',NULL),(75,'Purple','2023-06-20','P','2023-06-20 03:27:39',NULL),(75,'Purple','2023-06-21','P','2023-06-21 04:22:14',NULL),(75,'Purple','2023-06-22','P','2023-06-22 05:14:31',NULL),(75,'Purple','2023-06-23','P','2023-06-23 03:47:59',NULL),(75,'Purple','2023-07-12','P','2023-07-12 03:26:37',NULL),(75,'Purple','2023-07-13','P','2023-07-13 03:44:13',NULL),(75,'Purple','2023-07-14','P','2023-07-14 03:30:20',NULL),(75,'Purple','2023-07-15','P','2023-07-15 06:14:28',NULL),(76,'Red','2023-06-19','P','2023-06-19 04:18:31',NULL),(76,'Red','2023-06-20','P','2023-06-20 03:34:46',NULL),(76,'Red','2023-06-21','P','2023-06-21 04:12:42',NULL),(76,'Red','2023-06-22','P','2023-06-22 05:30:10',NULL),(76,'Red','2023-06-23','P','2023-06-23 03:36:00',NULL),(76,'Red','2023-07-10','P','2023-07-10 10:07:06',NULL),(76,'Red','2023-07-12','P','2023-07-12 03:41:19',NULL),(76,'Red','2023-07-13','P','2023-07-13 03:51:01',NULL),(76,'Red','2023-07-14','P','2023-07-14 03:35:28',NULL),(76,'Red','2023-07-15','P','2023-07-15 04:05:53',NULL),(77,'Purple','2023-06-19','P','2023-06-19 04:04:59',NULL),(77,'Purple','2023-06-20','P','2023-06-20 03:27:39',NULL),(77,'Purple','2023-06-21','P','2023-06-21 04:22:14',NULL),(77,'Purple','2023-06-22','P','2023-06-22 05:14:31',NULL),(77,'Purple','2023-06-23','P','2023-06-23 03:47:59',NULL),(77,'Purple','2023-07-12','P','2023-07-12 03:26:37',NULL),(77,'Purple','2023-07-13','P','2023-07-13 03:44:13',NULL),(77,'Purple','2023-07-14','P','2023-07-14 03:30:20',NULL),(77,'Purple','2023-07-15','P','2023-07-15 06:14:28',NULL),(78,'Purple','2023-06-19','P','2023-06-19 04:04:59',NULL),(78,'Purple','2023-06-20','P','2023-06-20 03:27:39',NULL),(78,'Purple','2023-06-21','P','2023-06-21 04:22:14',NULL),(78,'Purple','2023-06-22','P','2023-06-22 05:14:31',NULL),(78,'Purple','2023-06-23','P','2023-06-23 03:47:59',NULL),(78,'Purple','2023-07-12','P','2023-07-12 03:26:37',NULL),(78,'Purple','2023-07-13','P','2023-07-13 03:44:13',NULL),(78,'Purple','2023-07-14','A','2023-07-14 03:30:20',NULL),(78,'Purple','2023-07-15','P','2023-07-15 06:14:28',NULL),(79,'Purple','2023-06-19','P','2023-06-19 04:04:59',NULL),(79,'Purple','2023-06-20','P','2023-06-20 03:27:39',NULL),(79,'Purple','2023-06-21','P','2023-06-21 04:22:14',NULL),(79,'Purple','2023-06-22','P','2023-06-22 05:14:31',NULL),(79,'Purple','2023-06-23','P','2023-06-23 03:47:59',NULL),(79,'Purple','2023-07-12','P','2023-07-12 03:26:37',NULL),(79,'Purple','2023-07-13','P','2023-07-13 03:44:13',NULL),(79,'Purple','2023-07-14','P','2023-07-14 03:30:20',NULL),(79,'Purple','2023-07-15','P','2023-07-15 06:14:28',NULL),(80,'Green','2023-06-14','P','2023-06-14 03:46:00',NULL),(80,'Green','2023-06-19','A','2023-06-19 03:58:34',NULL),(80,'Green','2023-06-20','P','2023-06-20 03:36:14',NULL),(80,'Green','2023-06-21','P','2023-06-21 04:20:43',NULL),(80,'Green','2023-06-22','P','2023-06-22 05:27:33',NULL),(80,'Green','2023-06-23','P','2023-06-23 03:37:22',NULL),(80,'Green','2023-07-10','P','2023-07-10 10:15:42',NULL),(80,'Green','2023-07-12','P','2023-07-12 03:33:43',NULL),(80,'Green','2023-07-13','P','2023-07-13 03:56:04',NULL),(80,'Green','2023-07-14','P','2023-07-14 03:42:17',NULL),(80,'Green','2023-07-15','P','2023-07-15 04:24:44',NULL),(81,'1','2023-06-19','A','2023-06-19 04:07:19',NULL),(81,'1','2023-06-20','P','2023-06-20 03:26:28',NULL),(81,'1','2023-06-21','A','2023-06-21 04:21:30',NULL),(81,'1','2023-06-22','A','2023-06-22 05:11:22',NULL),(81,'1','2023-06-23','P','2023-06-23 03:45:05',NULL),(81,'1','2023-07-10','P','2023-07-10 09:09:29',NULL),(81,'1','2023-07-12','P','2023-07-12 03:29:36',NULL),(81,'1','2023-07-13','P','2023-07-13 03:53:09',NULL),(81,'1','2023-07-14','P','2023-07-14 03:36:43',NULL),(81,'2A','2023-07-15','P','2023-07-15 04:10:07',NULL),(82,'Purple','2023-06-19','P','2023-06-19 04:04:59',NULL),(82,'Purple','2023-06-20','P','2023-06-20 03:27:39',NULL),(82,'Purple','2023-06-21','P','2023-06-21 04:22:14',NULL),(82,'Purple','2023-06-22','P','2023-06-22 05:14:31',NULL),(82,'Purple','2023-06-23','P','2023-06-23 03:47:59',NULL),(82,'Purple','2023-07-12','P','2023-07-12 03:26:37',NULL),(82,'Purple','2023-07-13','P','2023-07-13 03:44:13',NULL),(82,'Purple','2023-07-14','P','2023-07-14 03:30:20',NULL),(82,'Purple','2023-07-15','A','2023-07-15 06:14:28',NULL),(83,'Purple','2023-06-19','P','2023-06-19 04:04:59',NULL),(83,'Purple','2023-06-20','P','2023-06-20 03:27:39',NULL),(83,'Purple','2023-06-21','P','2023-06-21 04:22:14',NULL),(83,'Purple','2023-06-22','P','2023-06-22 05:14:31',NULL),(83,'Purple','2023-06-23','P','2023-06-23 03:47:59',NULL),(83,'Purple','2023-07-12','A','2023-07-12 03:26:37',NULL),(83,'Purple','2023-07-13','P','2023-07-13 03:44:13',NULL),(83,'Purple','2023-07-14','P','2023-07-14 03:30:20',NULL),(83,'Purple','2023-07-15','P','2023-07-15 06:14:28',NULL),(84,'1','2023-07-15','P','2023-07-15 06:17:08',NULL),(84,'Orange','2023-06-19','P','2023-06-19 04:01:13',NULL),(84,'Orange','2023-06-20','P','2023-06-20 03:29:14',NULL),(84,'Orange','2023-06-21','P','2023-06-21 04:51:50',NULL),(84,'Orange','2023-06-22','A','2023-06-22 05:12:33',NULL),(84,'Orange','2023-06-23','P','2023-06-23 03:50:26',NULL),(84,'Orange','2023-07-10','P','2023-07-10 09:12:54',NULL),(84,'Orange','2023-07-12','P','2023-07-12 03:28:05',NULL),(84,'Orange','2023-07-13','P','2023-07-13 03:39:19',NULL),(84,'Orange','2023-07-14','P','2023-07-14 03:32:56',NULL),(85,'Purple','2023-06-19','P','2023-06-19 04:04:59',NULL),(85,'Purple','2023-06-20','P','2023-06-20 03:27:39',NULL),(85,'Purple','2023-06-21','P','2023-06-21 04:22:14',NULL),(85,'Purple','2023-06-22','P','2023-06-22 05:14:31',NULL),(85,'Purple','2023-06-23','P','2023-06-23 03:47:59',NULL),(85,'Purple','2023-07-12','P','2023-07-12 03:26:37',NULL),(85,'Purple','2023-07-13','A','2023-07-13 03:44:13',NULL),(85,'Purple','2023-07-14','P','2023-07-14 03:30:20',NULL),(85,'Purple','2023-07-15','P','2023-07-15 06:14:28',NULL),(86,'Red','2023-06-19','P','2023-06-19 04:18:31',NULL),(86,'Red','2023-06-20','P','2023-06-20 03:34:46',NULL),(86,'Red','2023-06-21','P','2023-06-21 04:12:42',NULL),(86,'Red','2023-06-22','P','2023-06-22 05:30:10',NULL),(86,'Red','2023-06-23','P','2023-06-23 03:36:00',NULL),(86,'Red','2023-07-10','P','2023-07-10 10:07:06',NULL),(86,'Red','2023-07-12','P','2023-07-12 03:41:19',NULL),(86,'Red','2023-07-13','P','2023-07-13 03:51:01',NULL),(86,'Red','2023-07-14','P','2023-07-14 03:35:28',NULL),(86,'Red','2023-07-15','P','2023-07-15 04:05:53',NULL),(87,'Purple','2023-06-19','P','2023-06-19 04:04:59',NULL),(87,'Purple','2023-06-20','P','2023-06-20 03:27:39',NULL),(87,'Purple','2023-06-21','P','2023-06-21 04:22:14',NULL),(87,'Purple','2023-06-22','P','2023-06-22 05:14:31',NULL),(87,'Purple','2023-06-23','A','2023-06-23 03:47:59',NULL),(87,'Purple','2023-07-12','P','2023-07-12 03:26:37',NULL),(87,'Purple','2023-07-13','P','2023-07-13 03:44:13',NULL),(87,'Purple','2023-07-14','P','2023-07-14 03:30:20',NULL),(87,'Purple','2023-07-15','P','2023-07-15 06:14:28',NULL),(88,'Purple','2023-06-19','A','2023-06-19 04:04:59',NULL),(88,'Purple','2023-06-20','P','2023-06-20 03:27:39',NULL),(88,'Purple','2023-06-21','P','2023-06-21 04:22:14',NULL),(88,'Purple','2023-06-22','P','2023-06-22 05:14:31',NULL),(88,'Purple','2023-06-23','P','2023-06-23 03:47:59',NULL),(88,'Purple','2023-07-12','A','2023-07-12 03:26:37',NULL),(88,'Purple','2023-07-13','P','2023-07-13 03:44:13',NULL),(88,'Purple','2023-07-14','P','2023-07-14 03:30:20',NULL),(88,'Purple','2023-07-15','P','2023-07-15 06:14:28',NULL),(89,'1','2023-07-15','P','2023-07-15 06:17:08',NULL),(89,'Orange','2023-06-19','P','2023-06-19 04:01:13',NULL),(89,'Orange','2023-06-20','P','2023-06-20 03:29:14',NULL),(89,'Orange','2023-06-21','P','2023-06-21 04:51:50',NULL),(89,'Orange','2023-06-22','P','2023-06-22 05:12:33',NULL),(89,'Orange','2023-06-23','P','2023-06-23 03:50:26',NULL),(89,'Orange','2023-07-10','P','2023-07-10 09:12:54',NULL),(89,'Orange','2023-07-12','P','2023-07-12 03:28:05',NULL),(89,'Orange','2023-07-13','P','2023-07-13 03:39:19',NULL),(89,'Orange','2023-07-14','P','2023-07-14 03:32:56',NULL),(90,'Purple','2023-06-19','P','2023-06-19 04:04:59',NULL),(90,'Purple','2023-06-20','P','2023-06-20 03:27:39',NULL),(90,'Purple','2023-06-21','P','2023-06-21 04:22:14',NULL),(90,'Purple','2023-06-22','P','2023-06-22 05:14:31',NULL),(90,'Purple','2023-06-23','P','2023-06-23 03:47:59',NULL),(90,'Purple','2023-07-12','P','2023-07-12 03:26:37',NULL),(90,'Purple','2023-07-13','P','2023-07-13 03:44:13',NULL),(90,'Purple','2023-07-14','P','2023-07-14 03:30:20',NULL),(90,'Purple','2023-07-15','P','2023-07-15 06:14:28',NULL),(91,'Purple','2023-06-19','P','2023-06-19 04:04:59',NULL),(91,'Purple','2023-06-20','P','2023-06-20 03:27:39',NULL),(91,'Purple','2023-06-21','A','2023-06-21 04:22:14',NULL),(91,'Purple','2023-06-22','A','2023-06-22 05:14:31',NULL),(91,'Purple','2023-06-23','P','2023-06-23 03:47:59',NULL),(91,'Purple','2023-07-12','P','2023-07-12 03:26:37',NULL),(91,'Purple','2023-07-13','P','2023-07-13 03:44:13',NULL),(91,'Purple','2023-07-14','P','2023-07-14 03:30:20',NULL),(91,'Purple','2023-07-15','P','2023-07-15 06:14:28',NULL),(92,'Purple','2023-06-19','P','2023-06-19 04:04:59',NULL),(92,'Purple','2023-06-20','P','2023-06-20 03:27:39',NULL),(92,'Purple','2023-06-21','P','2023-06-21 04:22:14',NULL),(92,'Purple','2023-06-22','P','2023-06-22 05:14:31',NULL),(92,'Purple','2023-06-23','P','2023-06-23 03:47:59',NULL),(92,'Purple','2023-07-12','P','2023-07-12 03:26:37',NULL),(92,'Purple','2023-07-13','P','2023-07-13 03:44:13',NULL),(92,'Purple','2023-07-14','P','2023-07-14 03:30:20',NULL),(92,'Purple','2023-07-15','A','2023-07-15 06:14:28',NULL),(93,'Green','2023-06-14','P','2023-06-14 03:46:00',NULL),(93,'Green','2023-06-19','A','2023-06-19 03:58:34',NULL),(93,'Green','2023-06-20','P','2023-06-20 03:36:14',NULL),(93,'Green','2023-06-21','P','2023-06-21 04:20:43',NULL),(93,'Green','2023-06-22','P','2023-06-22 05:27:33',NULL),(93,'Green','2023-06-23','A','2023-06-23 03:37:22',NULL),(93,'Green','2023-07-10','P','2023-07-10 10:15:42',NULL),(93,'Green','2023-07-12','P','2023-07-12 03:33:43',NULL),(93,'Green','2023-07-13','P','2023-07-13 03:56:04',NULL),(93,'Green','2023-07-14','A','2023-07-14 03:42:17',NULL),(93,'Green','2023-07-15','P','2023-07-15 04:24:44',NULL),(94,'1','2023-07-15','P','2023-07-15 06:17:08',NULL),(94,'Orange','2023-06-19','P','2023-06-19 04:01:13',NULL),(94,'Orange','2023-06-20','P','2023-06-20 03:29:14',NULL),(94,'Orange','2023-06-21','P','2023-06-21 04:51:50',NULL),(94,'Orange','2023-06-22','P','2023-06-22 05:12:33',NULL),(94,'Orange','2023-06-23','P','2023-06-23 03:50:26',NULL),(94,'Orange','2023-07-10','P','2023-07-10 09:12:54',NULL),(94,'Orange','2023-07-12','P','2023-07-12 03:28:05',NULL),(94,'Orange','2023-07-13','P','2023-07-13 03:39:19',NULL),(94,'Orange','2023-07-14','P','2023-07-14 03:32:56',NULL),(95,'Purple','2023-06-19','P','2023-06-19 04:04:59',NULL),(95,'Purple','2023-06-20','P','2023-06-20 03:27:39',NULL),(95,'Purple','2023-06-21','P','2023-06-21 04:22:14',NULL),(95,'Purple','2023-06-22','P','2023-06-22 05:14:31',NULL),(95,'Purple','2023-06-23','P','2023-06-23 03:47:59',NULL),(95,'Purple','2023-07-12','P','2023-07-12 03:26:37',NULL),(95,'Purple','2023-07-13','P','2023-07-13 03:44:13',NULL),(95,'Purple','2023-07-14','P','2023-07-14 03:30:20',NULL),(95,'Purple','2023-07-15','A','2023-07-15 06:14:28',NULL),(96,'Green','2023-06-14','P','2023-06-14 03:46:00',NULL),(96,'Green','2023-06-19','P','2023-06-19 03:58:34',NULL),(96,'Green','2023-06-20','P','2023-06-20 03:36:14',NULL),(96,'Green','2023-06-21','P','2023-06-21 04:20:43',NULL),(96,'Green','2023-06-22','P','2023-06-22 05:27:33',NULL),(96,'Green','2023-06-23','P','2023-06-23 03:37:22',NULL),(96,'Green','2023-07-10','P','2023-07-10 10:15:42',NULL),(96,'Green','2023-07-12','P','2023-07-12 03:33:43',NULL),(96,'Green','2023-07-13','P','2023-07-13 03:56:04',NULL),(96,'Green','2023-07-14','P','2023-07-14 03:42:17',NULL),(96,'Green','2023-07-15','P','2023-07-15 04:24:44',NULL),(97,'Green','2023-06-14','P','2023-06-14 03:46:00',NULL),(97,'Green','2023-06-19','P','2023-06-19 03:58:34',NULL),(97,'Green','2023-06-20','P','2023-06-20 03:36:14',NULL),(97,'Green','2023-06-21','P','2023-06-21 04:20:43',NULL),(97,'Green','2023-06-22','P','2023-06-22 05:27:33',NULL),(97,'Green','2023-06-23','P','2023-06-23 03:37:22',NULL),(97,'Green','2023-07-10','P','2023-07-10 10:15:42',NULL),(97,'Green','2023-07-12','P','2023-07-12 03:33:43',NULL),(97,'Green','2023-07-13','P','2023-07-13 03:56:04',NULL),(97,'Green','2023-07-14','P','2023-07-14 03:42:17',NULL),(97,'Green','2023-07-15','P','2023-07-15 04:24:44',NULL),(98,'Purple','2023-06-19','P','2023-06-19 04:04:59',NULL),(98,'Purple','2023-06-20','P','2023-06-20 03:27:39',NULL),(98,'Purple','2023-06-21','P','2023-06-21 04:22:14',NULL),(98,'Purple','2023-06-22','P','2023-06-22 05:14:31',NULL),(98,'Purple','2023-06-23','P','2023-06-23 03:47:59',NULL),(98,'Purple','2023-07-12','P','2023-07-12 03:26:37',NULL),(98,'Purple','2023-07-13','P','2023-07-13 03:44:13',NULL),(98,'Purple','2023-07-14','P','2023-07-14 03:30:20',NULL),(98,'Purple','2023-07-15','P','2023-07-15 06:14:28',NULL),(99,'Purple','2023-06-19','A','2023-06-19 04:04:59',NULL),(99,'Purple','2023-06-20','A','2023-06-20 03:27:39',NULL),(99,'Purple','2023-06-21','P','2023-06-21 04:22:14',NULL),(99,'Purple','2023-06-22','A','2023-06-22 05:14:31',NULL),(99,'Purple','2023-06-23','A','2023-06-23 03:47:59',NULL),(99,'Purple','2023-07-12','P','2023-07-12 03:26:37','2023-07-12 05:15:17'),(99,'Purple','2023-07-13','P','2023-07-13 03:44:13',NULL),(99,'Purple','2023-07-14','A','2023-07-14 03:30:20',NULL),(99,'Purple','2023-07-15','P','2023-07-15 06:14:28',NULL),(100,'Green','2023-06-14','P','2023-06-14 03:46:00',NULL),(100,'Green','2023-06-19','P','2023-06-19 03:58:34',NULL),(100,'Green','2023-06-20','P','2023-06-20 03:36:14',NULL),(100,'Green','2023-06-21','P','2023-06-21 04:20:43',NULL),(100,'Green','2023-06-22','P','2023-06-22 05:27:33',NULL),(100,'Green','2023-06-23','P','2023-06-23 03:37:22',NULL),(100,'Green','2023-07-10','P','2023-07-10 10:15:42',NULL),(100,'Green','2023-07-12','P','2023-07-12 03:33:43',NULL),(100,'Green','2023-07-13','P','2023-07-13 03:56:04',NULL),(100,'Green','2023-07-14','P','2023-07-14 03:42:17',NULL),(100,'Green','2023-07-15','P','2023-07-15 04:24:44',NULL),(101,'Purple','2023-06-19','A','2023-06-19 04:04:59',NULL),(101,'Purple','2023-06-20','P','2023-06-20 03:27:39',NULL),(101,'Purple','2023-06-21','P','2023-06-21 04:22:14',NULL),(101,'Purple','2023-06-22','P','2023-06-22 05:14:31',NULL),(101,'Purple','2023-06-23','P','2023-06-23 03:47:59',NULL),(101,'Purple','2023-07-12','A','2023-07-12 03:26:37',NULL),(101,'Purple','2023-07-13','P','2023-07-13 03:44:13',NULL),(101,'Purple','2023-07-14','P','2023-07-14 03:30:20',NULL),(101,'Purple','2023-07-15','A','2023-07-15 06:14:28',NULL),(102,'Yellow','2023-06-20','P','2023-06-20 03:36:52',NULL),(102,'Yellow','2023-06-21','P','2023-06-21 04:22:37',NULL),(102,'Yellow','2023-06-23','P','2023-06-23 03:37:47',NULL),(102,'Yellow','2023-07-10','P','2023-07-10 10:16:07',NULL),(102,'Yellow','2023-07-12','P','2023-07-12 03:34:06',NULL),(102,'Yellow','2023-07-13','P','2023-07-13 03:56:28',NULL),(102,'Yellow','2023-07-14','A','2023-07-14 03:42:44',NULL),(102,'Yellow','2023-07-15','A','2023-07-15 04:25:05',NULL),(103,'Red','2023-06-19','P','2023-06-19 04:18:31',NULL),(103,'Red','2023-06-20','P','2023-06-20 03:34:46',NULL),(103,'Red','2023-06-21','P','2023-06-21 04:12:42',NULL),(103,'Red','2023-06-22','A','2023-06-22 05:30:10',NULL),(103,'Red','2023-06-23','P','2023-06-23 03:36:00',NULL),(103,'Red','2023-07-10','A','2023-07-10 10:07:06',NULL),(103,'Red','2023-07-12','P','2023-07-12 03:41:19',NULL),(103,'Red','2023-07-13','P','2023-07-13 03:51:01',NULL),(103,'Red','2023-07-14','P','2023-07-14 03:35:28',NULL),(103,'Red','2023-07-15','P','2023-07-15 04:05:53',NULL),(104,'Red','2023-06-19','P','2023-06-19 04:18:31',NULL),(104,'Red','2023-06-20','P','2023-06-20 03:34:46',NULL),(104,'Red','2023-06-21','P','2023-06-21 04:12:42',NULL),(104,'Red','2023-06-22','P','2023-06-22 05:30:10',NULL),(104,'Red','2023-06-23','P','2023-06-23 03:36:00',NULL),(104,'Red','2023-07-10','A','2023-07-10 10:07:06',NULL),(104,'Red','2023-07-12','P','2023-07-12 03:41:19',NULL),(104,'Red','2023-07-13','P','2023-07-13 03:51:01',NULL),(104,'Red','2023-07-14','P','2023-07-14 03:35:28',NULL),(104,'Red','2023-07-15','P','2023-07-15 04:05:53',NULL),(105,'1','2023-06-19','P','2023-06-19 04:07:19',NULL),(105,'1','2023-06-20','P','2023-06-20 03:26:28',NULL),(105,'1','2023-06-21','P','2023-06-21 04:21:30',NULL),(105,'1','2023-06-22','P','2023-06-22 05:11:22',NULL),(105,'1','2023-06-23','P','2023-06-23 03:45:05',NULL),(105,'1','2023-07-10','P','2023-07-10 09:09:29',NULL),(105,'1','2023-07-12','P','2023-07-12 03:29:36',NULL),(105,'1','2023-07-13','P','2023-07-13 03:53:09',NULL),(105,'1','2023-07-14','P','2023-07-14 03:36:43',NULL),(105,'2A','2023-07-15','P','2023-07-15 04:10:07',NULL),(106,'1','2023-06-19','P','2023-06-19 04:07:19',NULL),(106,'1','2023-06-20','P','2023-06-20 03:26:28',NULL),(106,'1','2023-06-21','P','2023-06-21 04:21:30',NULL),(106,'1','2023-06-22','P','2023-06-22 05:11:22',NULL),(106,'1','2023-06-23','P','2023-06-23 03:45:05',NULL),(106,'1','2023-07-10','A','2023-07-10 09:09:29',NULL),(106,'1','2023-07-12','P','2023-07-12 03:29:36',NULL),(106,'1','2023-07-13','P','2023-07-13 03:53:09',NULL),(106,'1','2023-07-14','P','2023-07-14 03:36:43',NULL),(106,'2A','2023-07-15','P','2023-07-15 04:10:07',NULL),(107,'1','2023-06-19','P','2023-06-19 04:07:19',NULL),(107,'1','2023-06-20','P','2023-06-20 03:26:28',NULL),(107,'1','2023-06-21','P','2023-06-21 04:21:30',NULL),(107,'1','2023-06-22','P','2023-06-22 05:11:22',NULL),(107,'1','2023-06-23','P','2023-06-23 03:45:05',NULL),(107,'1','2023-07-10','A','2023-07-10 09:09:29',NULL),(107,'1','2023-07-12','A','2023-07-12 03:29:36',NULL),(107,'1','2023-07-13','P','2023-07-13 03:53:09',NULL),(107,'1','2023-07-14','P','2023-07-14 03:36:43',NULL),(107,'2A','2023-07-15','P','2023-07-15 04:10:07',NULL),(108,'Red','2023-06-19','A','2023-06-19 04:18:31',NULL),(108,'Red','2023-06-20','P','2023-06-20 03:34:46',NULL),(108,'Red','2023-06-21','P','2023-06-21 04:12:42',NULL),(108,'Red','2023-06-22','P','2023-06-22 05:30:10',NULL),(108,'Red','2023-06-23','P','2023-06-23 03:36:00',NULL),(108,'Red','2023-07-10','P','2023-07-10 10:07:06',NULL),(108,'Red','2023-07-12','P','2023-07-12 03:41:19',NULL),(108,'Red','2023-07-13','P','2023-07-13 03:51:01',NULL),(108,'Red','2023-07-14','P','2023-07-14 03:35:28',NULL),(108,'Red','2023-07-15','A','2023-07-15 04:05:53',NULL),(109,'Red','2023-06-19','P','2023-06-19 04:18:31',NULL),(109,'Red','2023-06-20','P','2023-06-20 03:34:46',NULL),(109,'Red','2023-06-21','P','2023-06-21 04:12:42',NULL),(109,'Red','2023-06-22','P','2023-06-22 05:30:10',NULL),(109,'Red','2023-06-23','P','2023-06-23 03:36:00',NULL),(109,'Red','2023-07-10','A','2023-07-10 10:07:06',NULL),(109,'Red','2023-07-12','A','2023-07-12 03:41:19',NULL),(109,'Red','2023-07-13','P','2023-07-13 03:51:01',NULL),(109,'Red','2023-07-14','P','2023-07-14 03:35:28',NULL),(109,'Red','2023-07-15','P','2023-07-15 04:05:53',NULL),(110,'1','2023-07-15','A','2023-07-15 06:17:08',NULL),(110,'Orange','2023-06-19','P','2023-06-19 04:01:13',NULL),(110,'Orange','2023-06-20','P','2023-06-20 03:29:14',NULL),(110,'Orange','2023-06-21','P','2023-06-21 04:51:50',NULL),(110,'Orange','2023-06-22','P','2023-06-22 05:12:33',NULL),(110,'Orange','2023-06-23','P','2023-06-23 03:50:26',NULL),(110,'Orange','2023-07-10','A','2023-07-10 09:12:54',NULL),(110,'Orange','2023-07-12','A','2023-07-12 03:28:05',NULL),(110,'Orange','2023-07-13','A','2023-07-13 03:39:19',NULL),(110,'Orange','2023-07-14','A','2023-07-14 03:32:56',NULL),(111,'Green','2023-06-14','P','2023-06-14 03:46:00',NULL),(111,'Green','2023-06-19','A','2023-06-19 03:58:34',NULL),(111,'Green','2023-06-20','P','2023-06-20 03:36:14',NULL),(111,'Green','2023-06-21','A','2023-06-21 04:20:43',NULL),(111,'Green','2023-06-22','A','2023-06-22 05:27:33',NULL),(111,'Green','2023-06-23','P','2023-06-23 03:37:22',NULL),(111,'Green','2023-07-10','P','2023-07-10 10:15:42',NULL),(111,'Green','2023-07-12','P','2023-07-12 03:33:43',NULL),(111,'Green','2023-07-13','P','2023-07-13 03:56:04',NULL),(111,'Green','2023-07-14','A','2023-07-14 03:42:17',NULL),(111,'Green','2023-07-15','P','2023-07-15 04:24:44',NULL),(112,'Red','2023-06-19','P','2023-06-19 04:18:31',NULL),(112,'Red','2023-06-20','P','2023-06-20 03:34:46',NULL),(112,'Red','2023-06-21','P','2023-06-21 04:12:42',NULL),(112,'Red','2023-06-22','P','2023-06-22 05:30:10',NULL),(112,'Red','2023-06-23','P','2023-06-23 03:36:00',NULL),(112,'Red','2023-07-10','P','2023-07-10 10:07:06',NULL),(112,'Red','2023-07-12','P','2023-07-12 03:41:19',NULL),(112,'Red','2023-07-13','P','2023-07-13 03:51:01',NULL),(112,'Red','2023-07-14','A','2023-07-14 03:35:28',NULL),(112,'Red','2023-07-15','P','2023-07-15 04:05:53',NULL),(113,'1','2023-07-15','P','2023-07-15 06:17:08',NULL),(113,'Orange','2023-06-19','P','2023-06-19 04:01:13',NULL),(113,'Orange','2023-06-20','P','2023-06-20 03:29:14',NULL),(113,'Orange','2023-06-21','P','2023-06-21 04:51:50',NULL),(113,'Orange','2023-06-22','P','2023-06-22 05:12:33',NULL),(113,'Orange','2023-06-23','P','2023-06-23 03:50:26',NULL),(113,'Orange','2023-07-10','A','2023-07-10 09:12:54',NULL),(113,'Orange','2023-07-12','P','2023-07-12 03:28:05',NULL),(113,'Orange','2023-07-13','P','2023-07-13 03:39:19',NULL),(113,'Orange','2023-07-14','P','2023-07-14 03:32:56',NULL),(114,'Red','2023-06-19','A','2023-06-19 04:18:31',NULL),(114,'Red','2023-06-20','P','2023-06-20 03:34:46',NULL),(114,'Red','2023-06-21','P','2023-06-21 04:12:42',NULL),(114,'Red','2023-06-22','P','2023-06-22 05:30:10',NULL),(114,'Red','2023-06-23','P','2023-06-23 03:36:00',NULL),(114,'Red','2023-07-10','P','2023-07-10 10:07:06',NULL),(114,'Red','2023-07-12','P','2023-07-12 03:41:19',NULL),(114,'Red','2023-07-13','P','2023-07-13 03:51:01',NULL),(114,'Red','2023-07-14','P','2023-07-14 03:35:28',NULL),(114,'Red','2023-07-15','A','2023-07-15 04:05:53',NULL),(115,'1','2023-07-15','P','2023-07-15 06:17:08',NULL),(115,'Orange','2023-06-19','P','2023-06-19 04:01:13',NULL),(115,'Orange','2023-06-20','P','2023-06-20 03:29:14',NULL),(115,'Orange','2023-06-21','P','2023-06-21 04:51:50',NULL),(115,'Orange','2023-06-22','P','2023-06-22 05:12:33',NULL),(115,'Orange','2023-06-23','P','2023-06-23 03:50:26',NULL),(115,'Orange','2023-07-10','A','2023-07-10 09:12:54',NULL),(115,'Orange','2023-07-12','P','2023-07-12 03:28:05',NULL),(115,'Orange','2023-07-13','P','2023-07-13 03:39:19',NULL),(115,'Orange','2023-07-14','P','2023-07-14 03:32:56',NULL),(116,'Purple','2023-06-19','P','2023-06-19 04:04:59',NULL),(116,'Purple','2023-06-20','P','2023-06-20 03:27:39',NULL),(116,'Purple','2023-06-21','P','2023-06-21 04:22:14',NULL),(116,'Purple','2023-06-22','P','2023-06-22 05:14:31',NULL),(116,'Purple','2023-06-23','P','2023-06-23 03:47:59',NULL),(116,'Purple','2023-07-12','P','2023-07-12 03:26:37',NULL),(116,'Purple','2023-07-13','P','2023-07-13 03:44:13',NULL),(116,'Purple','2023-07-14','P','2023-07-14 03:30:20',NULL),(116,'Purple','2023-07-15','P','2023-07-15 06:14:28',NULL),(117,'1','2023-07-15','P','2023-07-15 06:17:08',NULL),(117,'Orange','2023-06-19','P','2023-06-19 04:01:13',NULL),(117,'Orange','2023-06-20','P','2023-06-20 03:29:14',NULL),(117,'Orange','2023-06-21','P','2023-06-21 04:51:50',NULL),(117,'Orange','2023-06-22','P','2023-06-22 05:12:33',NULL),(117,'Orange','2023-06-23','P','2023-06-23 03:50:26',NULL),(117,'Orange','2023-07-10','P','2023-07-10 09:12:54',NULL),(117,'Orange','2023-07-12','P','2023-07-12 03:28:05',NULL),(117,'Orange','2023-07-13','P','2023-07-13 03:39:19',NULL),(117,'Orange','2023-07-14','P','2023-07-14 03:32:56',NULL),(118,'1','2023-06-19','P','2023-06-19 04:07:19',NULL),(118,'1','2023-06-20','P','2023-06-20 03:26:28',NULL),(118,'1','2023-06-21','P','2023-06-21 04:21:30',NULL),(118,'1','2023-06-22','P','2023-06-22 05:11:22',NULL),(118,'1','2023-06-23','P','2023-06-23 03:45:05',NULL),(118,'1','2023-07-10','P','2023-07-10 09:09:29',NULL),(118,'1','2023-07-12','P','2023-07-12 03:29:36',NULL),(118,'1','2023-07-13','P','2023-07-13 03:53:09',NULL),(118,'1','2023-07-14','P','2023-07-14 03:36:43',NULL),(118,'2A','2023-07-15','P','2023-07-15 04:10:07',NULL),(119,'Purple','2023-06-19','A','2023-06-19 04:04:59',NULL),(119,'Purple','2023-06-20','P','2023-06-20 03:27:39',NULL),(119,'Purple','2023-06-21','P','2023-06-21 04:22:14',NULL),(119,'Purple','2023-06-22','P','2023-06-22 05:14:31',NULL),(119,'Purple','2023-06-23','P','2023-06-23 03:47:59',NULL),(119,'Purple','2023-07-12','P','2023-07-12 03:26:37',NULL),(119,'Purple','2023-07-13','P','2023-07-13 03:44:13',NULL),(119,'Purple','2023-07-14','P','2023-07-14 03:30:20',NULL),(119,'Purple','2023-07-15','P','2023-07-15 06:14:28',NULL),(120,'Red','2023-06-19','P','2023-06-19 04:18:31',NULL),(120,'Red','2023-06-20','P','2023-06-20 03:34:46',NULL),(120,'Red','2023-06-21','P','2023-06-21 04:12:42',NULL),(120,'Red','2023-06-22','P','2023-06-22 05:30:10',NULL),(120,'Red','2023-06-23','P','2023-06-23 03:36:00',NULL),(120,'Red','2023-07-10','P','2023-07-10 10:07:06',NULL),(120,'Red','2023-07-12','P','2023-07-12 03:41:19',NULL),(120,'Red','2023-07-13','P','2023-07-13 03:51:01',NULL),(120,'Red','2023-07-14','P','2023-07-14 03:35:28',NULL),(120,'Red','2023-07-15','P','2023-07-15 04:05:53',NULL),(121,'Red','2023-06-19','P','2023-06-19 04:18:31',NULL),(121,'Red','2023-06-20','P','2023-06-20 03:34:46',NULL),(121,'Red','2023-06-21','P','2023-06-21 04:12:42',NULL),(121,'Red','2023-06-22','A','2023-06-22 05:30:10',NULL),(121,'Red','2023-06-23','P','2023-06-23 03:36:00',NULL),(121,'Red','2023-07-10','P','2023-07-10 10:07:06',NULL),(121,'Red','2023-07-12','P','2023-07-12 03:41:19',NULL),(121,'Red','2023-07-13','P','2023-07-13 03:51:01',NULL),(121,'Red','2023-07-14','A','2023-07-14 03:35:28',NULL),(121,'Red','2023-07-15','A','2023-07-15 04:05:53',NULL),(122,'Red','2023-06-19','P','2023-06-19 04:18:31',NULL),(122,'Red','2023-06-20','P','2023-06-20 03:34:46',NULL),(122,'Red','2023-06-21','P','2023-06-21 04:12:42',NULL),(122,'Red','2023-06-22','P','2023-06-22 05:30:10',NULL),(122,'Red','2023-06-23','P','2023-06-23 03:36:00',NULL),(122,'Red','2023-07-10','A','2023-07-10 10:07:06',NULL),(122,'Red','2023-07-12','A','2023-07-12 03:41:19',NULL),(122,'Red','2023-07-13','P','2023-07-13 03:51:01',NULL),(122,'Red','2023-07-14','P','2023-07-14 03:35:28',NULL),(122,'Red','2023-07-15','P','2023-07-15 04:05:53',NULL),(123,'Red','2023-06-19','A','2023-06-19 04:18:31',NULL),(123,'Red','2023-06-20','P','2023-06-20 03:34:46',NULL),(123,'Red','2023-06-21','P','2023-06-21 04:12:42',NULL),(123,'Red','2023-06-22','P','2023-06-22 05:30:10',NULL),(123,'Red','2023-06-23','A','2023-06-23 03:36:00',NULL),(123,'Red','2023-07-10','P','2023-07-10 10:07:06',NULL),(123,'Red','2023-07-12','A','2023-07-12 03:41:19',NULL),(123,'Red','2023-07-13','P','2023-07-13 03:51:01',NULL),(123,'Red','2023-07-14','P','2023-07-14 03:35:28',NULL),(123,'Red','2023-07-15','A','2023-07-15 04:05:53',NULL),(124,'1','2023-07-15','P','2023-07-15 06:17:08',NULL),(124,'Orange','2023-06-19','P','2023-06-19 04:01:13',NULL),(124,'Orange','2023-06-20','P','2023-06-20 03:29:14',NULL),(124,'Orange','2023-06-21','P','2023-06-21 04:51:50',NULL),(124,'Orange','2023-06-22','P','2023-06-22 05:12:33',NULL),(124,'Orange','2023-06-23','P','2023-06-23 03:50:26',NULL),(124,'Orange','2023-07-10','P','2023-07-10 09:12:54',NULL),(124,'Orange','2023-07-12','P','2023-07-12 03:28:05',NULL),(124,'Orange','2023-07-13','P','2023-07-13 03:39:19',NULL),(124,'Orange','2023-07-14','P','2023-07-14 03:32:56',NULL),(125,'Red','2023-06-19','P','2023-06-19 04:18:31',NULL),(125,'Red','2023-06-20','P','2023-06-20 03:34:46',NULL),(125,'Red','2023-06-21','P','2023-06-21 04:12:42',NULL),(125,'Red','2023-06-22','P','2023-06-22 05:30:10',NULL),(125,'Red','2023-06-23','P','2023-06-23 03:36:00',NULL),(125,'Red','2023-07-10','P','2023-07-10 10:07:06',NULL),(125,'Red','2023-07-12','P','2023-07-12 03:41:19',NULL),(125,'Red','2023-07-13','P','2023-07-13 03:51:01',NULL),(125,'Red','2023-07-14','P','2023-07-14 03:35:28',NULL),(125,'Red','2023-07-15','P','2023-07-15 04:05:53',NULL),(126,'Red','2023-06-19','A','2023-06-19 04:18:31',NULL),(126,'Red','2023-06-20','A','2023-06-20 03:34:46',NULL),(126,'Red','2023-06-21','P','2023-06-21 04:12:42',NULL),(126,'Red','2023-06-22','P','2023-06-22 05:30:10',NULL),(126,'Red','2023-06-23','A','2023-06-23 03:36:00',NULL),(126,'Red','2023-07-10','A','2023-07-10 10:07:06',NULL),(126,'Red','2023-07-12','P','2023-07-12 03:41:19',NULL),(126,'Red','2023-07-13','P','2023-07-13 03:51:01',NULL),(126,'Red','2023-07-14','P','2023-07-14 03:35:28',NULL),(126,'Red','2023-07-15','P','2023-07-15 04:05:53',NULL),(127,'1','2023-07-15','P','2023-07-15 06:17:08',NULL),(127,'Orange','2023-06-19','A','2023-06-19 04:01:13',NULL),(127,'Orange','2023-06-20','P','2023-06-20 03:29:14',NULL),(127,'Orange','2023-06-21','P','2023-06-21 04:51:50',NULL),(127,'Orange','2023-06-22','P','2023-06-22 05:12:33',NULL),(127,'Orange','2023-06-23','P','2023-06-23 03:50:26',NULL),(127,'Orange','2023-07-10','A','2023-07-10 09:12:54',NULL),(127,'Orange','2023-07-12','P','2023-07-12 03:28:05',NULL),(127,'Orange','2023-07-13','P','2023-07-13 03:39:19',NULL),(127,'Orange','2023-07-14','P','2023-07-14 03:32:56',NULL),(128,'Red','2023-06-19','A','2023-06-19 04:18:31',NULL),(128,'Red','2023-06-20','P','2023-06-20 03:34:46',NULL),(128,'Red','2023-06-21','P','2023-06-21 04:12:42',NULL),(128,'Red','2023-06-22','P','2023-06-22 05:30:10',NULL),(128,'Red','2023-06-23','P','2023-06-23 03:36:00',NULL),(128,'Red','2023-07-10','A','2023-07-10 10:07:06',NULL),(128,'Red','2023-07-12','P','2023-07-12 03:41:19',NULL),(128,'Red','2023-07-13','P','2023-07-13 03:51:01',NULL),(128,'Red','2023-07-14','P','2023-07-14 03:35:28',NULL),(128,'Red','2023-07-15','P','2023-07-15 04:05:53',NULL),(129,'Purple','2023-06-19','P','2023-06-19 04:04:59',NULL),(129,'Purple','2023-06-20','P','2023-06-20 03:27:39',NULL),(129,'Purple','2023-06-21','P','2023-06-21 04:22:14',NULL),(129,'Purple','2023-06-22','P','2023-06-22 05:14:31',NULL),(129,'Purple','2023-06-23','P','2023-06-23 03:47:59',NULL),(129,'Purple','2023-07-12','P','2023-07-12 03:26:37',NULL),(129,'Purple','2023-07-13','P','2023-07-13 03:44:13',NULL),(129,'Purple','2023-07-14','P','2023-07-14 03:30:20',NULL),(129,'Purple','2023-07-15','P','2023-07-15 06:14:28',NULL),(130,'Purple','2023-06-19','P','2023-06-19 04:04:59',NULL),(130,'Purple','2023-06-20','P','2023-06-20 03:27:39',NULL),(130,'Purple','2023-06-21','P','2023-06-21 04:22:14',NULL),(130,'Purple','2023-06-22','A','2023-06-22 05:14:31',NULL),(130,'Purple','2023-06-23','P','2023-06-23 03:47:59',NULL),(130,'Purple','2023-07-12','P','2023-07-12 03:26:37',NULL),(130,'Purple','2023-07-13','P','2023-07-13 03:44:13',NULL),(130,'Purple','2023-07-14','P','2023-07-14 03:30:20',NULL),(130,'Purple','2023-07-15','P','2023-07-15 06:14:28',NULL),(131,'Red','2023-06-19','P','2023-06-19 04:18:31',NULL),(131,'Red','2023-06-20','P','2023-06-20 03:34:46',NULL),(131,'Red','2023-06-21','P','2023-06-21 04:12:42',NULL),(131,'Red','2023-06-22','P','2023-06-22 05:30:10',NULL),(131,'Red','2023-06-23','P','2023-06-23 03:36:00',NULL),(131,'Red','2023-07-10','A','2023-07-10 10:07:06',NULL),(131,'Red','2023-07-12','P','2023-07-12 03:41:19',NULL),(131,'Red','2023-07-13','P','2023-07-13 03:51:01',NULL),(131,'Red','2023-07-14','P','2023-07-14 03:35:28',NULL),(131,'Red','2023-07-15','P','2023-07-15 04:05:53',NULL),(132,'Red','2023-06-19','P','2023-06-19 04:18:31',NULL),(132,'Red','2023-06-20','P','2023-06-20 03:34:46',NULL),(132,'Red','2023-06-21','P','2023-06-21 04:12:42',NULL),(132,'Red','2023-06-22','P','2023-06-22 05:30:10',NULL),(132,'Red','2023-06-23','P','2023-06-23 03:36:00',NULL),(132,'Red','2023-07-10','A','2023-07-10 10:07:06',NULL),(132,'Red','2023-07-12','A','2023-07-12 03:41:19',NULL),(132,'Red','2023-07-13','P','2023-07-13 03:51:01',NULL),(132,'Red','2023-07-14','P','2023-07-14 03:35:28',NULL),(132,'Red','2023-07-15','P','2023-07-15 04:05:53',NULL),(133,'1','2023-06-19','P','2023-06-19 04:07:19',NULL),(133,'1','2023-06-20','P','2023-06-20 03:26:28',NULL),(133,'1','2023-06-21','P','2023-06-21 04:21:30',NULL),(133,'1','2023-06-22','P','2023-06-22 05:11:22',NULL),(133,'1','2023-06-23','P','2023-06-23 03:45:05',NULL),(133,'1','2023-07-10','P','2023-07-10 09:09:29',NULL),(133,'1','2023-07-12','P','2023-07-12 03:29:36',NULL),(133,'1','2023-07-13','P','2023-07-13 03:53:09',NULL),(133,'1','2023-07-14','P','2023-07-14 03:36:43',NULL),(133,'2A','2023-07-15','P','2023-07-15 04:10:07',NULL),(134,'Red','2023-06-19','A','2023-06-19 04:18:31',NULL),(134,'Red','2023-06-20','P','2023-06-20 03:34:46',NULL),(134,'Red','2023-06-21','P','2023-06-21 04:12:42',NULL),(134,'Red','2023-06-22','A','2023-06-22 05:30:10',NULL),(134,'Red','2023-06-23','P','2023-06-23 03:36:00',NULL),(134,'Red','2023-07-10','P','2023-07-10 10:07:06',NULL),(134,'Red','2023-07-12','P','2023-07-12 03:41:19',NULL),(134,'Red','2023-07-13','P','2023-07-13 03:51:01',NULL),(134,'Red','2023-07-14','A','2023-07-14 03:35:28',NULL),(134,'Red','2023-07-15','P','2023-07-15 04:05:53',NULL),(135,'1','2023-07-15','P','2023-07-15 06:17:08',NULL),(135,'Orange','2023-06-19','A','2023-06-19 04:01:13',NULL),(135,'Orange','2023-06-20','P','2023-06-20 03:29:14',NULL),(135,'Orange','2023-06-21','P','2023-06-21 04:51:50',NULL),(135,'Orange','2023-06-22','P','2023-06-22 05:12:33',NULL),(135,'Orange','2023-06-23','P','2023-06-23 03:50:26',NULL),(135,'Orange','2023-07-10','A','2023-07-10 09:12:54',NULL),(135,'Orange','2023-07-12','P','2023-07-12 03:28:05',NULL),(135,'Orange','2023-07-13','P','2023-07-13 03:39:19',NULL),(135,'Orange','2023-07-14','P','2023-07-14 03:32:56',NULL),(136,'Purple','2023-06-19','A','2023-06-19 04:04:59',NULL),(136,'Purple','2023-06-20','P','2023-06-20 03:27:39',NULL),(136,'Purple','2023-06-21','P','2023-06-21 04:22:14',NULL),(136,'Purple','2023-06-22','P','2023-06-22 05:14:31',NULL),(136,'Purple','2023-06-23','P','2023-06-23 03:47:59',NULL),(136,'Purple','2023-07-12','P','2023-07-12 03:26:37',NULL),(136,'Purple','2023-07-13','P','2023-07-13 03:44:13',NULL),(136,'Purple','2023-07-14','A','2023-07-14 03:30:20',NULL),(136,'Purple','2023-07-15','P','2023-07-15 06:14:28',NULL),(137,'Green','2023-06-14','P','2023-06-14 03:46:00',NULL),(137,'Green','2023-06-19','P','2023-06-19 03:58:34',NULL),(137,'Green','2023-06-20','P','2023-06-20 03:36:14',NULL),(137,'Green','2023-06-21','P','2023-06-21 04:20:43',NULL),(137,'Green','2023-06-22','P','2023-06-22 05:27:33',NULL),(137,'Green','2023-06-23','P','2023-06-23 03:37:22',NULL),(137,'Green','2023-07-10','P','2023-07-10 10:15:42',NULL),(137,'Green','2023-07-12','P','2023-07-12 03:33:43',NULL),(137,'Green','2023-07-13','P','2023-07-13 03:56:04',NULL),(137,'Green','2023-07-14','P','2023-07-14 03:42:17',NULL),(137,'Green','2023-07-15','P','2023-07-15 04:24:44',NULL),(138,'Green','2023-06-14','P','2023-06-14 03:46:00',NULL),(138,'Green','2023-06-19','P','2023-06-19 03:58:34',NULL),(138,'Green','2023-06-20','P','2023-06-20 03:36:14',NULL),(138,'Green','2023-06-21','P','2023-06-21 04:20:43',NULL),(138,'Green','2023-06-22','P','2023-06-22 05:27:33',NULL),(138,'Green','2023-06-23','P','2023-06-23 03:37:22',NULL),(138,'Green','2023-07-10','A','2023-07-10 10:15:42',NULL),(138,'Green','2023-07-12','A','2023-07-12 03:33:43',NULL),(138,'Green','2023-07-13','A','2023-07-13 03:56:04',NULL),(138,'Green','2023-07-14','A','2023-07-14 03:42:17',NULL),(138,'Green','2023-07-15','A','2023-07-15 04:24:44',NULL),(139,'1','2023-07-15','P','2023-07-15 06:17:08',NULL),(139,'Orange','2023-06-19','P','2023-06-19 04:01:13',NULL),(139,'Orange','2023-06-20','P','2023-06-20 03:29:14',NULL),(139,'Orange','2023-06-21','P','2023-06-21 04:51:50',NULL),(139,'Orange','2023-06-22','P','2023-06-22 05:12:33',NULL),(139,'Orange','2023-06-23','P','2023-06-23 03:50:26',NULL),(139,'Orange','2023-07-10','P','2023-07-10 09:12:54',NULL),(139,'Orange','2023-07-12','P','2023-07-12 03:28:05',NULL),(139,'Orange','2023-07-13','P','2023-07-13 03:39:19',NULL),(139,'Orange','2023-07-14','P','2023-07-14 03:32:56',NULL),(140,'1','2023-07-15','P','2023-07-15 06:17:08',NULL),(140,'Orange','2023-06-19','A','2023-06-19 04:01:13',NULL),(140,'Orange','2023-06-20','A','2023-06-20 03:29:14',NULL),(140,'Orange','2023-06-21','P','2023-06-21 04:51:50',NULL),(140,'Orange','2023-06-22','P','2023-06-22 05:12:33',NULL),(140,'Orange','2023-06-23','P','2023-06-23 03:50:26',NULL),(140,'Orange','2023-07-10','P','2023-07-10 09:12:54',NULL),(140,'Orange','2023-07-12','P','2023-07-12 03:28:05',NULL),(140,'Orange','2023-07-13','A','2023-07-13 03:39:19',NULL),(140,'Orange','2023-07-14','P','2023-07-14 03:32:56',NULL),(141,'Purple','2023-06-19','P','2023-06-19 04:04:59',NULL),(141,'Purple','2023-06-20','P','2023-06-20 03:27:39',NULL),(141,'Purple','2023-06-21','P','2023-06-21 04:22:14',NULL),(141,'Purple','2023-06-22','P','2023-06-22 05:14:31',NULL),(141,'Purple','2023-06-23','P','2023-06-23 03:47:59',NULL),(141,'Purple','2023-07-12','P','2023-07-12 03:26:37',NULL),(141,'Purple','2023-07-13','P','2023-07-13 03:44:13',NULL),(141,'Purple','2023-07-14','P','2023-07-14 03:30:20',NULL),(141,'Purple','2023-07-15','P','2023-07-15 06:14:28',NULL),(142,'Red','2023-06-19','P','2023-06-19 04:18:31',NULL),(142,'Red','2023-06-20','P','2023-06-20 03:34:46',NULL),(142,'Red','2023-06-21','P','2023-06-21 04:12:42',NULL),(142,'Red','2023-06-22','P','2023-06-22 05:30:10',NULL),(142,'Red','2023-06-23','P','2023-06-23 03:36:00',NULL),(142,'Red','2023-07-10','P','2023-07-10 10:07:06',NULL),(142,'Red','2023-07-12','P','2023-07-12 03:41:19',NULL),(142,'Red','2023-07-13','P','2023-07-13 03:51:01',NULL),(142,'Red','2023-07-14','P','2023-07-14 03:35:28',NULL),(142,'Red','2023-07-15','P','2023-07-15 04:05:53',NULL),(143,'1','2023-07-15','A','2023-07-15 06:17:08',NULL),(143,'Orange','2023-06-19','P','2023-06-19 04:01:13',NULL),(143,'Orange','2023-06-20','P','2023-06-20 03:29:14',NULL),(143,'Orange','2023-06-21','P','2023-06-21 04:51:50',NULL),(143,'Orange','2023-06-22','P','2023-06-22 05:12:33',NULL),(143,'Orange','2023-06-23','A','2023-06-23 03:50:26',NULL),(143,'Orange','2023-07-10','A','2023-07-10 09:12:54',NULL),(143,'Orange','2023-07-12','A','2023-07-12 03:28:05',NULL),(143,'Orange','2023-07-13','A','2023-07-13 03:39:19',NULL),(143,'Orange','2023-07-14','A','2023-07-14 03:32:56',NULL),(144,'Purple','2023-06-19','P','2023-06-19 04:04:59',NULL),(144,'Purple','2023-06-20','P','2023-06-20 03:27:39',NULL),(144,'Purple','2023-06-21','P','2023-06-21 04:22:14',NULL),(144,'Purple','2023-06-22','P','2023-06-22 05:14:31',NULL),(144,'Purple','2023-06-23','P','2023-06-23 03:47:59',NULL),(144,'Purple','2023-07-12','P','2023-07-12 03:26:37',NULL),(144,'Purple','2023-07-13','P','2023-07-13 03:44:13',NULL),(144,'Purple','2023-07-14','A','2023-07-14 03:30:20','2023-07-14 03:35:13'),(144,'Purple','2023-07-15','A','2023-07-15 06:14:28',NULL),(145,'Purple','2023-06-19','P','2023-06-19 04:04:59',NULL),(145,'Purple','2023-06-20','P','2023-06-20 03:27:39',NULL),(145,'Purple','2023-06-21','P','2023-06-21 04:22:14',NULL),(145,'Purple','2023-06-22','P','2023-06-22 05:14:31',NULL),(145,'Purple','2023-06-23','P','2023-06-23 03:47:59',NULL),(145,'Purple','2023-07-12','P','2023-07-12 03:26:37',NULL),(145,'Purple','2023-07-13','P','2023-07-13 03:44:13',NULL),(145,'Purple','2023-07-14','P','2023-07-14 03:30:20',NULL),(145,'Purple','2023-07-15','P','2023-07-15 06:14:28',NULL),(146,'Purple','2023-06-19','A','2023-06-19 04:04:59',NULL),(146,'Purple','2023-06-20','P','2023-06-20 03:27:39',NULL),(146,'Purple','2023-06-21','P','2023-06-21 04:22:14',NULL),(146,'Purple','2023-06-22','P','2023-06-22 05:14:31',NULL),(146,'Purple','2023-06-23','P','2023-06-23 03:47:59',NULL),(146,'Purple','2023-07-12','P','2023-07-12 03:26:37',NULL),(146,'Purple','2023-07-13','P','2023-07-13 03:44:13',NULL),(146,'Purple','2023-07-14','P','2023-07-14 03:30:20',NULL),(146,'Purple','2023-07-15','P','2023-07-15 06:14:28',NULL),(147,'Green','2023-06-14','P','2023-06-14 03:46:00',NULL),(147,'Green','2023-06-19','P','2023-06-19 03:58:34',NULL),(147,'Green','2023-06-20','P','2023-06-20 03:36:14',NULL),(147,'Green','2023-06-21','A','2023-06-21 04:20:43',NULL),(147,'Green','2023-06-22','P','2023-06-22 05:27:33',NULL),(147,'Green','2023-06-23','P','2023-06-23 03:37:22',NULL),(147,'Green','2023-07-10','P','2023-07-10 10:15:42',NULL),(147,'Green','2023-07-12','P','2023-07-12 03:33:43',NULL),(147,'Green','2023-07-13','P','2023-07-13 03:56:04',NULL),(147,'Green','2023-07-14','A','2023-07-14 03:42:17',NULL),(147,'Green','2023-07-15','P','2023-07-15 04:24:44',NULL),(148,'Green','2023-06-14','P','2023-06-14 03:46:00',NULL),(148,'Green','2023-06-19','P','2023-06-19 03:58:34',NULL),(148,'Green','2023-06-20','P','2023-06-20 03:36:14',NULL),(148,'Green','2023-06-21','P','2023-06-21 04:20:43',NULL),(148,'Green','2023-06-22','P','2023-06-22 05:27:33',NULL),(148,'Green','2023-06-23','P','2023-06-23 03:37:22',NULL),(148,'Green','2023-07-10','P','2023-07-10 10:15:42',NULL),(148,'Green','2023-07-12','P','2023-07-12 03:33:43',NULL),(148,'Green','2023-07-13','P','2023-07-13 03:56:04',NULL),(148,'Green','2023-07-14','P','2023-07-14 03:42:17',NULL),(148,'Green','2023-07-15','P','2023-07-15 04:24:44',NULL),(149,'Red','2023-06-19','P','2023-06-19 04:18:31',NULL),(149,'Red','2023-06-20','P','2023-06-20 03:34:46',NULL),(149,'Red','2023-06-21','P','2023-06-21 04:12:42',NULL),(149,'Red','2023-06-22','P','2023-06-22 05:30:10',NULL),(149,'Red','2023-06-23','P','2023-06-23 03:36:00',NULL),(149,'Red','2023-07-10','A','2023-07-10 10:07:06',NULL),(149,'Red','2023-07-12','P','2023-07-12 03:41:19',NULL),(149,'Red','2023-07-13','P','2023-07-13 03:51:01',NULL),(149,'Red','2023-07-14','P','2023-07-14 03:35:28',NULL),(149,'Red','2023-07-15','P','2023-07-15 04:05:53',NULL),(150,'Purple','2023-06-19','P','2023-06-19 04:04:59',NULL),(150,'Purple','2023-06-20','P','2023-06-20 03:27:39',NULL),(150,'Purple','2023-06-21','P','2023-06-21 04:22:14',NULL),(150,'Purple','2023-06-22','P','2023-06-22 05:14:31',NULL),(150,'Purple','2023-06-23','P','2023-06-23 03:47:59',NULL),(150,'Purple','2023-07-12','P','2023-07-12 03:26:37',NULL),(150,'Purple','2023-07-13','A','2023-07-13 03:44:13',NULL),(150,'Purple','2023-07-14','P','2023-07-14 03:30:20',NULL),(150,'Purple','2023-07-15','A','2023-07-15 06:14:28',NULL),(151,'1','2023-06-19','A','2023-06-19 04:07:19',NULL),(151,'1','2023-06-20','A','2023-06-20 03:26:28',NULL),(151,'1','2023-06-21','A','2023-06-21 04:21:30',NULL),(151,'1','2023-06-22','A','2023-06-22 05:11:22',NULL),(151,'1','2023-06-23','A','2023-06-23 03:45:05',NULL),(151,'1','2023-07-10','A','2023-07-10 09:09:29',NULL),(151,'1','2023-07-12','A','2023-07-12 03:29:36',NULL),(151,'1','2023-07-13','A','2023-07-13 03:53:09',NULL),(151,'1','2023-07-14','A','2023-07-14 03:36:43',NULL),(151,'2A','2023-07-15','A','2023-07-15 04:10:07',NULL),(152,'Purple','2023-06-19','P','2023-06-19 04:04:59',NULL),(152,'Purple','2023-06-20','P','2023-06-20 03:27:39',NULL),(152,'Purple','2023-06-21','P','2023-06-21 04:22:14',NULL),(152,'Purple','2023-06-22','P','2023-06-22 05:14:31',NULL),(152,'Purple','2023-06-23','P','2023-06-23 03:47:59',NULL),(152,'Purple','2023-07-12','P','2023-07-12 03:26:37',NULL),(152,'Purple','2023-07-13','P','2023-07-13 03:44:13',NULL),(152,'Purple','2023-07-14','P','2023-07-14 03:30:20',NULL),(152,'Purple','2023-07-15','P','2023-07-15 06:14:28',NULL),(153,'Purple','2023-06-19','P','2023-06-19 04:04:59',NULL),(153,'Purple','2023-06-20','P','2023-06-20 03:27:39',NULL),(153,'Purple','2023-06-21','P','2023-06-21 04:22:14',NULL),(153,'Purple','2023-06-22','A','2023-06-22 05:14:31',NULL),(153,'Purple','2023-06-23','P','2023-06-23 03:47:59',NULL),(153,'Purple','2023-07-12','P','2023-07-12 03:26:37',NULL),(153,'Purple','2023-07-13','P','2023-07-13 03:44:13',NULL),(153,'Purple','2023-07-14','P','2023-07-14 03:30:20',NULL),(153,'Purple','2023-07-15','P','2023-07-15 06:14:28',NULL),(154,'Green','2023-06-14','A','2023-06-14 03:46:00',NULL),(154,'Green','2023-06-19','P','2023-06-19 03:58:34',NULL),(154,'Green','2023-06-20','P','2023-06-20 03:36:14',NULL),(154,'Green','2023-06-21','P','2023-06-21 04:20:43',NULL),(154,'Green','2023-06-22','P','2023-06-22 05:27:33',NULL),(154,'Green','2023-06-23','P','2023-06-23 03:37:22',NULL),(154,'Green','2023-07-10','P','2023-07-10 10:15:42',NULL),(154,'Green','2023-07-12','P','2023-07-12 03:33:43',NULL),(154,'Green','2023-07-13','P','2023-07-13 03:56:04',NULL),(154,'Green','2023-07-14','P','2023-07-14 03:42:17',NULL),(154,'Green','2023-07-15','P','2023-07-15 04:24:44',NULL),(155,'Green','2023-06-14','P','2023-06-14 03:46:00',NULL),(155,'Green','2023-06-19','A','2023-06-19 03:58:34',NULL),(155,'Green','2023-06-20','P','2023-06-20 03:36:14',NULL),(155,'Green','2023-06-21','P','2023-06-21 04:20:43',NULL),(155,'Green','2023-06-22','P','2023-06-22 05:27:33',NULL),(155,'Green','2023-06-23','P','2023-06-23 03:37:22',NULL),(155,'Green','2023-07-10','P','2023-07-10 10:15:42',NULL),(155,'Green','2023-07-12','P','2023-07-12 03:33:43',NULL),(155,'Green','2023-07-13','P','2023-07-13 03:56:04',NULL),(155,'Green','2023-07-14','P','2023-07-14 03:42:17',NULL),(155,'Green','2023-07-15','A','2023-07-15 04:24:44',NULL),(156,'Green','2023-06-14','P','2023-06-14 03:46:00',NULL),(156,'Green','2023-06-19','P','2023-06-19 03:58:34',NULL),(156,'Green','2023-06-20','P','2023-06-20 03:36:14',NULL),(156,'Green','2023-06-21','P','2023-06-21 04:20:43',NULL),(156,'Green','2023-06-22','A','2023-06-22 05:27:33',NULL),(156,'Green','2023-06-23','P','2023-06-23 03:37:22',NULL),(156,'Green','2023-07-10','P','2023-07-10 10:15:42',NULL),(156,'Green','2023-07-12','P','2023-07-12 03:33:43',NULL),(156,'Green','2023-07-13','P','2023-07-13 03:56:04',NULL),(156,'Green','2023-07-14','P','2023-07-14 03:42:17',NULL),(156,'Green','2023-07-15','P','2023-07-15 04:24:44',NULL),(157,'Green','2023-06-14','P','2023-06-14 03:46:00',NULL),(157,'Green','2023-06-19','P','2023-06-19 03:58:34',NULL),(157,'Green','2023-06-20','P','2023-06-20 03:36:14',NULL),(157,'Green','2023-06-21','A','2023-06-21 04:20:43',NULL),(157,'Green','2023-06-22','P','2023-06-22 05:27:33',NULL),(157,'Green','2023-06-23','P','2023-06-23 03:37:22',NULL),(157,'Green','2023-07-10','A','2023-07-10 10:15:42',NULL),(157,'Green','2023-07-12','A','2023-07-12 03:33:43',NULL),(157,'Green','2023-07-13','P','2023-07-13 03:56:04',NULL),(157,'Green','2023-07-14','P','2023-07-14 03:42:17',NULL),(157,'Green','2023-07-15','P','2023-07-15 04:24:44',NULL),(158,'1','2023-07-15','A','2023-07-15 06:17:08',NULL),(158,'Orange','2023-06-19','P','2023-06-19 04:01:13',NULL),(158,'Orange','2023-06-20','P','2023-06-20 03:29:14',NULL),(158,'Orange','2023-06-21','A','2023-06-21 04:51:50',NULL),(158,'Orange','2023-06-22','P','2023-06-22 05:12:33',NULL),(158,'Orange','2023-06-23','P','2023-06-23 03:50:26',NULL),(158,'Orange','2023-07-10','P','2023-07-10 09:12:54',NULL),(158,'Orange','2023-07-12','P','2023-07-12 03:28:05',NULL),(158,'Orange','2023-07-13','P','2023-07-13 03:39:19',NULL),(158,'Orange','2023-07-14','P','2023-07-14 03:32:56',NULL),(159,'Purple','2023-06-19','P','2023-06-19 04:04:59',NULL),(159,'Purple','2023-06-20','P','2023-06-20 03:27:39',NULL),(159,'Purple','2023-06-21','P','2023-06-21 04:22:14',NULL),(159,'Purple','2023-06-22','P','2023-06-22 05:14:31',NULL),(159,'Purple','2023-06-23','P','2023-06-23 03:47:59',NULL),(159,'Purple','2023-07-12','P','2023-07-12 03:26:37',NULL),(159,'Purple','2023-07-13','P','2023-07-13 03:44:13',NULL),(159,'Purple','2023-07-14','P','2023-07-14 03:30:20',NULL),(159,'Purple','2023-07-15','P','2023-07-15 06:14:28',NULL),(160,'Yellow','2023-06-20','P','2023-06-20 03:36:52',NULL),(160,'Yellow','2023-06-21','P','2023-06-21 04:22:37',NULL),(160,'Yellow','2023-06-23','P','2023-06-23 03:37:47',NULL),(160,'Yellow','2023-07-10','A','2023-07-10 10:16:07',NULL),(160,'Yellow','2023-07-12','P','2023-07-12 03:34:06',NULL),(160,'Yellow','2023-07-13','P','2023-07-13 03:56:28',NULL),(160,'Yellow','2023-07-14','P','2023-07-14 03:42:44',NULL),(160,'Yellow','2023-07-15','P','2023-07-15 04:25:05',NULL),(161,'1','2023-06-19','A','2023-06-19 04:07:19',NULL),(161,'1','2023-06-20','P','2023-06-20 03:26:28',NULL),(161,'1','2023-06-21','P','2023-06-21 04:21:30',NULL),(161,'1','2023-06-22','A','2023-06-22 05:11:22',NULL),(161,'1','2023-06-23','P','2023-06-23 03:45:05',NULL),(161,'1','2023-07-10','A','2023-07-10 09:09:29',NULL),(161,'1','2023-07-12','P','2023-07-12 03:29:36',NULL),(161,'1','2023-07-13','P','2023-07-13 03:53:09',NULL),(161,'1','2023-07-14','P','2023-07-14 03:36:43',NULL),(161,'2A','2023-07-15','A','2023-07-15 04:10:07',NULL),(162,'Yellow','2023-06-20','P','2023-06-20 03:36:52',NULL),(162,'Yellow','2023-06-21','P','2023-06-21 04:22:37',NULL),(162,'Yellow','2023-06-23','P','2023-06-23 03:37:47',NULL),(162,'Yellow','2023-07-10','P','2023-07-10 10:16:07',NULL),(162,'Yellow','2023-07-12','A','2023-07-12 03:34:06',NULL),(162,'Yellow','2023-07-13','A','2023-07-13 03:56:28',NULL),(162,'Yellow','2023-07-14','P','2023-07-14 03:42:44',NULL),(162,'Yellow','2023-07-15','P','2023-07-15 04:25:05',NULL),(163,'1','2023-06-19','P','2023-06-19 04:07:19',NULL),(163,'1','2023-06-20','P','2023-06-20 03:26:28',NULL),(163,'1','2023-06-21','P','2023-06-21 04:21:30',NULL),(163,'1','2023-06-22','P','2023-06-22 05:11:22',NULL),(163,'1','2023-06-23','P','2023-06-23 03:45:05',NULL),(163,'1','2023-07-10','P','2023-07-10 09:09:29',NULL),(163,'1','2023-07-12','P','2023-07-12 03:29:36',NULL),(163,'1','2023-07-13','P','2023-07-13 03:53:09',NULL),(163,'1','2023-07-14','P','2023-07-14 03:36:43',NULL),(163,'2A','2023-07-15','P','2023-07-15 04:10:07',NULL),(164,'Purple','2023-06-19','P','2023-06-19 04:04:59',NULL),(164,'Purple','2023-06-20','P','2023-06-20 03:27:39',NULL),(164,'Purple','2023-06-21','P','2023-06-21 04:22:14',NULL),(164,'Purple','2023-06-22','P','2023-06-22 05:14:31',NULL),(164,'Purple','2023-06-23','P','2023-06-23 03:47:59',NULL),(164,'Purple','2023-07-12','P','2023-07-12 03:26:37',NULL),(164,'Purple','2023-07-13','P','2023-07-13 03:44:13',NULL),(164,'Purple','2023-07-14','P','2023-07-14 03:30:20',NULL),(164,'Purple','2023-07-15','P','2023-07-15 06:14:28',NULL),(165,'1','2023-06-19','A','2023-06-19 04:07:19',NULL),(165,'1','2023-06-20','A','2023-06-20 03:26:28',NULL),(165,'1','2023-06-21','A','2023-06-21 04:21:30',NULL),(165,'1','2023-06-22','P','2023-06-22 05:11:22',NULL),(165,'1','2023-06-23','A','2023-06-23 03:45:05',NULL),(165,'1','2023-07-10','P','2023-07-10 09:09:29',NULL),(165,'1','2023-07-12','A','2023-07-12 03:29:36',NULL),(165,'1','2023-07-13','P','2023-07-13 03:53:09',NULL),(165,'1','2023-07-14','A','2023-07-14 03:36:43',NULL),(165,'2A','2023-07-15','A','2023-07-15 04:10:07',NULL),(166,'Yellow','2023-06-20','A','2023-06-20 03:36:52',NULL),(166,'Yellow','2023-06-21','P','2023-06-21 04:22:37',NULL),(166,'Yellow','2023-06-23','P','2023-06-23 03:37:47',NULL),(166,'Yellow','2023-07-10','A','2023-07-10 10:16:07',NULL),(166,'Yellow','2023-07-12','A','2023-07-12 03:34:06',NULL),(166,'Yellow','2023-07-13','A','2023-07-13 03:56:28',NULL),(166,'Yellow','2023-07-14','A','2023-07-14 03:42:44',NULL),(166,'Yellow','2023-07-15','A','2023-07-15 04:25:05',NULL),(167,'Yellow','2023-06-20','A','2023-06-20 03:36:52',NULL),(167,'Yellow','2023-06-21','P','2023-06-21 04:22:37',NULL),(167,'Yellow','2023-06-23','P','2023-06-23 03:37:47',NULL),(167,'Yellow','2023-07-10','A','2023-07-10 10:16:07',NULL),(167,'Yellow','2023-07-12','A','2023-07-12 03:34:06',NULL),(167,'Yellow','2023-07-13','A','2023-07-13 03:56:28',NULL),(167,'Yellow','2023-07-14','A','2023-07-14 03:42:44',NULL),(167,'Yellow','2023-07-15','A','2023-07-15 04:25:05',NULL),(169,'2B','2023-06-19','A','2023-06-19 04:16:37',NULL),(169,'2B','2023-06-20','P','2023-06-20 03:31:23',NULL),(169,'2B','2023-06-21','P','2023-06-21 04:05:34',NULL),(169,'2B','2023-06-22','P','2023-06-22 05:18:10',NULL),(169,'2B','2023-06-23','P','2023-06-23 03:56:37',NULL),(169,'2B','2023-07-10','A','2023-07-10 09:20:38',NULL),(169,'2B','2023-07-12','A','2023-07-12 03:38:09',NULL),(169,'2B','2023-07-13','P','2023-07-13 03:53:08',NULL),(169,'2B','2023-07-14','P','2023-07-14 03:46:27',NULL),(169,'3A','2023-07-15','P','2023-07-15 03:34:30',NULL),(170,'1','2023-07-15','P','2023-07-15 06:17:08',NULL),(170,'Orange','2023-06-19','P','2023-06-19 04:01:13',NULL),(170,'Orange','2023-06-20','P','2023-06-20 03:29:14',NULL),(170,'Orange','2023-06-21','P','2023-06-21 04:51:50',NULL),(170,'Orange','2023-06-22','P','2023-06-22 05:12:33',NULL),(170,'Orange','2023-06-23','P','2023-06-23 03:50:26',NULL),(170,'Orange','2023-07-10','P','2023-07-10 09:12:54',NULL),(170,'Orange','2023-07-12','P','2023-07-12 03:28:05',NULL),(170,'Orange','2023-07-13','P','2023-07-13 03:39:19',NULL),(170,'Orange','2023-07-14','P','2023-07-14 03:32:56',NULL),(171,'Green','2023-06-14','P','2023-06-14 03:46:00',NULL),(171,'Green','2023-06-19','P','2023-06-19 03:58:34',NULL),(171,'Green','2023-06-20','P','2023-06-20 03:36:14',NULL),(171,'Green','2023-06-21','P','2023-06-21 04:20:43',NULL),(171,'Green','2023-06-22','P','2023-06-22 05:27:33',NULL),(171,'Green','2023-06-23','P','2023-06-23 03:37:22',NULL),(171,'Green','2023-07-10','A','2023-07-10 10:15:42',NULL),(171,'Green','2023-07-12','P','2023-07-12 03:33:43',NULL),(171,'Green','2023-07-13','P','2023-07-13 03:56:04',NULL),(171,'Green','2023-07-14','P','2023-07-14 03:42:17',NULL),(171,'Green','2023-07-15','P','2023-07-15 04:24:44',NULL),(172,'2A','2023-06-19','P','2023-06-19 04:15:18',NULL),(172,'2A','2023-06-20','P','2023-06-20 03:30:58',NULL),(172,'2A','2023-06-21','P','2023-06-21 04:05:05',NULL),(172,'2A','2023-06-22','P','2023-06-22 05:17:25',NULL),(172,'2A','2023-06-23','P','2023-06-23 03:55:34',NULL),(172,'2A','2023-07-10','P','2023-07-10 09:18:30',NULL),(172,'2A','2023-07-12','P','2023-07-12 03:36:52',NULL),(172,'2A','2023-07-13','P','2023-07-13 03:54:58',NULL),(172,'2A','2023-07-14','P','2023-07-14 03:45:06',NULL),(172,'3A','2023-07-15','P','2023-07-15 03:34:30',NULL),(173,'2A','2023-06-19','A','2023-06-19 04:15:18',NULL),(173,'2A','2023-06-20','A','2023-06-20 03:30:58',NULL),(173,'2A','2023-06-21','P','2023-06-21 04:05:05',NULL),(173,'2A','2023-06-22','P','2023-06-22 05:17:25',NULL),(173,'2A','2023-06-23','P','2023-06-23 03:55:34',NULL),(173,'2A','2023-07-10','A','2023-07-10 09:18:30',NULL),(173,'2A','2023-07-12','P','2023-07-12 03:36:52',NULL),(173,'2A','2023-07-13','P','2023-07-13 03:54:58',NULL),(173,'2A','2023-07-14','P','2023-07-14 03:45:06',NULL),(173,'3A','2023-07-15','P','2023-07-15 03:34:30',NULL),(174,'1','2023-07-15','P','2023-07-15 06:17:08',NULL),(174,'Orange','2023-06-19','P','2023-06-19 04:01:13',NULL),(174,'Orange','2023-06-20','P','2023-06-20 03:29:14',NULL),(174,'Orange','2023-06-21','P','2023-06-21 04:51:50',NULL),(174,'Orange','2023-06-22','P','2023-06-22 05:12:33',NULL),(174,'Orange','2023-06-23','P','2023-06-23 03:50:26',NULL),(174,'Orange','2023-07-10','P','2023-07-10 09:12:54',NULL),(174,'Orange','2023-07-12','P','2023-07-12 03:28:05',NULL),(174,'Orange','2023-07-13','P','2023-07-13 03:39:19',NULL),(174,'Orange','2023-07-14','P','2023-07-14 03:32:56',NULL),(175,'1','2023-06-19','P','2023-06-19 04:07:19',NULL),(175,'1','2023-06-20','P','2023-06-20 03:26:28',NULL),(175,'1','2023-06-21','P','2023-06-21 04:21:30',NULL),(175,'1','2023-06-22','P','2023-06-22 05:11:22',NULL),(175,'1','2023-06-23','P','2023-06-23 03:45:05',NULL),(175,'1','2023-07-10','A','2023-07-10 09:09:29',NULL),(175,'1','2023-07-12','P','2023-07-12 03:29:36',NULL),(175,'1','2023-07-13','P','2023-07-13 03:53:09',NULL),(175,'1','2023-07-14','P','2023-07-14 03:36:43',NULL),(175,'2A','2023-07-15','P','2023-07-15 04:10:07',NULL),(176,'Purple','2023-06-19','P','2023-06-19 04:04:59',NULL),(176,'Purple','2023-06-20','P','2023-06-20 03:27:39',NULL),(176,'Purple','2023-06-21','P','2023-06-21 04:22:14',NULL),(176,'Purple','2023-06-22','P','2023-06-22 05:14:31',NULL),(176,'Purple','2023-06-23','P','2023-06-23 03:47:59',NULL),(176,'Purple','2023-07-12','P','2023-07-12 03:26:37',NULL),(176,'Purple','2023-07-13','P','2023-07-13 03:44:13',NULL),(176,'Purple','2023-07-14','P','2023-07-14 03:30:20',NULL),(176,'Purple','2023-07-15','A','2023-07-15 06:14:28',NULL),(177,'Red','2023-06-19','P','2023-06-19 04:18:31',NULL),(177,'Red','2023-06-20','P','2023-06-20 03:34:46',NULL),(177,'Red','2023-06-21','P','2023-06-21 04:12:42',NULL),(177,'Red','2023-06-22','P','2023-06-22 05:30:10',NULL),(177,'Red','2023-06-23','A','2023-06-23 03:36:00',NULL),(177,'Red','2023-07-10','A','2023-07-10 10:07:06',NULL),(177,'Red','2023-07-12','A','2023-07-12 03:41:19',NULL),(177,'Red','2023-07-13','A','2023-07-13 03:51:01',NULL),(177,'Red','2023-07-14','A','2023-07-14 03:35:28',NULL),(177,'Red','2023-07-15','A','2023-07-15 04:05:53',NULL),(178,'Red','2023-06-19','A','2023-06-19 04:18:31',NULL),(178,'Red','2023-06-20','P','2023-06-20 03:34:46',NULL),(178,'Red','2023-06-21','P','2023-06-21 04:12:42',NULL),(178,'Red','2023-06-22','P','2023-06-22 05:30:10',NULL),(178,'Red','2023-06-23','P','2023-06-23 03:36:00',NULL),(178,'Red','2023-07-10','P','2023-07-10 10:07:06',NULL),(178,'Red','2023-07-12','A','2023-07-12 03:41:19',NULL),(178,'Red','2023-07-13','P','2023-07-13 03:51:01',NULL),(178,'Red','2023-07-14','P','2023-07-14 03:35:28',NULL),(178,'Red','2023-07-15','P','2023-07-15 04:05:53',NULL),(179,'1','2023-07-15','P','2023-07-15 06:17:08',NULL),(179,'Orange','2023-06-19','P','2023-06-19 04:01:13',NULL),(179,'Orange','2023-06-20','P','2023-06-20 03:29:14',NULL),(179,'Orange','2023-06-21','P','2023-06-21 04:51:50',NULL),(179,'Orange','2023-06-22','P','2023-06-22 05:12:33',NULL),(179,'Orange','2023-06-23','P','2023-06-23 03:50:26',NULL),(179,'Orange','2023-07-10','P','2023-07-10 09:12:54',NULL),(179,'Orange','2023-07-12','P','2023-07-12 03:28:05',NULL),(179,'Orange','2023-07-13','P','2023-07-13 03:39:19',NULL),(179,'Orange','2023-07-14','P','2023-07-14 03:32:56',NULL),(180,'Purple','2023-06-19','A','2023-06-19 04:04:59',NULL),(180,'Purple','2023-06-20','A','2023-06-20 03:27:39',NULL),(180,'Purple','2023-06-21','P','2023-06-21 04:22:14',NULL),(180,'Purple','2023-06-22','P','2023-06-22 05:14:31',NULL),(180,'Purple','2023-06-23','P','2023-06-23 03:47:59',NULL),(180,'Purple','2023-07-12','A','2023-07-12 03:26:37',NULL),(180,'Purple','2023-07-13','P','2023-07-13 03:44:13',NULL),(180,'Purple','2023-07-14','A','2023-07-14 03:30:20',NULL),(180,'Purple','2023-07-15','P','2023-07-15 06:14:28',NULL),(181,'2B','2023-06-19','P','2023-06-19 04:16:37',NULL),(181,'2B','2023-06-20','P','2023-06-20 03:31:23',NULL),(181,'2B','2023-06-21','A','2023-06-21 04:05:34',NULL),(181,'2B','2023-06-22','P','2023-06-22 05:18:10',NULL),(181,'2B','2023-06-23','P','2023-06-23 03:56:37',NULL),(181,'2B','2023-07-10','A','2023-07-10 09:20:38',NULL),(181,'2B','2023-07-12','P','2023-07-12 03:38:09',NULL),(181,'2B','2023-07-13','P','2023-07-13 03:53:08',NULL),(181,'2B','2023-07-14','P','2023-07-14 03:46:27',NULL),(181,'3A','2023-07-15','P','2023-07-15 03:34:30',NULL),(183,'2A','2023-06-19','P','2023-06-19 04:15:18',NULL),(183,'2A','2023-06-20','P','2023-06-20 03:30:58',NULL),(183,'2A','2023-06-21','P','2023-06-21 04:05:05',NULL),(183,'2A','2023-06-22','P','2023-06-22 05:17:25',NULL),(183,'2A','2023-06-23','P','2023-06-23 03:55:34',NULL),(183,'2A','2023-07-10','P','2023-07-10 09:18:30',NULL),(183,'2A','2023-07-12','P','2023-07-12 03:36:52',NULL),(183,'2A','2023-07-13','P','2023-07-13 03:54:58',NULL),(183,'2A','2023-07-14','P','2023-07-14 03:45:06',NULL),(183,'3A','2023-07-15','P','2023-07-15 03:34:30',NULL),(185,'2A','2023-06-19','P','2023-06-19 04:15:18',NULL),(185,'2A','2023-06-20','P','2023-06-20 03:30:58',NULL),(185,'2A','2023-06-21','P','2023-06-21 04:05:05',NULL),(185,'2A','2023-06-22','P','2023-06-22 05:17:25',NULL),(185,'2A','2023-06-23','P','2023-06-23 03:55:34',NULL),(185,'2A','2023-07-10','P','2023-07-10 09:18:30',NULL),(185,'2A','2023-07-12','P','2023-07-12 03:36:52',NULL),(185,'2A','2023-07-13','P','2023-07-13 03:54:58',NULL),(185,'2A','2023-07-14','P','2023-07-14 03:45:06',NULL),(185,'3A','2023-07-15','P','2023-07-15 03:34:30',NULL),(186,'2A','2023-06-19','P','2023-06-19 04:15:18',NULL),(186,'2A','2023-06-20','P','2023-06-20 03:30:58',NULL),(186,'2A','2023-06-21','P','2023-06-21 04:05:05',NULL),(186,'2A','2023-06-22','P','2023-06-22 05:17:25',NULL),(186,'2A','2023-06-23','P','2023-06-23 03:55:34',NULL),(186,'2A','2023-07-10','P','2023-07-10 09:18:30',NULL),(186,'2A','2023-07-12','P','2023-07-12 03:36:52',NULL),(186,'2A','2023-07-13','P','2023-07-13 03:54:58',NULL),(186,'2A','2023-07-14','P','2023-07-14 03:45:06',NULL),(186,'3A','2023-07-15','P','2023-07-15 03:34:30',NULL),(187,'2A','2023-06-19','P','2023-06-19 04:15:18',NULL),(187,'2A','2023-06-20','P','2023-06-20 03:30:58',NULL),(187,'2A','2023-06-21','P','2023-06-21 04:05:05',NULL),(187,'2A','2023-06-22','P','2023-06-22 05:17:25',NULL),(187,'2A','2023-06-23','P','2023-06-23 03:55:34',NULL),(187,'2A','2023-07-10','P','2023-07-10 09:18:30',NULL),(187,'2A','2023-07-12','P','2023-07-12 03:36:52',NULL),(187,'2A','2023-07-13','P','2023-07-13 03:54:58',NULL),(187,'2A','2023-07-14','P','2023-07-14 03:45:06',NULL),(187,'3A','2023-07-15','A','2023-07-15 03:34:30',NULL),(188,'2A','2023-06-19','P','2023-06-19 04:15:18',NULL),(188,'2A','2023-06-20','P','2023-06-20 03:30:58',NULL),(188,'2A','2023-06-21','P','2023-06-21 04:05:05',NULL),(188,'2A','2023-06-22','A','2023-06-22 05:17:25',NULL),(188,'2A','2023-06-23','P','2023-06-23 03:55:34',NULL),(188,'2A','2023-07-10','P','2023-07-10 09:18:30',NULL),(188,'2A','2023-07-12','P','2023-07-12 03:36:52',NULL),(188,'2A','2023-07-13','P','2023-07-13 03:54:58',NULL),(188,'2A','2023-07-14','A','2023-07-14 03:45:06',NULL),(188,'3A','2023-07-15','A','2023-07-15 03:34:30',NULL),(189,'2A','2023-06-19','P','2023-06-19 04:15:18',NULL),(189,'2A','2023-06-20','P','2023-06-20 03:30:58',NULL),(189,'2A','2023-06-21','P','2023-06-21 04:05:05',NULL),(189,'2A','2023-06-22','P','2023-06-22 05:17:25',NULL),(189,'2A','2023-06-23','P','2023-06-23 03:55:34',NULL),(189,'2A','2023-07-10','A','2023-07-10 09:18:30',NULL),(189,'2A','2023-07-12','P','2023-07-12 03:36:52',NULL),(189,'2A','2023-07-13','P','2023-07-13 03:54:58',NULL),(189,'2A','2023-07-14','P','2023-07-14 03:45:06',NULL),(189,'3A','2023-07-15','A','2023-07-15 03:34:30',NULL),(190,'2A','2023-06-19','P','2023-06-19 04:15:18',NULL),(190,'2A','2023-06-20','P','2023-06-20 03:30:58',NULL),(190,'2A','2023-06-21','A','2023-06-21 04:05:05',NULL),(190,'2A','2023-06-22','A','2023-06-22 05:17:25',NULL),(190,'2A','2023-06-23','P','2023-06-23 03:55:34',NULL),(190,'2A','2023-07-10','A','2023-07-10 09:18:30',NULL),(190,'2A','2023-07-12','A','2023-07-12 03:36:52',NULL),(190,'2A','2023-07-13','P','2023-07-13 03:54:58',NULL),(190,'2A','2023-07-14','A','2023-07-14 03:45:06',NULL),(190,'3A','2023-07-15','A','2023-07-15 03:34:30',NULL),(191,'2A','2023-06-19','P','2023-06-19 04:15:18',NULL),(191,'2A','2023-06-20','P','2023-06-20 03:30:58',NULL),(191,'2A','2023-06-21','P','2023-06-21 04:05:05',NULL),(191,'2A','2023-06-22','A','2023-06-22 05:17:25',NULL),(191,'2A','2023-06-23','A','2023-06-23 03:55:34',NULL),(191,'2A','2023-07-10','A','2023-07-10 09:18:30',NULL),(191,'2A','2023-07-12','P','2023-07-12 03:36:52',NULL),(191,'2A','2023-07-13','P','2023-07-13 03:54:58',NULL),(191,'2A','2023-07-14','P','2023-07-14 03:45:06',NULL),(191,'3A','2023-07-15','A','2023-07-15 03:34:30',NULL),(193,'2A','2023-06-19','P','2023-06-19 04:15:18',NULL),(193,'2A','2023-06-20','P','2023-06-20 03:30:58',NULL),(193,'2A','2023-06-21','P','2023-06-21 04:05:05',NULL),(193,'2A','2023-06-22','P','2023-06-22 05:17:25',NULL),(193,'2A','2023-06-23','P','2023-06-23 03:55:34',NULL),(193,'2A','2023-07-10','A','2023-07-10 09:18:30',NULL),(193,'2A','2023-07-12','P','2023-07-12 03:36:52',NULL),(193,'2A','2023-07-13','P','2023-07-13 03:54:58',NULL),(193,'2A','2023-07-14','P','2023-07-14 03:45:06',NULL),(193,'3A','2023-07-15','A','2023-07-15 03:34:30',NULL),(194,'2A','2023-06-19','P','2023-06-19 04:15:18',NULL),(194,'2A','2023-06-20','P','2023-06-20 03:30:58',NULL),(194,'2A','2023-06-21','P','2023-06-21 04:05:05',NULL),(194,'2A','2023-06-22','P','2023-06-22 05:17:25',NULL),(194,'2A','2023-06-23','P','2023-06-23 03:55:34',NULL),(194,'2A','2023-07-10','A','2023-07-10 09:18:30',NULL),(194,'2A','2023-07-12','A','2023-07-12 03:36:52',NULL),(194,'2A','2023-07-13','A','2023-07-13 03:54:58',NULL),(194,'2A','2023-07-14','P','2023-07-14 03:45:06',NULL),(194,'3A','2023-07-15','P','2023-07-15 03:34:30',NULL),(196,'1','2023-06-19','P','2023-06-19 04:07:19',NULL),(196,'1','2023-06-20','P','2023-06-20 03:26:28',NULL),(196,'1','2023-06-21','P','2023-06-21 04:21:30',NULL),(196,'1','2023-06-22','P','2023-06-22 05:11:22',NULL),(196,'1','2023-06-23','P','2023-06-23 03:45:05',NULL),(196,'1','2023-07-10','A','2023-07-10 09:09:29',NULL),(196,'1','2023-07-12','P','2023-07-12 03:29:36',NULL),(196,'1','2023-07-13','P','2023-07-13 03:53:09',NULL),(196,'1','2023-07-14','P','2023-07-14 03:36:43',NULL),(196,'2A','2023-07-15','P','2023-07-15 04:10:07',NULL),(197,'2A','2023-06-19','A','2023-06-19 04:15:18',NULL),(197,'2A','2023-06-20','P','2023-06-20 03:30:58',NULL),(197,'2A','2023-06-21','P','2023-06-21 04:05:05',NULL),(197,'2A','2023-06-22','A','2023-06-22 05:17:25',NULL),(197,'2A','2023-06-23','P','2023-06-23 03:55:34',NULL),(197,'2A','2023-07-10','P','2023-07-10 09:18:30',NULL),(197,'2A','2023-07-12','P','2023-07-12 03:36:52',NULL),(197,'2A','2023-07-13','P','2023-07-13 03:54:58',NULL),(197,'2A','2023-07-14','A','2023-07-14 03:45:06',NULL),(197,'3A','2023-07-15','P','2023-07-15 03:34:30',NULL),(198,'2B','2023-06-19','A','2023-06-19 04:16:37',NULL),(198,'2B','2023-06-20','P','2023-06-20 03:31:23',NULL),(198,'2B','2023-06-21','P','2023-06-21 04:05:34',NULL),(198,'2B','2023-06-22','A','2023-06-22 05:18:10',NULL),(198,'2B','2023-06-23','P','2023-06-23 03:56:37',NULL),(198,'2B','2023-07-10','A','2023-07-10 09:20:38',NULL),(198,'2B','2023-07-12','P','2023-07-12 03:38:09',NULL),(198,'2B','2023-07-13','P','2023-07-13 03:53:08',NULL),(198,'2B','2023-07-14','P','2023-07-14 03:46:27',NULL),(198,'3A','2023-07-15','P','2023-07-15 03:34:30',NULL),(199,'2B','2023-06-19','P','2023-06-19 04:16:37',NULL),(199,'2B','2023-06-20','P','2023-06-20 03:31:23',NULL),(199,'2B','2023-06-21','P','2023-06-21 04:05:34',NULL),(199,'2B','2023-06-22','P','2023-06-22 05:18:10',NULL),(199,'2B','2023-06-23','P','2023-06-23 03:56:37',NULL),(199,'2B','2023-07-10','A','2023-07-10 09:20:38',NULL),(199,'2B','2023-07-12','P','2023-07-12 03:38:09',NULL),(199,'2B','2023-07-13','P','2023-07-13 03:53:08',NULL),(199,'2B','2023-07-14','P','2023-07-14 03:46:27',NULL),(199,'3A','2023-07-15','P','2023-07-15 03:34:30',NULL),(200,'2A','2023-06-19','P','2023-06-19 04:15:18',NULL),(200,'2A','2023-06-20','P','2023-06-20 03:30:58',NULL),(200,'2A','2023-06-21','P','2023-06-21 04:05:05',NULL),(200,'2A','2023-06-22','P','2023-06-22 05:17:25',NULL),(200,'2A','2023-06-23','P','2023-06-23 03:55:34',NULL),(200,'2A','2023-07-10','P','2023-07-10 09:18:30',NULL),(200,'2A','2023-07-12','P','2023-07-12 03:36:52',NULL),(200,'2A','2023-07-13','P','2023-07-13 03:54:58',NULL),(200,'2A','2023-07-14','P','2023-07-14 03:45:06',NULL),(200,'3A','2023-07-15','P','2023-07-15 03:34:30',NULL),(201,'2B','2023-06-19','A','2023-06-19 04:16:37',NULL),(201,'2B','2023-06-20','P','2023-06-20 03:31:23',NULL),(201,'2B','2023-06-21','P','2023-06-21 04:05:34',NULL),(201,'2B','2023-06-22','P','2023-06-22 05:18:10',NULL),(201,'2B','2023-06-23','P','2023-06-23 03:56:37',NULL),(201,'2B','2023-07-10','P','2023-07-10 09:20:38',NULL),(201,'2B','2023-07-12','P','2023-07-12 03:38:09',NULL),(201,'2B','2023-07-13','P','2023-07-13 03:53:08',NULL),(201,'2B','2023-07-14','P','2023-07-14 03:46:27',NULL),(201,'3A','2023-07-15','P','2023-07-15 03:34:30',NULL),(202,'2A','2023-06-19','P','2023-06-19 04:15:18',NULL),(202,'2A','2023-06-20','P','2023-06-20 03:30:58',NULL),(202,'2A','2023-06-21','P','2023-06-21 04:05:05',NULL),(202,'2A','2023-06-22','P','2023-06-22 05:17:25',NULL),(202,'2A','2023-06-23','A','2023-06-23 03:55:34',NULL),(202,'2A','2023-07-10','A','2023-07-10 09:18:30',NULL),(202,'2A','2023-07-12','P','2023-07-12 03:36:52',NULL),(202,'2A','2023-07-13','P','2023-07-13 03:54:58',NULL),(202,'2A','2023-07-14','P','2023-07-14 03:45:06',NULL),(202,'3A','2023-07-15','P','2023-07-15 03:34:30',NULL),(203,'2A','2023-06-19','A','2023-06-19 04:15:18',NULL),(203,'2A','2023-06-20','A','2023-06-20 03:30:58',NULL),(203,'2A','2023-06-21','P','2023-06-21 04:05:05',NULL),(203,'2A','2023-06-22','P','2023-06-22 05:17:25',NULL),(203,'2A','2023-06-23','P','2023-06-23 03:55:34',NULL),(203,'2A','2023-07-10','A','2023-07-10 09:18:30',NULL),(203,'2A','2023-07-12','A','2023-07-12 03:36:52',NULL),(203,'2A','2023-07-13','P','2023-07-13 03:54:58',NULL),(203,'2A','2023-07-14','P','2023-07-14 03:45:06',NULL),(203,'3A','2023-07-15','A','2023-07-15 03:34:30',NULL),(204,'2B','2023-06-19','P','2023-06-19 04:16:37',NULL),(204,'2B','2023-06-20','P','2023-06-20 03:31:23',NULL),(204,'2B','2023-06-21','P','2023-06-21 04:05:34',NULL),(204,'2B','2023-06-22','P','2023-06-22 05:18:10',NULL),(204,'2B','2023-06-23','P','2023-06-23 03:56:37',NULL),(204,'2B','2023-07-10','P','2023-07-10 09:20:38',NULL),(204,'2B','2023-07-12','P','2023-07-12 03:38:09',NULL),(204,'2B','2023-07-13','P','2023-07-13 03:53:08',NULL),(204,'2B','2023-07-14','P','2023-07-14 03:46:27',NULL),(204,'3A','2023-07-15','P','2023-07-15 03:34:30',NULL),(205,'2B','2023-06-19','A','2023-06-19 04:16:37',NULL),(205,'2B','2023-06-20','P','2023-06-20 03:31:23',NULL),(205,'2B','2023-06-21','P','2023-06-21 04:05:34',NULL),(205,'2B','2023-06-22','P','2023-06-22 05:18:10',NULL),(205,'2B','2023-06-23','P','2023-06-23 03:56:37',NULL),(205,'2B','2023-07-10','P','2023-07-10 09:20:38',NULL),(205,'2B','2023-07-12','P','2023-07-12 03:38:09',NULL),(205,'2B','2023-07-13','P','2023-07-13 03:53:08',NULL),(205,'2B','2023-07-14','P','2023-07-14 03:46:27',NULL),(205,'3A','2023-07-15','P','2023-07-15 03:34:30',NULL),(206,'2B','2023-06-19','P','2023-06-19 04:16:37',NULL),(206,'2B','2023-06-20','P','2023-06-20 03:31:23',NULL),(206,'2B','2023-06-21','P','2023-06-21 04:05:34',NULL),(206,'2B','2023-06-22','A','2023-06-22 05:18:10',NULL),(206,'2B','2023-06-23','A','2023-06-23 03:56:37',NULL),(206,'2B','2023-07-10','A','2023-07-10 09:20:38',NULL),(206,'2B','2023-07-12','A','2023-07-12 03:38:09',NULL),(206,'2B','2023-07-13','P','2023-07-13 03:53:08',NULL),(206,'2B','2023-07-14','P','2023-07-14 03:46:27',NULL),(206,'3A','2023-07-15','P','2023-07-15 03:34:30',NULL),(207,'2B','2023-06-19','P','2023-06-19 04:16:37',NULL),(207,'2B','2023-06-20','P','2023-06-20 03:31:23',NULL),(207,'2B','2023-06-21','P','2023-06-21 04:05:34',NULL),(207,'2B','2023-06-22','P','2023-06-22 05:18:10',NULL),(207,'2B','2023-06-23','P','2023-06-23 03:56:37',NULL),(207,'2B','2023-07-10','A','2023-07-10 09:20:38',NULL),(207,'2B','2023-07-12','A','2023-07-12 03:38:09',NULL),(207,'2B','2023-07-13','A','2023-07-13 03:53:08',NULL),(207,'2B','2023-07-14','P','2023-07-14 03:46:27',NULL),(207,'3A','2023-07-15','P','2023-07-15 03:34:30',NULL),(208,'2B','2023-06-19','P','2023-06-19 04:16:37',NULL),(208,'2B','2023-06-20','P','2023-06-20 03:31:23',NULL),(208,'2B','2023-06-21','P','2023-06-21 04:05:34',NULL),(208,'2B','2023-06-22','P','2023-06-22 05:18:10',NULL),(208,'2B','2023-06-23','A','2023-06-23 03:56:37',NULL),(208,'2B','2023-07-10','A','2023-07-10 09:20:38',NULL),(208,'2B','2023-07-12','A','2023-07-12 03:38:09',NULL),(208,'2B','2023-07-13','A','2023-07-13 03:53:08',NULL),(208,'2B','2023-07-14','P','2023-07-14 03:46:27',NULL),(208,'3A','2023-07-15','P','2023-07-15 03:34:30',NULL),(209,'2B','2023-06-19','A','2023-06-19 04:16:37',NULL),(209,'2B','2023-06-20','P','2023-06-20 03:31:23',NULL),(209,'2B','2023-06-21','P','2023-06-21 04:05:34',NULL),(209,'2B','2023-06-22','P','2023-06-22 05:18:10',NULL),(209,'2B','2023-06-23','P','2023-06-23 03:56:37',NULL),(209,'2B','2023-07-10','A','2023-07-10 09:20:38',NULL),(209,'2B','2023-07-12','P','2023-07-12 03:38:09',NULL),(209,'2B','2023-07-13','P','2023-07-13 03:53:08',NULL),(209,'2B','2023-07-14','P','2023-07-14 03:46:27',NULL),(209,'3A','2023-07-15','P','2023-07-15 03:34:30',NULL),(210,'Red','2023-06-19','P','2023-06-19 04:18:31',NULL),(210,'Red','2023-06-20','P','2023-06-20 03:34:46',NULL),(210,'Red','2023-06-21','P','2023-06-21 04:12:42',NULL),(210,'Red','2023-06-22','P','2023-06-22 05:30:10',NULL),(210,'Red','2023-06-23','P','2023-06-23 03:36:00',NULL),(210,'Red','2023-07-10','A','2023-07-10 10:07:06',NULL),(210,'Red','2023-07-12','A','2023-07-12 03:41:19',NULL),(210,'Red','2023-07-13','P','2023-07-13 03:51:01',NULL),(210,'Red','2023-07-14','P','2023-07-14 03:35:28',NULL),(210,'Red','2023-07-15','P','2023-07-15 04:05:53',NULL),(211,'2B','2023-06-19','P','2023-06-19 04:16:37',NULL),(211,'2B','2023-06-20','P','2023-06-20 03:31:23',NULL),(211,'2B','2023-06-21','P','2023-06-21 04:05:34',NULL),(211,'2B','2023-06-22','P','2023-06-22 05:18:10',NULL),(211,'2B','2023-06-23','P','2023-06-23 03:56:37',NULL),(211,'2B','2023-07-10','A','2023-07-10 09:20:38',NULL),(211,'2B','2023-07-12','A','2023-07-12 03:38:09',NULL),(211,'2B','2023-07-13','P','2023-07-13 03:53:08',NULL),(211,'2B','2023-07-14','P','2023-07-14 03:46:27',NULL),(211,'3A','2023-07-15','P','2023-07-15 03:34:30',NULL),(212,'2B','2023-06-19','A','2023-06-19 04:16:37',NULL),(212,'2B','2023-06-20','P','2023-06-20 03:31:23',NULL),(212,'2B','2023-06-21','P','2023-06-21 04:05:34',NULL),(212,'2B','2023-06-22','A','2023-06-22 05:18:10',NULL),(212,'2B','2023-06-23','A','2023-06-23 03:56:37',NULL),(212,'2B','2023-07-10','P','2023-07-10 09:20:38',NULL),(212,'2B','2023-07-12','P','2023-07-12 03:38:09',NULL),(212,'2B','2023-07-13','P','2023-07-13 03:53:08',NULL),(212,'2B','2023-07-14','A','2023-07-14 03:46:27',NULL),(212,'3A','2023-07-15','P','2023-07-15 03:34:30',NULL),(213,'Green','2023-06-14','A','2023-06-14 03:46:00',NULL),(213,'Green','2023-06-19','P','2023-06-19 03:58:34',NULL),(213,'Green','2023-06-20','P','2023-06-20 03:36:14',NULL),(213,'Green','2023-06-21','P','2023-06-21 04:20:43',NULL),(213,'Green','2023-06-22','P','2023-06-22 05:27:33',NULL),(213,'Green','2023-06-23','A','2023-06-23 03:37:22',NULL),(213,'Green','2023-07-10','A','2023-07-10 10:15:42',NULL),(213,'Green','2023-07-12','P','2023-07-12 03:33:43',NULL),(213,'Green','2023-07-13','P','2023-07-13 03:56:04',NULL),(213,'Green','2023-07-14','A','2023-07-14 03:42:17',NULL),(213,'Green','2023-07-15','A','2023-07-15 04:24:44',NULL),(214,'Red','2023-06-19','A','2023-06-19 04:18:31',NULL),(214,'Red','2023-06-20','P','2023-06-20 03:34:46',NULL),(214,'Red','2023-06-21','A','2023-06-21 04:12:42',NULL),(214,'Red','2023-06-22','P','2023-06-22 05:30:10',NULL),(214,'Red','2023-06-23','P','2023-06-23 03:36:00',NULL),(214,'Red','2023-07-10','P','2023-07-10 10:07:06',NULL),(214,'Red','2023-07-12','P','2023-07-12 03:41:19',NULL),(214,'Red','2023-07-13','P','2023-07-13 03:51:01',NULL),(214,'Red','2023-07-14','P','2023-07-14 03:35:28',NULL),(214,'Red','2023-07-15','P','2023-07-15 04:05:53',NULL),(215,'2A','2023-06-19','P','2023-06-19 04:15:18',NULL),(215,'2A','2023-06-20','P','2023-06-20 03:30:58',NULL),(215,'2A','2023-06-21','P','2023-06-21 04:05:05',NULL),(215,'2A','2023-06-22','P','2023-06-22 05:17:25',NULL),(215,'2A','2023-06-23','P','2023-06-23 03:55:34',NULL),(215,'2A','2023-07-10','A','2023-07-10 09:18:30',NULL),(215,'2A','2023-07-12','P','2023-07-12 03:36:52',NULL),(215,'2A','2023-07-13','A','2023-07-13 03:54:58',NULL),(215,'2A','2023-07-14','P','2023-07-14 03:45:06',NULL),(215,'3A','2023-07-15','P','2023-07-15 03:34:30',NULL),(216,'2A','2023-06-19','A','2023-06-19 04:15:18',NULL),(216,'2A','2023-06-20','P','2023-06-20 03:30:58',NULL),(216,'2A','2023-06-21','P','2023-06-21 04:05:05',NULL),(216,'2A','2023-06-22','P','2023-06-22 05:17:25',NULL),(216,'2A','2023-06-23','A','2023-06-23 03:55:34',NULL),(216,'2A','2023-07-10','P','2023-07-10 09:18:30',NULL),(216,'2A','2023-07-12','P','2023-07-12 03:36:52',NULL),(216,'2A','2023-07-13','P','2023-07-13 03:54:58',NULL),(216,'2A','2023-07-14','A','2023-07-14 03:45:06',NULL),(216,'3A','2023-07-15','P','2023-07-15 03:34:30',NULL),(217,'2A','2023-06-19','P','2023-06-19 04:15:18',NULL),(217,'2A','2023-06-20','P','2023-06-20 03:30:58',NULL),(217,'2A','2023-06-21','A','2023-06-21 04:05:05',NULL),(217,'2A','2023-06-22','P','2023-06-22 05:17:25',NULL),(217,'2A','2023-06-23','P','2023-06-23 03:55:34',NULL),(217,'2A','2023-07-10','A','2023-07-10 09:18:30',NULL),(217,'2A','2023-07-12','A','2023-07-12 03:36:52',NULL),(217,'2A','2023-07-13','P','2023-07-13 03:54:58',NULL),(217,'2A','2023-07-14','A','2023-07-14 03:45:06',NULL),(217,'3A','2023-07-15','A','2023-07-15 03:34:30',NULL),(218,'2B','2023-06-19','A','2023-06-19 04:16:37',NULL),(218,'2B','2023-06-20','A','2023-06-20 03:31:23',NULL),(218,'2B','2023-06-21','A','2023-06-21 04:05:34',NULL),(218,'2B','2023-06-22','A','2023-06-22 05:18:10',NULL),(218,'2B','2023-06-23','A','2023-06-23 03:56:37',NULL),(218,'2B','2023-07-10','A','2023-07-10 09:20:38',NULL),(218,'2B','2023-07-12','P','2023-07-12 03:38:09',NULL),(218,'2B','2023-07-13','P','2023-07-13 03:53:08',NULL),(218,'2B','2023-07-14','P','2023-07-14 03:46:27',NULL),(218,'3A','2023-07-15','P','2023-07-15 03:34:30',NULL),(219,'2A','2023-06-19','A','2023-06-19 04:15:18',NULL),(219,'2A','2023-06-20','P','2023-06-20 03:30:58',NULL),(219,'2A','2023-06-21','P','2023-06-21 04:05:05',NULL),(219,'2A','2023-06-22','P','2023-06-22 05:17:25',NULL),(219,'2A','2023-06-23','P','2023-06-23 03:55:34',NULL),(219,'2A','2023-07-10','A','2023-07-10 09:18:30',NULL),(219,'2A','2023-07-12','P','2023-07-12 03:36:52',NULL),(219,'2A','2023-07-13','P','2023-07-13 03:54:58',NULL),(219,'2A','2023-07-14','P','2023-07-14 03:45:06',NULL),(219,'3A','2023-07-15','P','2023-07-15 03:34:30',NULL),(221,'2A','2023-06-19','P','2023-06-19 04:15:18',NULL),(221,'2A','2023-06-20','P','2023-06-20 03:30:58',NULL),(221,'2A','2023-06-21','P','2023-06-21 04:05:05',NULL),(221,'2A','2023-06-22','P','2023-06-22 05:17:25',NULL),(221,'2A','2023-06-23','P','2023-06-23 03:55:34',NULL),(221,'2A','2023-07-10','A','2023-07-10 09:18:30',NULL),(221,'2A','2023-07-12','P','2023-07-12 03:36:52',NULL),(221,'2A','2023-07-13','P','2023-07-13 03:54:58',NULL),(221,'2A','2023-07-14','P','2023-07-14 03:45:06',NULL),(221,'3A','2023-07-15','P','2023-07-15 03:34:30',NULL),(222,'2B','2023-06-19','P','2023-06-19 04:16:37',NULL),(222,'2B','2023-06-20','P','2023-06-20 03:31:23',NULL),(222,'2B','2023-06-21','P','2023-06-21 04:05:34',NULL),(222,'2B','2023-06-22','A','2023-06-22 05:18:10',NULL),(222,'2B','2023-06-23','P','2023-06-23 03:56:37',NULL),(222,'2B','2023-07-10','P','2023-07-10 09:20:38',NULL),(222,'2B','2023-07-12','A','2023-07-12 03:38:09',NULL),(222,'2B','2023-07-13','P','2023-07-13 03:53:08',NULL),(222,'2B','2023-07-14','P','2023-07-14 03:46:27',NULL),(222,'3A','2023-07-15','P','2023-07-15 03:34:30',NULL),(223,'2A','2023-06-19','P','2023-06-19 04:15:18',NULL),(223,'2A','2023-06-20','P','2023-06-20 03:30:58',NULL),(223,'2A','2023-06-21','P','2023-06-21 04:05:05',NULL),(223,'2A','2023-06-22','P','2023-06-22 05:17:25',NULL),(223,'2A','2023-06-23','P','2023-06-23 03:55:34',NULL),(223,'2A','2023-07-10','A','2023-07-10 09:18:30',NULL),(223,'2A','2023-07-12','P','2023-07-12 03:36:52',NULL),(223,'2A','2023-07-13','P','2023-07-13 03:54:58',NULL),(223,'2A','2023-07-14','P','2023-07-14 03:45:06',NULL),(223,'3A','2023-07-15','P','2023-07-15 03:34:30',NULL),(224,'Red','2023-06-19','A','2023-06-19 04:18:31',NULL),(224,'Red','2023-06-20','P','2023-06-20 03:34:46',NULL),(224,'Red','2023-06-21','P','2023-06-21 04:12:42',NULL),(224,'Red','2023-06-22','P','2023-06-22 05:30:10',NULL),(224,'Red','2023-06-23','A','2023-06-23 03:36:00',NULL),(224,'Red','2023-07-10','A','2023-07-10 10:07:06',NULL),(224,'Red','2023-07-12','A','2023-07-12 03:41:19',NULL),(224,'Red','2023-07-13','P','2023-07-13 03:51:01',NULL),(224,'Red','2023-07-14','P','2023-07-14 03:35:28',NULL),(224,'Red','2023-07-15','P','2023-07-15 04:05:53',NULL),(225,'3A','2023-06-19','P','2023-06-19 04:24:16',NULL),(225,'3A','2023-06-20','P','2023-06-20 03:36:02',NULL),(225,'3A','2023-06-21','A','2023-06-21 04:11:15',NULL),(225,'3A','2023-06-22','P','2023-06-22 05:21:43',NULL),(225,'3A','2023-06-23','A','2023-06-23 03:59:27',NULL),(225,'3A','2023-07-10','A','2023-07-10 09:21:43',NULL),(225,'3A','2023-07-12','A','2023-07-12 03:33:23',NULL),(225,'3A','2023-07-13','P','2023-07-13 03:49:14',NULL),(225,'3A','2023-07-14','P','2023-07-14 03:39:57',NULL),(225,'4','2023-07-15','A','2023-07-15 03:46:07',NULL),(226,'3A','2023-06-19','P','2023-06-19 04:24:16',NULL),(226,'3A','2023-06-20','P','2023-06-20 03:36:02',NULL),(226,'3A','2023-06-21','A','2023-06-21 04:11:15',NULL),(226,'3A','2023-06-22','P','2023-06-22 05:21:43',NULL),(226,'3A','2023-06-23','A','2023-06-23 03:59:27',NULL),(226,'3A','2023-07-10','A','2023-07-10 09:21:43',NULL),(226,'3A','2023-07-12','A','2023-07-12 03:33:23',NULL),(226,'3A','2023-07-13','P','2023-07-13 03:49:14',NULL),(226,'3A','2023-07-14','P','2023-07-14 03:39:57',NULL),(226,'4','2023-07-15','A','2023-07-15 03:46:07',NULL),(228,'3B','2023-06-19','P','2023-06-19 04:27:54',NULL),(228,'3B','2023-06-20','P','2023-06-20 03:41:13',NULL),(228,'3B','2023-06-21','A','2023-06-21 04:17:21',NULL),(228,'3B','2023-06-22','P','2023-06-22 05:23:40',NULL),(228,'3B','2023-06-23','P','2023-06-23 04:01:30',NULL),(228,'3B','2023-07-10','A','2023-07-10 09:22:44',NULL),(228,'3B','2023-07-12','A','2023-07-12 03:34:36',NULL),(228,'3B','2023-07-13','P','2023-07-13 03:51:03',NULL),(228,'3B','2023-07-14','A','2023-07-14 03:43:05',NULL),(228,'4','2023-07-15','A','2023-07-15 03:46:07',NULL),(229,'3A','2023-06-19','A','2023-06-19 04:24:16',NULL),(229,'3A','2023-06-20','P','2023-06-20 03:36:02',NULL),(229,'3A','2023-06-21','P','2023-06-21 04:11:15',NULL),(229,'3A','2023-06-22','P','2023-06-22 05:21:43',NULL),(229,'3A','2023-06-23','P','2023-06-23 03:59:27',NULL),(229,'3A','2023-07-10','A','2023-07-10 09:21:43',NULL),(229,'3A','2023-07-12','P','2023-07-12 03:33:23',NULL),(229,'3A','2023-07-13','P','2023-07-13 03:49:14',NULL),(229,'3A','2023-07-14','P','2023-07-14 03:39:57',NULL),(229,'4','2023-07-15','P','2023-07-15 03:46:07',NULL),(230,'3A','2023-06-19','P','2023-06-19 04:24:16',NULL),(230,'3A','2023-06-20','P','2023-06-20 03:36:02',NULL),(230,'3A','2023-06-21','P','2023-06-21 04:11:15',NULL),(230,'3A','2023-06-22','P','2023-06-22 05:21:43',NULL),(230,'3A','2023-06-23','P','2023-06-23 03:59:27',NULL),(230,'3A','2023-07-10','P','2023-07-10 09:21:43',NULL),(230,'3A','2023-07-12','P','2023-07-12 03:33:23',NULL),(230,'3A','2023-07-13','P','2023-07-13 03:49:14',NULL),(230,'3A','2023-07-14','P','2023-07-14 03:39:57',NULL),(230,'4','2023-07-15','P','2023-07-15 03:46:07',NULL),(231,'3A','2023-06-19','A','2023-06-19 04:24:16',NULL),(231,'3A','2023-06-20','P','2023-06-20 03:36:02',NULL),(231,'3A','2023-06-21','A','2023-06-21 04:11:15',NULL),(231,'3A','2023-06-22','P','2023-06-22 05:21:43',NULL),(231,'3A','2023-06-23','P','2023-06-23 03:59:27',NULL),(231,'3A','2023-07-10','P','2023-07-10 09:21:43',NULL),(231,'3A','2023-07-12','P','2023-07-12 03:33:23',NULL),(231,'3A','2023-07-13','P','2023-07-13 03:49:14',NULL),(231,'3A','2023-07-14','P','2023-07-14 03:39:57',NULL),(231,'4','2023-07-15','P','2023-07-15 03:46:07',NULL),(232,'3B','2023-06-19','A','2023-06-19 04:27:54','2023-06-19 04:32:51'),(232,'3B','2023-06-20','A','2023-06-20 03:41:13',NULL),(232,'3B','2023-06-21','A','2023-06-21 04:17:21',NULL),(232,'3B','2023-06-22','P','2023-06-22 05:23:40',NULL),(232,'3B','2023-06-23','A','2023-06-23 04:01:30',NULL),(232,'3B','2023-07-10','A','2023-07-10 09:22:44',NULL),(232,'3B','2023-07-12','A','2023-07-12 03:34:36',NULL),(232,'3B','2023-07-13','A','2023-07-13 03:51:03',NULL),(232,'3B','2023-07-14','A','2023-07-14 03:43:05',NULL),(232,'4','2023-07-15','A','2023-07-15 03:46:07',NULL),(233,'3A','2023-06-19','A','2023-06-19 04:24:16',NULL),(233,'3A','2023-06-20','A','2023-06-20 03:36:02',NULL),(233,'3A','2023-06-21','P','2023-06-21 04:11:15',NULL),(233,'3A','2023-06-22','P','2023-06-22 05:21:43',NULL),(233,'3A','2023-06-23','P','2023-06-23 03:59:27',NULL),(233,'3A','2023-07-10','A','2023-07-10 09:21:43',NULL),(233,'3A','2023-07-12','A','2023-07-12 03:33:23',NULL),(233,'3A','2023-07-13','A','2023-07-13 03:49:14',NULL),(233,'3A','2023-07-14','A','2023-07-14 03:39:57',NULL),(233,'4','2023-07-15','P','2023-07-15 03:46:07',NULL),(235,'3A','2023-06-19','A','2023-06-19 04:24:16',NULL),(235,'3A','2023-06-20','P','2023-06-20 03:36:02',NULL),(235,'3A','2023-06-21','P','2023-06-21 04:11:15',NULL),(235,'3A','2023-06-22','P','2023-06-22 05:21:43',NULL),(235,'3A','2023-06-23','P','2023-06-23 03:59:27',NULL),(235,'3A','2023-07-10','A','2023-07-10 09:21:43',NULL),(235,'3A','2023-07-12','A','2023-07-12 03:33:23',NULL),(235,'3A','2023-07-13','A','2023-07-13 03:49:14',NULL),(235,'3A','2023-07-14','A','2023-07-14 03:39:57',NULL),(235,'4','2023-07-15','P','2023-07-15 03:46:07',NULL),(236,'3A','2023-06-19','A','2023-06-19 04:24:16',NULL),(236,'3A','2023-06-20','A','2023-06-20 03:36:02',NULL),(236,'3A','2023-06-21','P','2023-06-21 04:11:15',NULL),(236,'3A','2023-06-22','P','2023-06-22 05:21:43',NULL),(236,'3A','2023-06-23','P','2023-06-23 03:59:27',NULL),(236,'3A','2023-07-10','A','2023-07-10 09:21:43',NULL),(236,'3A','2023-07-12','P','2023-07-12 03:33:23',NULL),(236,'3A','2023-07-13','P','2023-07-13 03:49:14',NULL),(236,'3A','2023-07-14','P','2023-07-14 03:39:57',NULL),(236,'4','2023-07-15','P','2023-07-15 03:46:07',NULL),(237,'3B','2023-06-19','A','2023-06-19 04:27:54',NULL),(237,'3B','2023-06-20','P','2023-06-20 03:41:13',NULL),(237,'3B','2023-06-21','P','2023-06-21 04:17:21',NULL),(237,'3B','2023-06-22','A','2023-06-22 05:23:40',NULL),(237,'3B','2023-06-23','P','2023-06-23 04:01:30',NULL),(237,'3B','2023-07-10','A','2023-07-10 09:22:44',NULL),(237,'3B','2023-07-12','A','2023-07-12 03:34:36',NULL),(237,'3B','2023-07-13','P','2023-07-13 03:51:03',NULL),(237,'3B','2023-07-14','P','2023-07-14 03:43:05',NULL),(237,'4','2023-07-15','A','2023-07-15 03:46:07',NULL),(238,'3A','2023-06-19','P','2023-06-19 04:24:16',NULL),(238,'3A','2023-06-20','P','2023-06-20 03:36:02',NULL),(238,'3A','2023-06-21','P','2023-06-21 04:11:15',NULL),(238,'3A','2023-06-22','P','2023-06-22 05:21:43',NULL),(238,'3A','2023-06-23','P','2023-06-23 03:59:27',NULL),(238,'3A','2023-07-10','A','2023-07-10 09:21:43',NULL),(238,'3A','2023-07-12','P','2023-07-12 03:33:23',NULL),(238,'3A','2023-07-13','P','2023-07-13 03:49:14',NULL),(238,'3A','2023-07-14','P','2023-07-14 03:39:57',NULL),(238,'4','2023-07-15','A','2023-07-15 03:46:07',NULL),(239,'3A','2023-06-19','P','2023-06-19 04:24:16',NULL),(239,'3A','2023-06-20','P','2023-06-20 03:36:02',NULL),(239,'3A','2023-06-21','P','2023-06-21 04:11:15',NULL),(239,'3A','2023-06-22','P','2023-06-22 05:21:43',NULL),(239,'3A','2023-06-23','P','2023-06-23 03:59:27',NULL),(239,'3A','2023-07-10','A','2023-07-10 09:21:43',NULL),(239,'3A','2023-07-12','P','2023-07-12 03:33:23',NULL),(239,'3A','2023-07-13','A','2023-07-13 03:49:14',NULL),(239,'3A','2023-07-14','P','2023-07-14 03:39:57',NULL),(239,'4','2023-07-15','P','2023-07-15 03:46:07',NULL),(240,'3A','2023-06-19','P','2023-06-19 04:24:16',NULL),(240,'3A','2023-06-20','P','2023-06-20 03:36:02',NULL),(240,'3A','2023-06-21','P','2023-06-21 04:11:15',NULL),(240,'3A','2023-06-22','P','2023-06-22 05:21:43',NULL),(240,'3A','2023-06-23','P','2023-06-23 03:59:27',NULL),(240,'3A','2023-07-10','A','2023-07-10 09:21:43',NULL),(240,'3A','2023-07-12','P','2023-07-12 03:33:23',NULL),(240,'3A','2023-07-13','A','2023-07-13 03:49:14',NULL),(240,'3A','2023-07-14','P','2023-07-14 03:39:57',NULL),(240,'4','2023-07-15','P','2023-07-15 03:46:07',NULL),(241,'3A','2023-06-19','P','2023-06-19 04:24:16',NULL),(241,'3A','2023-06-20','P','2023-06-20 03:36:02',NULL),(241,'3A','2023-06-21','P','2023-06-21 04:11:15',NULL),(241,'3A','2023-06-22','A','2023-06-22 05:21:43',NULL),(241,'3A','2023-06-23','P','2023-06-23 03:59:27',NULL),(241,'3A','2023-07-10','A','2023-07-10 09:21:43',NULL),(241,'3A','2023-07-12','P','2023-07-12 03:33:23',NULL),(241,'3A','2023-07-13','P','2023-07-13 03:49:14',NULL),(241,'3A','2023-07-14','P','2023-07-14 03:39:57',NULL),(241,'4','2023-07-15','P','2023-07-15 03:46:07',NULL),(242,'3B','2023-06-19','A','2023-06-19 04:27:54',NULL),(242,'3B','2023-06-20','P','2023-06-20 03:41:13',NULL),(242,'3B','2023-06-21','P','2023-06-21 04:17:21',NULL),(242,'3B','2023-06-22','P','2023-06-22 05:23:40',NULL),(242,'3B','2023-06-23','P','2023-06-23 04:01:30',NULL),(242,'3B','2023-07-10','P','2023-07-10 09:22:44',NULL),(242,'3B','2023-07-12','A','2023-07-12 03:34:36',NULL),(242,'3B','2023-07-13','P','2023-07-13 03:51:03',NULL),(242,'3B','2023-07-14','P','2023-07-14 03:43:05',NULL),(242,'4','2023-07-15','P','2023-07-15 03:46:07',NULL),(243,'3A','2023-06-19','P','2023-06-19 04:24:16',NULL),(243,'3A','2023-06-20','P','2023-06-20 03:36:02',NULL),(243,'3A','2023-06-21','A','2023-06-21 04:11:15',NULL),(243,'3A','2023-06-22','P','2023-06-22 05:21:43',NULL),(243,'3A','2023-06-23','P','2023-06-23 03:59:27',NULL),(243,'3A','2023-07-10','A','2023-07-10 09:21:43',NULL),(243,'3A','2023-07-12','P','2023-07-12 03:33:23',NULL),(243,'3A','2023-07-13','P','2023-07-13 03:49:14',NULL),(243,'3A','2023-07-14','P','2023-07-14 03:39:57',NULL),(243,'4','2023-07-15','P','2023-07-15 03:46:07',NULL),(244,'3B','2023-06-19','P','2023-06-19 04:27:54',NULL),(244,'3B','2023-06-20','A','2023-06-20 03:41:13',NULL),(244,'3B','2023-06-21','P','2023-06-21 04:17:21',NULL),(244,'3B','2023-06-22','P','2023-06-22 05:23:40',NULL),(244,'3B','2023-06-23','P','2023-06-23 04:01:30',NULL),(244,'3B','2023-07-10','A','2023-07-10 09:22:44',NULL),(244,'3B','2023-07-12','P','2023-07-12 03:34:36',NULL),(244,'3B','2023-07-13','P','2023-07-13 03:51:03',NULL),(244,'3B','2023-07-14','A','2023-07-14 03:43:05',NULL),(244,'4','2023-07-15','P','2023-07-15 03:46:07',NULL),(245,'3B','2023-06-19','P','2023-06-19 04:27:54',NULL),(245,'3B','2023-06-20','A','2023-06-20 03:41:13',NULL),(245,'3B','2023-06-21','P','2023-06-21 04:17:21',NULL),(245,'3B','2023-06-22','P','2023-06-22 05:23:40',NULL),(245,'3B','2023-06-23','P','2023-06-23 04:01:30',NULL),(245,'3B','2023-07-10','P','2023-07-10 09:22:44',NULL),(245,'3B','2023-07-12','P','2023-07-12 03:34:36',NULL),(245,'3B','2023-07-13','P','2023-07-13 03:51:03',NULL),(245,'3B','2023-07-14','P','2023-07-14 03:43:05',NULL),(245,'4','2023-07-15','P','2023-07-15 03:46:07',NULL),(246,'3B','2023-06-19','P','2023-06-19 04:27:54',NULL),(246,'3B','2023-06-20','A','2023-06-20 03:41:13',NULL),(246,'3B','2023-06-21','P','2023-06-21 04:17:21',NULL),(246,'3B','2023-06-22','A','2023-06-22 05:23:40',NULL),(246,'3B','2023-06-23','P','2023-06-23 04:01:30',NULL),(246,'3B','2023-07-10','P','2023-07-10 09:22:44',NULL),(246,'3B','2023-07-12','P','2023-07-12 03:34:36',NULL),(246,'3B','2023-07-13','P','2023-07-13 03:51:03',NULL),(246,'3B','2023-07-14','P','2023-07-14 03:43:05',NULL),(246,'4','2023-07-15','P','2023-07-15 03:46:07',NULL),(247,'2B','2023-06-19','P','2023-06-19 04:16:37',NULL),(247,'2B','2023-06-20','P','2023-06-20 03:31:23',NULL),(247,'2B','2023-06-21','P','2023-06-21 04:05:34',NULL),(247,'2B','2023-06-22','P','2023-06-22 05:18:10',NULL),(247,'2B','2023-06-23','P','2023-06-23 03:56:37',NULL),(247,'2B','2023-07-10','P','2023-07-10 09:20:38',NULL),(247,'2B','2023-07-12','P','2023-07-12 03:38:09',NULL),(247,'2B','2023-07-13','P','2023-07-13 03:53:08',NULL),(247,'2B','2023-07-14','P','2023-07-14 03:46:27',NULL),(247,'3A','2023-07-15','P','2023-07-15 03:34:30',NULL),(248,'3A','2023-06-19','P','2023-06-19 04:24:16',NULL),(248,'3A','2023-06-20','P','2023-06-20 03:36:02',NULL),(248,'3A','2023-06-21','P','2023-06-21 04:11:15',NULL),(248,'3A','2023-06-22','A','2023-06-22 05:21:43',NULL),(248,'3A','2023-06-23','P','2023-06-23 03:59:27',NULL),(248,'3A','2023-07-10','A','2023-07-10 09:21:43',NULL),(248,'3A','2023-07-12','P','2023-07-12 03:33:23',NULL),(248,'3A','2023-07-13','P','2023-07-13 03:49:14',NULL),(248,'3A','2023-07-14','P','2023-07-14 03:39:57',NULL),(248,'4','2023-07-15','P','2023-07-15 03:46:07',NULL),(249,'3A','2023-06-19','P','2023-06-19 04:24:16',NULL),(249,'3A','2023-06-20','P','2023-06-20 03:36:02',NULL),(249,'3A','2023-06-21','A','2023-06-21 04:11:15',NULL),(249,'3A','2023-06-22','P','2023-06-22 05:21:43',NULL),(249,'3A','2023-06-23','P','2023-06-23 03:59:27',NULL),(249,'3A','2023-07-10','A','2023-07-10 09:21:43',NULL),(249,'3A','2023-07-12','A','2023-07-12 03:33:23',NULL),(249,'3A','2023-07-13','P','2023-07-13 03:49:14',NULL),(249,'3A','2023-07-14','A','2023-07-14 03:39:57',NULL),(249,'4','2023-07-15','P','2023-07-15 03:46:07',NULL),(250,'3A','2023-06-19','P','2023-06-19 04:24:16',NULL),(250,'3A','2023-06-20','P','2023-06-20 03:36:02',NULL),(250,'3A','2023-06-21','A','2023-06-21 04:11:15',NULL),(250,'3A','2023-06-22','P','2023-06-22 05:21:43',NULL),(250,'3A','2023-06-23','P','2023-06-23 03:59:27',NULL),(250,'3A','2023-07-10','A','2023-07-10 09:21:43',NULL),(250,'3A','2023-07-12','A','2023-07-12 03:33:23',NULL),(250,'3A','2023-07-13','A','2023-07-13 03:49:14',NULL),(250,'3A','2023-07-14','A','2023-07-14 03:39:57',NULL),(250,'4','2023-07-15','A','2023-07-15 03:46:07',NULL),(251,'3B','2023-06-19','A','2023-06-19 04:27:54',NULL),(251,'3B','2023-06-20','P','2023-06-20 03:41:13',NULL),(251,'3B','2023-06-21','P','2023-06-21 04:17:21',NULL),(251,'3B','2023-06-22','P','2023-06-22 05:23:40',NULL),(251,'3B','2023-06-23','P','2023-06-23 04:01:30',NULL),(251,'3B','2023-07-10','A','2023-07-10 09:22:44',NULL),(251,'3B','2023-07-12','A','2023-07-12 03:34:36',NULL),(251,'3B','2023-07-13','A','2023-07-13 03:51:03',NULL),(251,'3B','2023-07-14','A','2023-07-14 03:43:05',NULL),(251,'4','2023-07-15','P','2023-07-15 03:46:07',NULL),(252,'3A','2023-06-19','A','2023-06-19 04:24:16',NULL),(252,'3A','2023-06-20','P','2023-06-20 03:36:02',NULL),(252,'3A','2023-06-21','P','2023-06-21 04:11:15',NULL),(252,'3A','2023-06-22','P','2023-06-22 05:21:43',NULL),(252,'3A','2023-06-23','P','2023-06-23 03:59:27',NULL),(252,'3A','2023-07-10','A','2023-07-10 09:21:43',NULL),(252,'3A','2023-07-12','A','2023-07-12 03:33:23',NULL),(252,'3A','2023-07-13','P','2023-07-13 03:49:14',NULL),(252,'3A','2023-07-14','A','2023-07-14 03:39:57',NULL),(252,'4','2023-07-15','A','2023-07-15 03:46:07',NULL),(253,'3B','2023-06-19','A','2023-06-19 04:27:54',NULL),(253,'3B','2023-06-20','P','2023-06-20 03:41:13',NULL),(253,'3B','2023-06-21','P','2023-06-21 04:17:21',NULL),(253,'3B','2023-06-22','P','2023-06-22 05:23:40',NULL),(253,'3B','2023-06-23','P','2023-06-23 04:01:30',NULL),(253,'3B','2023-07-10','A','2023-07-10 09:22:44',NULL),(253,'3B','2023-07-12','P','2023-07-12 03:34:36',NULL),(253,'3B','2023-07-13','P','2023-07-13 03:51:03',NULL),(253,'3B','2023-07-14','P','2023-07-14 03:43:05',NULL),(253,'4','2023-07-15','P','2023-07-15 03:46:07',NULL),(254,'3B','2023-06-19','A','2023-06-19 04:27:54',NULL),(254,'3B','2023-06-20','P','2023-06-20 03:41:13',NULL),(254,'3B','2023-06-21','P','2023-06-21 04:17:21',NULL),(254,'3B','2023-06-22','A','2023-06-22 05:23:40',NULL),(254,'3B','2023-06-23','P','2023-06-23 04:01:30',NULL),(254,'3B','2023-07-10','A','2023-07-10 09:22:44',NULL),(254,'3B','2023-07-12','P','2023-07-12 03:34:36',NULL),(254,'3B','2023-07-13','A','2023-07-13 03:51:03',NULL),(254,'3B','2023-07-14','P','2023-07-14 03:43:05',NULL),(254,'4','2023-07-15','P','2023-07-15 03:46:07',NULL),(255,'3B','2023-06-19','A','2023-06-19 04:27:54',NULL),(255,'3B','2023-06-20','P','2023-06-20 03:41:13',NULL),(255,'3B','2023-06-21','P','2023-06-21 04:17:21',NULL),(255,'3B','2023-06-22','A','2023-06-22 05:23:40',NULL),(255,'3B','2023-06-23','P','2023-06-23 04:01:30',NULL),(255,'3B','2023-07-10','A','2023-07-10 09:22:44',NULL),(255,'3B','2023-07-12','A','2023-07-12 03:34:36',NULL),(255,'3B','2023-07-13','A','2023-07-13 03:51:03',NULL),(255,'3B','2023-07-14','P','2023-07-14 03:43:05',NULL),(255,'4','2023-07-15','P','2023-07-15 03:46:07',NULL),(256,'3B','2023-06-19','P','2023-06-19 04:27:54',NULL),(256,'3B','2023-06-20','P','2023-06-20 03:41:13',NULL),(256,'3B','2023-06-21','P','2023-06-21 04:17:21',NULL),(256,'3B','2023-06-22','A','2023-06-22 05:23:40',NULL),(256,'3B','2023-06-23','P','2023-06-23 04:01:30',NULL),(256,'3B','2023-07-10','A','2023-07-10 09:22:44',NULL),(256,'3B','2023-07-12','A','2023-07-12 03:34:36',NULL),(256,'3B','2023-07-13','P','2023-07-13 03:51:03',NULL),(256,'3B','2023-07-14','P','2023-07-14 03:43:05',NULL),(256,'4','2023-07-15','P','2023-07-15 03:46:07',NULL),(257,'3B','2023-06-19','P','2023-06-19 04:27:54',NULL),(257,'3B','2023-06-20','P','2023-06-20 03:41:13',NULL),(257,'3B','2023-06-21','P','2023-06-21 04:17:21',NULL),(257,'3B','2023-06-22','A','2023-06-22 05:23:40',NULL),(257,'3B','2023-06-23','P','2023-06-23 04:01:30',NULL),(257,'3B','2023-07-10','P','2023-07-10 09:22:44',NULL),(257,'3B','2023-07-12','P','2023-07-12 03:34:36',NULL),(257,'3B','2023-07-13','P','2023-07-13 03:51:03',NULL),(257,'3B','2023-07-14','P','2023-07-14 03:43:05',NULL),(257,'4','2023-07-15','P','2023-07-15 03:46:07',NULL),(258,'3B','2023-06-19','A','2023-06-19 04:27:54',NULL),(258,'3B','2023-06-20','A','2023-06-20 03:41:13',NULL),(258,'3B','2023-06-21','A','2023-06-21 04:17:21',NULL),(258,'3B','2023-06-22','A','2023-06-22 05:23:40',NULL),(258,'3B','2023-06-23','A','2023-06-23 04:01:30',NULL),(258,'3B','2023-07-10','A','2023-07-10 09:22:44',NULL),(258,'3B','2023-07-12','P','2023-07-12 03:34:36',NULL),(258,'3B','2023-07-13','P','2023-07-13 03:51:03',NULL),(258,'3B','2023-07-14','P','2023-07-14 03:43:05',NULL),(258,'4','2023-07-15','P','2023-07-15 03:46:07',NULL),(259,'3B','2023-06-19','P','2023-06-19 04:27:54',NULL),(259,'3B','2023-06-20','P','2023-06-20 03:41:13',NULL),(259,'3B','2023-06-21','P','2023-06-21 04:17:21',NULL),(259,'3B','2023-06-22','P','2023-06-22 05:23:40',NULL),(259,'3B','2023-06-23','P','2023-06-23 04:01:30',NULL),(259,'3B','2023-07-10','A','2023-07-10 09:22:44',NULL),(259,'3B','2023-07-12','P','2023-07-12 03:34:36',NULL),(259,'3B','2023-07-13','A','2023-07-13 03:51:03',NULL),(259,'3B','2023-07-14','P','2023-07-14 03:43:05',NULL),(259,'4','2023-07-15','P','2023-07-15 03:46:07',NULL),(263,'2B','2023-06-19','P','2023-06-19 04:16:37',NULL),(263,'2B','2023-06-20','P','2023-06-20 03:31:23',NULL),(263,'2B','2023-06-21','P','2023-06-21 04:05:34',NULL),(263,'2B','2023-06-22','P','2023-06-22 05:18:10',NULL),(263,'2B','2023-06-23','P','2023-06-23 03:56:37',NULL),(263,'2B','2023-07-10','P','2023-07-10 09:20:38',NULL),(263,'2B','2023-07-12','P','2023-07-12 03:38:09',NULL),(263,'2B','2023-07-13','P','2023-07-13 03:53:08',NULL),(263,'2B','2023-07-14','P','2023-07-14 03:46:27',NULL),(263,'3A','2023-07-15','P','2023-07-15 03:34:30',NULL),(264,'2A','2023-06-19','P','2023-06-19 04:15:18',NULL),(264,'2A','2023-06-20','P','2023-06-20 03:30:58',NULL),(264,'2A','2023-06-21','P','2023-06-21 04:05:05',NULL),(264,'2A','2023-06-22','A','2023-06-22 05:17:25',NULL),(264,'2A','2023-06-23','P','2023-06-23 03:55:34',NULL),(264,'2A','2023-07-10','P','2023-07-10 09:18:30',NULL),(264,'2A','2023-07-12','A','2023-07-12 03:36:52',NULL),(264,'2A','2023-07-13','P','2023-07-13 03:54:58',NULL),(264,'2A','2023-07-14','P','2023-07-14 03:45:06',NULL),(264,'3A','2023-07-15','P','2023-07-15 03:34:30',NULL),(266,'1','2023-07-15','P','2023-07-15 06:17:08',NULL),(266,'Orange','2023-06-19','P','2023-06-19 04:01:13',NULL),(266,'Orange','2023-06-20','P','2023-06-20 03:29:14',NULL),(266,'Orange','2023-06-21','P','2023-06-21 04:51:50',NULL),(266,'Orange','2023-06-22','P','2023-06-22 05:12:33',NULL),(266,'Orange','2023-06-23','P','2023-06-23 03:50:26',NULL),(266,'Orange','2023-07-10','P','2023-07-10 09:12:54',NULL),(266,'Orange','2023-07-12','P','2023-07-12 03:28:05',NULL),(266,'Orange','2023-07-13','P','2023-07-13 03:39:19',NULL),(266,'Orange','2023-07-14','P','2023-07-14 03:32:56',NULL),(267,'2B','2023-06-19','P','2023-06-19 04:16:37',NULL),(267,'2B','2023-06-20','P','2023-06-20 03:31:23',NULL),(267,'2B','2023-06-21','P','2023-06-21 04:05:34',NULL),(267,'2B','2023-06-22','A','2023-06-22 05:18:10',NULL),(267,'2B','2023-06-23','P','2023-06-23 03:56:37',NULL),(267,'2B','2023-07-10','P','2023-07-10 09:20:38',NULL),(267,'2B','2023-07-12','A','2023-07-12 03:38:09',NULL),(267,'2B','2023-07-13','P','2023-07-13 03:53:08',NULL),(267,'2B','2023-07-14','P','2023-07-14 03:46:27',NULL),(267,'3A','2023-07-15','P','2023-07-15 03:34:30',NULL),(268,'3A','2023-06-19','P','2023-06-19 04:24:16',NULL),(268,'3A','2023-06-20','P','2023-06-20 03:36:02',NULL),(268,'3A','2023-06-21','A','2023-06-21 04:11:15',NULL),(268,'3A','2023-06-22','P','2023-06-22 05:21:43',NULL),(268,'3A','2023-06-23','P','2023-06-23 03:59:27',NULL),(268,'3A','2023-07-10','A','2023-07-10 09:21:43',NULL),(268,'3A','2023-07-12','A','2023-07-12 03:33:23',NULL),(268,'3A','2023-07-13','P','2023-07-13 03:49:14',NULL),(268,'3A','2023-07-14','P','2023-07-14 03:39:57',NULL),(268,'4','2023-07-15','P','2023-07-15 03:46:07',NULL),(269,'3A','2023-06-19','P','2023-06-19 04:24:16',NULL),(269,'3A','2023-06-20','P','2023-06-20 03:36:02',NULL),(269,'3A','2023-06-21','P','2023-06-21 04:11:15',NULL),(269,'3A','2023-06-22','P','2023-06-22 05:21:43',NULL),(269,'3A','2023-06-23','P','2023-06-23 03:59:27',NULL),(269,'3A','2023-07-10','A','2023-07-10 09:21:43',NULL),(269,'3A','2023-07-12','A','2023-07-12 03:33:23',NULL),(269,'3A','2023-07-13','P','2023-07-13 03:49:14',NULL),(269,'3A','2023-07-14','P','2023-07-14 03:39:57',NULL),(269,'4','2023-07-15','P','2023-07-15 03:46:07',NULL),(270,'3B','2023-06-19','P','2023-06-19 04:27:54',NULL),(270,'3B','2023-06-20','A','2023-06-20 03:41:13',NULL),(270,'3B','2023-06-21','P','2023-06-21 04:17:21',NULL),(270,'3B','2023-06-22','P','2023-06-22 05:23:40',NULL),(270,'3B','2023-06-23','P','2023-06-23 04:01:30',NULL),(270,'3B','2023-07-10','A','2023-07-10 09:22:44',NULL),(270,'3B','2023-07-12','P','2023-07-12 03:34:36',NULL),(270,'3B','2023-07-13','P','2023-07-13 03:51:03',NULL),(270,'3B','2023-07-14','P','2023-07-14 03:43:05',NULL),(270,'4','2023-07-15','P','2023-07-15 03:46:07',NULL),(271,'3A','2023-06-19','P','2023-06-19 04:24:16',NULL),(271,'3A','2023-06-20','P','2023-06-20 03:36:02',NULL),(271,'3A','2023-06-21','A','2023-06-21 04:11:15',NULL),(271,'3A','2023-06-22','A','2023-06-22 05:21:43',NULL),(271,'3A','2023-06-23','A','2023-06-23 03:59:27',NULL),(271,'3A','2023-07-10','A','2023-07-10 09:21:43',NULL),(271,'3A','2023-07-12','A','2023-07-12 03:33:23',NULL),(271,'3A','2023-07-13','P','2023-07-13 03:49:14',NULL),(271,'3A','2023-07-14','P','2023-07-14 03:39:57',NULL),(271,'4','2023-07-15','A','2023-07-15 03:46:07',NULL),(272,'3A','2023-06-19','A','2023-06-19 04:24:16',NULL),(272,'3A','2023-06-20','P','2023-06-20 03:36:02',NULL),(272,'3A','2023-06-21','P','2023-06-21 04:11:15',NULL),(272,'3A','2023-06-22','A','2023-06-22 05:21:43',NULL),(272,'3A','2023-06-23','P','2023-06-23 03:59:27',NULL),(272,'3A','2023-07-10','A','2023-07-10 09:21:43',NULL),(272,'3A','2023-07-12','A','2023-07-12 03:33:23',NULL),(272,'3A','2023-07-13','P','2023-07-13 03:49:14',NULL),(272,'3A','2023-07-14','A','2023-07-14 03:39:57',NULL),(272,'4','2023-07-15','A','2023-07-15 03:46:07',NULL),(273,'3B','2023-06-19','P','2023-06-19 04:27:54',NULL),(273,'3B','2023-06-20','P','2023-06-20 03:41:13',NULL),(273,'3B','2023-06-21','P','2023-06-21 04:17:21',NULL),(273,'3B','2023-06-22','A','2023-06-22 05:23:40',NULL),(273,'3B','2023-06-23','P','2023-06-23 04:01:30',NULL),(273,'3B','2023-07-10','A','2023-07-10 09:22:44',NULL),(273,'3B','2023-07-12','A','2023-07-12 03:34:36',NULL),(273,'3B','2023-07-13','A','2023-07-13 03:51:03',NULL),(273,'3B','2023-07-14','A','2023-07-14 03:43:05',NULL),(273,'4','2023-07-15','A','2023-07-15 03:46:07',NULL),(274,'3B','2023-06-19','A','2023-06-19 04:27:54',NULL),(274,'3B','2023-06-20','A','2023-06-20 03:41:13',NULL),(274,'3B','2023-06-21','P','2023-06-21 04:17:21',NULL),(274,'3B','2023-06-22','P','2023-06-22 05:23:40',NULL),(274,'3B','2023-06-23','P','2023-06-23 04:01:30',NULL),(274,'3B','2023-07-10','A','2023-07-10 09:22:44',NULL),(274,'3B','2023-07-12','P','2023-07-12 03:34:36',NULL),(274,'3B','2023-07-13','P','2023-07-13 03:51:03',NULL),(274,'3B','2023-07-14','P','2023-07-14 03:43:05',NULL),(274,'4','2023-07-15','A','2023-07-15 03:46:07',NULL),(275,'3B','2023-06-19','P','2023-06-19 04:27:54',NULL),(275,'3B','2023-06-20','P','2023-06-20 03:41:13',NULL),(275,'3B','2023-06-21','P','2023-06-21 04:17:21',NULL),(275,'3B','2023-06-22','A','2023-06-22 05:23:40',NULL),(275,'3B','2023-06-23','A','2023-06-23 04:01:30',NULL),(275,'3B','2023-07-10','P','2023-07-10 09:22:44',NULL),(275,'3B','2023-07-12','A','2023-07-12 03:34:36',NULL),(275,'3B','2023-07-13','P','2023-07-13 03:51:03',NULL),(275,'3B','2023-07-14','P','2023-07-14 03:43:05',NULL),(275,'4','2023-07-15','P','2023-07-15 03:46:07',NULL),(276,'3A','2023-06-19','P','2023-06-19 04:24:16',NULL),(276,'3A','2023-06-20','A','2023-06-20 03:36:02',NULL),(276,'3A','2023-06-21','A','2023-06-21 04:11:15',NULL),(276,'3A','2023-06-22','A','2023-06-22 05:21:43',NULL),(276,'3A','2023-06-23','A','2023-06-23 03:59:27',NULL),(276,'3A','2023-07-10','A','2023-07-10 09:21:43',NULL),(276,'3A','2023-07-12','A','2023-07-12 03:33:23',NULL),(276,'3A','2023-07-13','A','2023-07-13 03:49:14',NULL),(276,'3A','2023-07-14','A','2023-07-14 03:39:57',NULL),(276,'4','2023-07-15','P','2023-07-15 03:46:07',NULL),(277,'3A','2023-06-19','P','2023-06-19 04:24:16',NULL),(277,'3A','2023-06-20','P','2023-06-20 03:36:02',NULL),(277,'3A','2023-06-21','A','2023-06-21 04:11:15',NULL),(277,'3A','2023-06-22','A','2023-06-22 05:21:43',NULL),(277,'3A','2023-06-23','A','2023-06-23 03:59:27',NULL),(277,'3A','2023-07-10','A','2023-07-10 09:21:43',NULL),(277,'3A','2023-07-12','A','2023-07-12 03:33:23',NULL),(277,'3A','2023-07-13','A','2023-07-13 03:49:14',NULL),(277,'3A','2023-07-14','A','2023-07-14 03:39:57',NULL),(277,'4','2023-07-15','P','2023-07-15 03:46:07',NULL),(278,'2A','2023-06-19','A','2023-06-19 04:15:18','2023-06-19 04:35:15'),(278,'2A','2023-06-20','P','2023-06-20 03:30:58',NULL),(278,'2A','2023-06-21','P','2023-06-21 04:05:05',NULL),(278,'2A','2023-06-22','P','2023-06-22 05:17:25',NULL),(278,'2A','2023-06-23','P','2023-06-23 03:55:34',NULL),(278,'2A','2023-07-10','A','2023-07-10 09:18:30','2023-07-10 09:19:24'),(278,'2A','2023-07-12','A','2023-07-12 03:36:52',NULL),(278,'2A','2023-07-13','P','2023-07-13 03:54:58',NULL),(278,'2A','2023-07-14','P','2023-07-14 03:45:06',NULL),(278,'3A','2023-07-15','P','2023-07-15 03:34:30',NULL),(279,'3A','2023-06-19','A','2023-06-19 04:24:16',NULL),(279,'3A','2023-06-20','P','2023-06-20 03:36:02',NULL),(279,'3A','2023-06-21','P','2023-06-21 04:11:15',NULL),(279,'3A','2023-06-22','P','2023-06-22 05:21:43',NULL),(279,'3A','2023-06-23','P','2023-06-23 03:59:27',NULL),(279,'3A','2023-07-10','A','2023-07-10 09:21:43',NULL),(279,'3A','2023-07-12','P','2023-07-12 03:33:23',NULL),(279,'3A','2023-07-13','P','2023-07-13 03:49:14',NULL),(279,'3A','2023-07-14','P','2023-07-14 03:39:57',NULL),(279,'4','2023-07-15','P','2023-07-15 03:46:07',NULL),(280,'3A','2023-06-19','P','2023-06-19 04:24:16',NULL),(280,'3A','2023-06-20','P','2023-06-20 03:36:02',NULL),(280,'3A','2023-06-21','P','2023-06-21 04:11:15',NULL),(280,'3A','2023-06-22','P','2023-06-22 05:21:43',NULL),(280,'3A','2023-06-23','P','2023-06-23 03:59:27',NULL),(280,'3A','2023-07-10','A','2023-07-10 09:21:43',NULL),(280,'3A','2023-07-12','P','2023-07-12 03:33:23',NULL),(280,'3A','2023-07-13','P','2023-07-13 03:49:14',NULL),(280,'3A','2023-07-14','P','2023-07-14 03:39:57',NULL),(280,'4','2023-07-15','A','2023-07-15 03:46:07',NULL),(281,'3A','2023-06-19','P','2023-06-19 04:24:16',NULL),(281,'3A','2023-06-20','P','2023-06-20 03:36:02',NULL),(281,'3A','2023-06-21','P','2023-06-21 04:11:15',NULL),(281,'3A','2023-06-22','A','2023-06-22 05:21:43',NULL),(281,'3A','2023-06-23','P','2023-06-23 03:59:27',NULL),(281,'3A','2023-07-10','A','2023-07-10 09:21:43',NULL),(281,'3A','2023-07-12','P','2023-07-12 03:33:23',NULL),(281,'3A','2023-07-13','P','2023-07-13 03:49:14',NULL),(281,'3A','2023-07-14','P','2023-07-14 03:39:57',NULL),(281,'4','2023-07-15','A','2023-07-15 03:46:07',NULL),(282,'3A','2023-06-19','P','2023-06-19 04:24:16',NULL),(282,'3A','2023-06-20','P','2023-06-20 03:36:02',NULL),(282,'3A','2023-06-21','A','2023-06-21 04:11:15',NULL),(282,'3A','2023-06-22','P','2023-06-22 05:21:43',NULL),(282,'3A','2023-06-23','P','2023-06-23 03:59:27',NULL),(282,'3A','2023-07-10','A','2023-07-10 09:21:43',NULL),(282,'3A','2023-07-12','A','2023-07-12 03:33:23',NULL),(282,'3A','2023-07-13','P','2023-07-13 03:49:14',NULL),(282,'3A','2023-07-14','A','2023-07-14 03:39:57',NULL),(282,'4','2023-07-15','A','2023-07-15 03:46:07',NULL),(283,'3A','2023-06-19','P','2023-06-19 04:24:16',NULL),(283,'3A','2023-06-20','P','2023-06-20 03:36:02',NULL),(283,'3A','2023-06-21','A','2023-06-21 04:11:15',NULL),(283,'3A','2023-06-22','P','2023-06-22 05:21:43',NULL),(283,'3A','2023-06-23','P','2023-06-23 03:59:27',NULL),(283,'3A','2023-07-10','A','2023-07-10 09:21:43',NULL),(283,'3A','2023-07-12','A','2023-07-12 03:33:23',NULL),(283,'3A','2023-07-13','P','2023-07-13 03:49:14',NULL),(283,'3A','2023-07-14','A','2023-07-14 03:39:57',NULL),(283,'4','2023-07-15','A','2023-07-15 03:46:07',NULL),(284,'3A','2023-06-19','P','2023-06-19 04:24:16',NULL),(284,'3A','2023-06-20','P','2023-06-20 03:36:02',NULL),(284,'3A','2023-06-21','P','2023-06-21 04:11:15',NULL),(284,'3A','2023-06-22','P','2023-06-22 05:21:43',NULL),(284,'3A','2023-06-23','P','2023-06-23 03:59:27',NULL),(284,'3A','2023-07-10','P','2023-07-10 09:21:43',NULL),(284,'3A','2023-07-12','P','2023-07-12 03:33:23',NULL),(284,'3A','2023-07-13','P','2023-07-13 03:49:14',NULL),(284,'3A','2023-07-14','P','2023-07-14 03:39:57',NULL),(284,'4','2023-07-15','P','2023-07-15 03:46:07',NULL),(285,'3A','2023-06-19','P','2023-06-19 04:24:16',NULL),(285,'3A','2023-06-20','P','2023-06-20 03:36:02',NULL),(285,'3A','2023-06-21','P','2023-06-21 04:11:15',NULL),(285,'3A','2023-06-22','A','2023-06-22 05:21:43',NULL),(285,'3A','2023-06-23','P','2023-06-23 03:59:27',NULL),(285,'3A','2023-07-10','A','2023-07-10 09:21:43',NULL),(285,'3A','2023-07-12','P','2023-07-12 03:33:23',NULL),(285,'3A','2023-07-13','P','2023-07-13 03:49:14',NULL),(285,'3A','2023-07-14','P','2023-07-14 03:39:57',NULL),(285,'4','2023-07-15','A','2023-07-15 03:46:07',NULL),(286,'3B','2023-06-19','P','2023-06-19 04:27:54',NULL),(286,'3B','2023-06-20','P','2023-06-20 03:41:13',NULL),(286,'3B','2023-06-21','P','2023-06-21 04:17:21',NULL),(286,'3B','2023-06-22','A','2023-06-22 05:23:40',NULL),(286,'3B','2023-06-23','P','2023-06-23 04:01:30',NULL),(286,'3B','2023-07-10','A','2023-07-10 09:22:44',NULL),(286,'3B','2023-07-12','P','2023-07-12 03:34:36',NULL),(286,'3B','2023-07-13','P','2023-07-13 03:51:03',NULL),(286,'3B','2023-07-14','A','2023-07-14 03:43:05',NULL),(286,'4','2023-07-15','A','2023-07-15 03:46:07',NULL),(287,'3A','2023-06-19','A','2023-06-19 04:24:16',NULL),(287,'3A','2023-06-20','A','2023-06-20 03:36:02',NULL),(287,'3A','2023-06-21','P','2023-06-21 04:11:15',NULL),(287,'3A','2023-06-22','P','2023-06-22 05:21:43',NULL),(287,'3A','2023-06-23','P','2023-06-23 03:59:27',NULL),(287,'3A','2023-07-10','A','2023-07-10 09:21:43',NULL),(287,'3A','2023-07-12','A','2023-07-12 03:33:23',NULL),(287,'3A','2023-07-13','A','2023-07-13 03:49:14',NULL),(287,'3A','2023-07-14','A','2023-07-14 03:39:57',NULL),(287,'4','2023-07-15','A','2023-07-15 03:46:07',NULL),(288,'3B','2023-06-19','A','2023-06-19 04:27:54',NULL),(288,'3B','2023-06-20','P','2023-06-20 03:41:13',NULL),(288,'3B','2023-06-21','A','2023-06-21 04:17:21',NULL),(288,'3B','2023-06-22','A','2023-06-22 05:23:40',NULL),(288,'3B','2023-06-23','P','2023-06-23 04:01:30',NULL),(288,'3B','2023-07-10','A','2023-07-10 09:22:44',NULL),(288,'3B','2023-07-12','A','2023-07-12 03:34:36',NULL),(288,'3B','2023-07-13','P','2023-07-13 03:51:03',NULL),(288,'3B','2023-07-14','P','2023-07-14 03:43:05',NULL),(288,'4','2023-07-15','A','2023-07-15 03:46:07',NULL),(298,'3B','2023-06-19','P','2023-06-19 04:27:54','2023-06-19 04:32:51'),(298,'3B','2023-06-20','A','2023-06-20 03:41:13',NULL),(298,'3B','2023-06-21','A','2023-06-21 04:17:21',NULL),(298,'3B','2023-06-22','P','2023-06-22 05:23:40',NULL),(298,'3B','2023-06-23','A','2023-06-23 04:01:30',NULL),(298,'3B','2023-07-10','A','2023-07-10 09:22:44',NULL),(298,'3B','2023-07-12','A','2023-07-12 03:34:36',NULL),(298,'3B','2023-07-13','P','2023-07-13 03:51:03',NULL),(298,'3B','2023-07-14','A','2023-07-14 03:43:05',NULL),(298,'4','2023-07-15','P','2023-07-15 03:46:07',NULL);

--
-- Table structure for table `company`
--

CREATE TABLE `company` (
  `idCompany` int NOT NULL AUTO_INCREMENT,
  `companyName` varchar(45) NOT NULL,
  `companyAddress` varchar(100) NOT NULL,
  `companyPhone` varchar(45) NOT NULL,
  `timeStamp` datetime NOT NULL,
  `idUser` int NOT NULL,
  `isActive` int DEFAULT '1',
  `idBillTitle` int DEFAULT NULL,
  `unitPrice` int DEFAULT NULL,
  `idCurrency` int DEFAULT NULL,
  `tSign` varchar(45) DEFAULT 'Tenant''s signature',
  `rSign` varchar(45) DEFAULT 'Real estate',
  `vat` float DEFAULT '0',
  `smCharges` float DEFAULT '0',
  PRIMARY KEY (`idCompany`)
) ENGINE=InnoDB AUTO_INCREMENT=3 DEFAULT CHARSET=latin1;

--
-- Dumping data for table `company`
--

INSERT INTO `company` VALUES (1,'My Company','100 main street','98765432','2016-02-15 01:39:03',1,1,8,10,1,'Tenant\'s signature','Real estate',0,0),(2,'Admin','101 main street','2','2019-01-27 07:49:10',1,1,4,20,5,'Tenant\'s signature','Real estate',0,0);

--
-- Table structure for table `donor`
--

CREATE TABLE `donor` (
  `id` int NOT NULL AUTO_INCREMENT,
  `donor_name` varchar(45) COLLATE utf8mb4_general_ci NOT NULL,
  `donor_whatsapp` varchar(45) COLLATE utf8mb4_general_ci NOT NULL,
  `donor_ref_name` varchar(45) COLLATE utf8mb4_general_ci NOT NULL,
  `donor_whatsapp_sec` varchar(45) COLLATE utf8mb4_general_ci DEFAULT NULL,
  `created_on` timestamp NOT NULL DEFAULT CURRENT_TIMESTAMP,
  `updated_on` timestamp NULL DEFAULT NULL ON UPDATE CURRENT_TIMESTAMP,
  PRIMARY KEY (`id`),
  UNIQUE KEY `donor_name_unique` (`donor_name`),
  FULLTEXT KEY `fulltext` (`donor_name`,`donor_ref_name`,`donor_whatsapp`,`donor_whatsapp_sec`)
) ENGINE=InnoDB AUTO_INCREMENT=84 DEFAULT CHARSET=utf8mb4 COLLATE=utf8mb4_general_ci;

--
-- Dumping data for table `donor`
--

INSERT INTO `donor` VALUES (1,'Faisal Naik','+64226752452','Salman Bhai','','2023-05-18 07:39:26',NULL),(2,'Naheed Sheikh','+923362384457','Farooq Ahmed','','2023-05-18 07:41:48',NULL),(3,'Najia Miraj','+923212119942','Salman Bhai','','2023-05-18 07:43:03',NULL),(4,'Afshan Khalid','+923018250211','Hamza Haroon','','2023-05-18 07:44:09',NULL),(5,'Sohail Ahmed','+923062102119','Salman Bhai','','2023-05-18 07:44:46',NULL),(6,'Shahid Nadeem','+923008210505','Hamza Haroon','','2023-05-18 07:45:20',NULL),(7,'Hafeez Ullah','+12629932477','Farooq Ahmed','+923333827642','2023-05-18 07:47:18',NULL),(8,'Faisal Bengali','+923008224470','Nasir Muqeet','','2023-05-18 07:47:58',NULL),(9,'Hafsa Ismail','+352691314816','Salman Bhai','','2023-05-18 07:50:17','2023-05-18 12:15:46'),(11,'Ahmer Siddqui','+18324542726','Salman Bhai','','2023-05-18 07:51:00',NULL),(12,'Kashif Shafi','+923009206358','Shahid Nadeem','','2023-05-18 07:51:57',NULL),(13,'Rehan Mehtab Chawla','+923008233910','Farooq Ahmed','+923002011722','2023-05-18 07:52:48',NULL),(14,'Bilal Abbas','+923212100768','Junaid Ahmed','','2023-05-18 07:58:12','2023-06-25 10:23:33'),(15,'Adeel Wali Muhammad','+923058278786','Hamza Haroon','','2023-05-18 08:00:43',NULL),(16,'Syed Sheraz Ali','+27834331818','Syed Faraz Ali','','2023-05-18 08:01:40',NULL),(17,'Rashid Faheem','+014166718512','Salman Bhai','','2023-05-18 08:03:31',NULL),(18,'Arif Inam','+14166718512','Salman Bhai','','2023-05-18 08:04:42',NULL),(19,'Abida Saleem','+923002655892','Hamza Haroon','','2023-05-18 08:06:23',NULL),(20,'Muhammad Rizwan','+447508443372','Salman Bhai','','2023-05-18 08:07:07',NULL),(21,'Salman Jhangra','+923218200494','Farooq Ahmed','','2023-05-18 08:08:32',NULL),(22,'Ahmed Zaid','+19095192227','Hamza Haroon','','2023-05-18 08:09:34',NULL),(23,'Shabbir Ismail','+923332111763','Farooq Ahmed','','2023-05-18 08:10:59',NULL),(24,'Ambreen Ismail','+971504552414','Salman Bhai','','2023-05-18 08:11:47',NULL),(25,'Umm-e-Sarim','+923212111763','Farooq Ahmed','','2023-05-18 08:17:49','2023-05-18 08:33:00'),(27,'Qamar Ahsan','+18105139810','Farooq Ahmed','','2023-05-18 08:35:58','2023-05-18 12:18:27'),(28,'Nasir Muqeet','+923008210357','Farooq Ahmed','','2023-05-18 08:36:39',NULL),(29,'Ayesha Khan','+14697561608','Junaid Ahmed','','2023-05-18 08:40:25',NULL),(30,'Iffat Rashid','+923018280891','Hamza Haroon','+923008253421','2023-05-18 08:42:56',NULL),(31,'Saifan Shabbir','+923212111763','Farooq Ahmed','','2023-05-18 08:44:21',NULL),(32,'Leena Rasheed','+16478195752','Hamza Haroon','','2023-05-18 08:46:05',NULL),(33,'Amir Muqeet','+923212292271','Farooq Ahmed','','2023-05-18 08:47:56',NULL),(34,'Najma Asaar','+12145498418','Hamza haroon','','2023-05-18 08:48:41',NULL),(35,'Adnan Siddiqui','+923147482446','Salman Bhai','','2023-05-18 08:49:51',NULL),(36,'Shazia','+14088879744','Hamza Haroon','','2023-05-18 08:50:36','2023-05-18 12:26:55'),(37,'Athar Waheed','+32466465093','Salman Bhai','','2023-05-18 08:51:11','2023-05-18 12:28:38'),(38,'Abdul Rashid','+923018280891','Hamza Haroon','+923008253421','2023-05-18 08:52:22',NULL),(39,'Afrah ','+923422088846','Ali Hashmi','','2023-05-18 08:53:27',NULL),(40,'Fatima Taufeeq','+923212636538','Hamza Haroon','','2023-05-18 08:54:39',NULL),(41,'Mariam ','+923002002533','Hamza Haroon','','2023-05-18 08:57:15',NULL),(42,'Falak and Manaal','+923212444754','Hamza Haroon','+923232744806','2023-05-18 08:58:41',NULL),(43,'Muhammad Shafi Khan','+923009206358','Shahid Nadeem','','2023-05-18 08:59:36',NULL),(44,'Syed Abbas Ali','+923218917574','Syed Faraz Ali','','2023-05-18 09:03:35',NULL),(45,'Muslim Mujhahid','+923219257466','Salman Bhai','','2023-05-18 09:04:13',NULL),(46,'Osama','+923212119950','Salman Bhai','','2023-05-18 09:04:43',NULL),(47,'Sumera Maqsood','+966561218212','Farooq Ahmed','','2023-05-18 09:05:12',NULL),(48,'Adnan Ahmed Siddiqui','+923002851105','Yawar','','2023-05-18 09:06:08',NULL),(49,'Aesha Salman','+923212119951','Salman Bhai','','2023-05-18 09:06:39',NULL),(50,'Kamran Rafi','+923008210357','Nasir Muqeet','','2023-05-18 09:07:23',NULL),(51,'Dr Humera','+16132228897','Farooq Ahmed','','2023-05-18 09:07:52',NULL),(52,'Yosuf Abbas','+97455378731','Syed Jawad Ali','','2023-05-18 10:31:11',NULL),(53,'Arifa Kamal','+923112454262','Salman Bhai','','2023-05-18 10:35:05',NULL),(54,'Manizeh & Zainab','+923322204029','Hamza Haroon','+923328231444','2023-05-18 10:37:47','2023-05-18 10:57:41'),(55,'Fawwad Muhammad','+19089221348','Junaid Ahmed','','2023-05-18 11:14:42',NULL),(56,'Aamir Valli','+923452157770','Salman Bhai','','2023-05-18 11:15:46',NULL),(57,'Natasha Zafar','+923218298902','Salman Bhai','','2023-05-18 11:17:14',NULL),(58,'Khuraam Amjad','+923212220931','Salman Bhai','','2023-05-18 11:18:15',NULL),(59,'Adil Mukhtar','+923000607542','Farooq Ahmed','','2023-05-18 11:19:06',NULL),(60,'Dr.Nuzhat','+923332270878','Farooq Ahmed','','2023-05-18 11:20:46',NULL),(61,'Sumera Shoaib Azhar','+971502061773','Farooq Ahmed','','2023-05-18 11:21:57','2023-05-18 11:32:25'),(62,'Hamza Haroon','+923002002533','Farooq Ahmed','','2023-05-19 12:05:44',NULL),(63,'Syed Jawad Ali','+97455378731','Farooq Ahmed','','2023-05-19 12:08:34',NULL),(64,'Saba Shafi','+923332102539','Hamza Haroon','','2023-05-19 12:18:30',NULL),(65,'Shoaib Azhar','+971507474807','Farooq Ahmed','','2023-05-19 12:23:39',NULL),(66,'Dr Zulfiqar Haider','+923212119942','Salman Bhai','','2023-05-19 13:08:48',NULL),(67,'Salman & Raheel','+923218200494','Farooq Ahmed','','2023-05-21 03:01:47',NULL),(68,'Sarim Shabbir','+923212111763','Farooq Ahmed','','2023-05-21 03:27:56',NULL),(69,'Hafeez Bilwani','+923218200494','Salman Auditor','+6282146745007','2023-05-21 04:13:59','2023-05-21 11:33:06'),(70,'Mehmood Desmukh','+923008241302','Salman Bhai','','2023-05-21 04:44:48',NULL),(71,'Atika Burney','+923212006797','Salman Bhai','','2023-05-22 08:21:39',NULL),(72,'Muhammad Shoaib','+923008298262','Salman Bhai','','2023-05-22 08:33:49',NULL),(73,'Asma Lakhani','+966505505963','Salman Bhai','','2023-05-22 08:38:03','2023-07-04 14:14:15'),(74,'Asad Iqbal Hashmi','+18574888289','Basit USA','','2023-05-22 08:41:56',NULL),(75,'Faisal Rehman','+923116382719','Salman Bhai','','2023-05-22 08:51:14',NULL),(76,'Mahek Rafi','+923002026796','Hamza Haroon','','2023-05-22 08:58:35',NULL),(77,'Ghufran','+971562916599','Syed Faraz Ali','','2023-05-22 09:01:51',NULL),(78,'Hina Ayaz','+12898344665','Fahad Yawar','','2023-05-22 09:04:17',NULL),(79,'Noman Rafi','+18315419950','Hamza Haroon','','2023-05-22 09:08:03',NULL),(80,'Syed Azhan Shah','+923453122286','Junaid Ahmed','','2023-05-22 09:32:07',NULL),(81,'Osama Loan','+447542215906','Hamza Haroon','','2023-06-01 13:44:44',NULL),(82,'Mrs.Fouzia Parekh','+923008259755','Salman Bhai','','2023-06-01 13:56:27',NULL),(83,'Obaid Ur Rehman','+18502253592','Faraz Susar','','2023-06-12 07:43:36',NULL);

--
-- Table structure for table `family`
--

CREATE TABLE `family` (
  `id` int NOT NULL AUTO_INCREMENT,
  `father_cnic` varchar(15) COLLATE utf8mb4_general_ci NOT NULL,
  `father_name` varchar(45) COLLATE utf8mb4_general_ci NOT NULL,
  `father_phone` varchar(45) COLLATE utf8mb4_general_ci NOT NULL,
  `father_occup` varchar(45) COLLATE utf8mb4_general_ci NOT NULL,
  `address` varchar(45) COLLATE utf8mb4_general_ci NOT NULL,
  `religion` varchar(12) COLLATE utf8mb4_general_ci DEFAULT NULL,
  `children_count` int NOT NULL,
  `mother_name` varchar(45) COLLATE utf8mb4_general_ci NOT NULL,
  `mother_cnic` varchar(15) COLLATE utf8mb4_general_ci DEFAULT NULL,
  `mother_occup` varchar(45) COLLATE utf8mb4_general_ci DEFAULT NULL,
  `zakat` varchar(3) COLLATE utf8mb4_general_ci DEFAULT NULL,
  `emerg_name` varchar(45) COLLATE utf8mb4_general_ci NOT NULL,
  `emerg_relation` varchar(45) COLLATE utf8mb4_general_ci NOT NULL,
  `emerg_num` varchar(45) COLLATE utf8mb4_general_ci NOT NULL,
  `created_on` timestamp NOT NULL DEFAULT CURRENT_TIMESTAMP,
  `updated_on` timestamp NULL DEFAULT NULL ON UPDATE CURRENT_TIMESTAMP,
  PRIMARY KEY (`id`),
  UNIQUE KEY `father_cnic` (`father_cnic`),
  FULLTEXT KEY `fulltext` (`father_cnic`,`father_name`,`father_phone`,`father_occup`,`address`,`mother_name`,`mother_cnic`,`mother_occup`,`emerg_name`,`emerg_relation`,`emerg_num`,`religion`,`zakat`)
) ENGINE=InnoDB AUTO_INCREMENT=256 DEFAULT CHARSET=utf8mb4 COLLATE=utf8mb4_general_ci;

--
-- Dumping data for table `family`
--

INSERT INTO `family` VALUES (1,'42101-1637074-5','Muhammad Waseem','03072790940','Factory Worker','House # B-205, Sector 11-E, North Karachi. ','Islam',2,'Shehnaz','41103-0232049-2','Housewife','Yes','Shehnaz','Maternal Grand Mother','03102242713','2023-05-16 03:31:44','2023-06-02 04:13:00'),(2,'41304-5830045-3','Muhammad Irfan','03152949226','Labour','House # B-176, Sector 11-E, North Karachi.','Islam',3,'Shabnam','41303-1338238-0','Housewife','Yes','Shabnam','Mother','03121137722','2023-05-16 03:31:44','2023-06-20 08:58:29'),(7,'42101-3510900-7','Muhammad Faheem','03142128778','Ironer','House # B-1011, Sector 11-E, North Karachi. ','Islam',6,'Samreen','42101-5717438-0','Cloth Cropper','Yes','Samreen','Mother','03091234705','2023-05-16 03:31:44','2023-06-02 04:13:57'),(9,'42101-1948468-9','Muhammad Asif','03002854523','Painter','House # B-114, Sector 11-E, North Karachi. ','Islam',4,'Tabassum','','Housewife','Yes','Tabassum','Mother','03232807735','2023-05-16 03:31:44','2023-06-02 04:14:57'),(11,'42101-2729543-5','Pervaiz Khan','03432573997','Plumber','House # B-221, Sector 11-E, North Karachi. ','Islam',2,'Madina','42201-0634482-2','Housewife','Yes','Madina','Mother','03162937198','2023-05-16 03:31:44','2023-06-02 04:14:07'),(12,'42101-0742923-1','Ayaz Ali Khan','03142013279','Salesman','House # L-412, Sector 11-E, North Karachi. ','Islam',3,'Shazia','42101-5725956-0','Housewife','Yes','Shazia','Mother','03102715053','2023-05-16 03:31:44','2023-06-02 04:15:03'),(16,'42501-1611938-1','Muhammad Imran Chaudry','03075201704','Factory Worker','House # A-447, Sector 11-E, North Karachi. ','Islam',4,'Rimsha','','Housewife','Yes','Rimsha','Mother','03102715053','2023-05-16 03:31:44','2023-06-02 04:15:09'),(18,'42101-8075465-1','Muhammad Ayub','03082781092','Driver','House # B-323, Sector 11-E, North Karachi. ','Islam',4,'Rukhsana','42101-4576210-6','Housewife','Yes','Rukhsana','Mother','03162937198','2023-05-16 03:31:44','2023-06-02 04:15:18'),(19,'31201-0667933-5','Muhammad Riyaz','03037671360','Labour','House # 195, Sector 11-E, North Karachi. ','Islam',5,'Yasmeen','31201-7525823-2','Housewife',NULL,'Yasmeen','Mother','03069364208','2023-05-16 03:31:44','2023-06-02 04:15:28'),(20,'35104-0347332-9','Munawar Ali','03052794679','Shopkeeper','House # B-153, Sector 11-E, North Karachi. ','Islam',8,'Shamim','35104-0737558-2','Housewife',NULL,'Shamim','Mother','03128772568','2023-05-16 03:31:44','2023-06-02 04:15:34'),(21,'36201-2207539-7','Muhammad Younus','03004969246','Labour','House # B-55, Sector 11-E, North Karachi. ','Islam',7,'Ramzana Bibi','31201-5575832-8','Housewife','Yes','Ramzana Bibi','Mother','03020278381','2023-05-16 03:31:44','2023-06-02 04:21:23'),(22,'42000-0506913-7','Sheikh Mushtaq','03183390855','Labour','House # 284, Sector 11-E, North Karachi. ','Islam',3,'Rehana Bibi','','Housewife','Yes','Rehana Bibi','Mother','03342668294','2023-05-16 03:31:44','2023-06-02 04:21:28'),(23,'42101-1131733-9','Jahangir Khan','03102026255','Labour','House # 98, Sector 11-E, North Karachi. ','Islam',5,'Ayesha','42101-7151467-8','Housewife','Yes','Ayesha','Mother','03112824872','2023-05-16 03:31:44','2023-06-02 04:21:33'),(24,'42101-1351974-1','Farhan Ali','03122890121','Labour','House # B-445, Sector 11-E, North Karachi. ','Islam',4,'Nadia','42101-8966338-8','Housewife','Yes','Nadia','Mother','03131491210','2023-05-16 03:31:44','2023-06-02 04:21:39'),(25,'42101-1501612-1','Shehzad Masih','03121077145','Peon','House # 121, Sector 11-E, North Karachi. ','Christianity',4,'Sanam','42101-2294771-2','Housewife',NULL,'Sanam','Mother','03453290329','2023-05-16 03:31:44','2023-06-02 04:22:44'),(26,'42101-1591395-3','Muhammad Ismail','03411296735','Labour','House # 17/2, Sector 11-E, North Karachi. ','Islam',3,'Rehmat','42401-6886891-0','Housewife','Yes','Rehmat','Mother','03122753788','2023-05-16 03:31:44','2023-06-02 04:21:51'),(27,'42101-1635606-3','Tanveer Zia','03152453858','storekeeper','House # C-276, Sector 11-E, North Karachi. ','Islam',4,'Tahira','42101-8584923-4','Housewife','No','Tahira','Mother','03232190875','2023-05-16 03:31:44','2023-06-02 04:21:57'),(28,'42101-1780022-9','Muhammad Kashif','03158123822','Labour','House # A-81, Sector 11-E, North Karachi. ','Islam',3,'Urooj','42101-4984373-8','Maid','Yes','Urooj','Mother','03168169607','2023-05-16 03:31:44','2023-06-02 04:22:08'),(29,'42101-1798104-5','Muhammad Shoaib Malik','03213837246','Self Employee','House # 553, Sector 11-E, North Karachi. ','Islam',3,'Sadia','42101-9632072-8','Housewife','No','Sadia','Mother','03213837245','2023-05-16 03:31:44','2023-06-02 04:22:15'),(30,'42101-1876046-1','Aziz Ullah Qazi','03132153927','Driver','House # A-383, Sector 11-E, North Karachi. ','Islam',2,'Shazia','42201-0329909-0','Housewife','No','Shazia','Mother','03152164778','2023-05-16 03:31:44','2023-06-02 04:24:24'),(31,'42101-2513565-9','Muhammad Asif','03128291023','Painter','House # 248, Sector 11-E, North Karachi. ','Islam',6,'Nazia','42101-6021899-0','Housewife','Yes','Nazia','Mother','03128291024','2023-05-16 03:31:44','2023-06-02 04:24:29'),(32,'42101-3668795-5','Kabir Hussain','03222444604','Tailor','House # B-32, Sector 11-E, North Karachi. ','Islam',2,'Nabeela','42101-9112317-8','Housewife','Yes','Nabeela','Mother','03181404690','2023-05-16 03:31:44','2023-06-02 04:24:34'),(33,'42101-4202826-5','Muhammad Shoaib Dino','03213664282','Factory Worker','House # B-514 Sector 11-E, North Karachi. ','Islam',5,'Kiran','','Housewife','Yes','Kiran','Mother','03452642482','2023-05-16 03:31:44','2023-06-02 04:24:44'),(34,'42101-4438002-9','Muhammad Kamran Yameen','03158440780','Factory Worker','House # 98 Sector 11-E, North Karachi. ','Islam',2,'Samreen','42101-9175272-6','Housewife','Yes','Samreen','Mother','03166019085','2023-05-16 03:31:44','2023-06-02 04:24:51'),(35,'42101-5720935-1','Muhammad Amjad Khan','03112348832','Self Employee','House # 97, Sector 11-E, North Karachi. ','Islam',3,'Sabra','','Housewife','Yes','Sabra','Mother','03171246613','2023-05-16 03:31:44','2023-06-02 04:24:56'),(36,'42101-6284201-1','Abid Ali','03101088078','Labour','House # B-45, Sector 11-E, North Karachi. ','Islam',3,'Saima','42101-8695235-0','Housewife','Yes','Saima','Mother','03152629902','2023-05-16 03:31:44','2023-06-02 04:25:04'),(37,'42101-6471852-9','Shakeel Baksh','03453348528','Labour','House # B-293, Sector 11-E, North Karachi. ','Islam',3,'Hina','42101-0360721-4','Housewife','Yes','Hina','Mother','03152753072','2023-05-16 03:31:44','2023-06-02 04:25:27'),(38,'42101-6502952-5','Imran Shah','03151031860','Labour','House # B-75, Sector 11-E, North Karachi. ','Islam',4,'Shazia','','Housewife','Yes','Shazia','Mother','03168069523','2023-05-16 03:31:44','2023-06-02 04:25:32'),(39,'42101-7233807-7','Muhammad Asif Ali','03222338407','Self Employee','House # A-121, Sector 11-E, North Karachi. ','Islam',3,'Kanwal Naz','42101-1415619-0','Housewife','Yes','Kanwal Naz','Mother','03118054089','2023-05-16 03:31:44','2023-06-02 04:25:39'),(40,'42101-4482174-5','Fawad Hussain','03132149390','Security Guard','House # 505, Sector 11-E, North Karachi. ','Islam',4,'Iffat','42101-3364330-0','Housewife','Yes','Iffat','Mother','03118386807','2023-05-16 03:31:44','2023-06-02 04:26:27'),(41,'42101-7464235-7','Muhammad Naeem','03442603141','Self Employee','House # B-38 Sector 11-E, North Karachi. ','Islam',2,'Zahida','','Housewife','Yes','Zahida','Mother','03462775860','2023-05-16 03:31:44','2023-06-02 04:27:38'),(43,'42101-7918807-1','Muhammad Imran','03163271841','Labour','House # B-21, Sector 11-E, North Karachi. ','Islam',4,'Shumaila','','Housewife','No','Shumaila','Mother','03122716631','2023-05-16 03:31:44','2023-06-02 04:27:49'),(44,'42101-8010463-5','Syed Khalid Ali','03122145248','Mobile Repairing','House # LS-5, Sector 11-L, North Karachi. ','Islam',4,'Saba','42101-8009107-8','Housewife','No','Saba','Mother','03102698022','2023-05-16 03:31:44','2023-06-17 03:53:50'),(45,'42101-8672126-7','Muhammad Abbas','03103121548','Labour','House # 17/2, Sector 11-E, North Karachi. ','Islam',6,'Reema','44102-6751384-6','Housewife','Yes','Reema','Mother','03180163170','2023-05-16 03:31:44','2023-06-02 04:28:05'),(46,'42101-8710104-1','Javed Ali Khan','03178124763','Salesman','House # A-412, Sector 11-E, North Karachi. ','Islam',4,'Qamar-Un-Nisa','42101-4943750-2','Housewife','Yes','Qamar-Un-Nisa','Mother','03122233213','2023-05-16 03:31:44','2023-06-02 04:28:12'),(47,'42101-9847853-1','Muhammad Sadiq','03142345464','Factory Worker','House # B-99, Sector 11-E, North Karachi. ','Islam',3,'Rehmat Bibi','42101-2723214-8','Housewife','Yes','Rehmat Bibi','Mother','03194571171','2023-05-16 03:31:44','2023-06-02 04:28:20'),(48,'42301-0843693-2','Muhammad Imran','03432620270','Painter','House # 69, Sector 11-E, North Karachi. ','Islam',4,'Nargis','','Housewife','Yes','Nargis','Mother','03048450760','2023-05-16 03:31:44','2023-06-02 04:28:26'),(49,'42401-7044360-3','Muhammad Jameel','03022927907','Salesman','House # A-506, Sector 11-E, North Karachi. ','Islam',2,'Saima','42401-7802908-6','Housewife','Yes','Saima','Mother','03182964920','2023-05-16 03:31:44','2023-06-02 04:28:32'),(50,'44103-0454102-1','Muhammad Shakeel','03181944384','Driver','House # 392, Sector 11-E, North Karachi. ','Islam',1,'Sana','42201-0212927-4','Housewife','Yes','Sana','Mother','03158482408','2023-05-16 03:31:44','2023-06-02 04:28:39'),(51,'42101-7727002-7','Muhammad Tahir','03137506035','Factory Worker ','House # B-441, Sector 11-E, North Karachi. ','Islam',2,'Anum','','Housewife','Yes','Anum','Mother','03172580079','2023-05-16 03:31:44','2023-06-02 04:29:37'),(52,'42101-0482700-7','Jahanzaib Khan','03112714413','Labour ','House # 260, Sector 11-J, North Karachi. ','Islam',3,'Faiza','','Maid','Yes','Hawwa Bibi','Grand Mother','03143962441','2023-05-16 03:31:44','2023-06-02 04:29:43'),(53,'42101-1687553-9','Ilyas Ahmed','03004441744','Accountant','House # 145/6, Sector 11-F, New Karachi. ','Islam',5,'Mahwish','42101-0645785-4','Housewife ','Yes','Mahwish','Mother','03212119612','2023-05-16 03:31:44','2023-06-02 04:29:48'),(54,'42101-0944680-7','Abdul Rasheed','03152113751','Labour ','House # A-362 Sector 11-E, North Karachi. ','Islam',3,'Rehana','42101-0197338-6','Housewife','Yes','Rehana','Mother','03152112935','2023-05-16 03:31:44','2023-06-02 04:29:54'),(55,'42301-1101864-5','Muhammad Sulaiman','03219217242','Salesman','House # B-168, Sector 11-E, North Karachi. ','Islam',6,'Zahida','42301-0929975-0','Housewife','Yes','Okasha','Brother','03122523309','2023-05-16 03:31:44','2023-06-02 04:30:00'),(56,'42101-1832584-5','Muhammad Ali','03102663583','Labour ','House # B-365 Sector 11-E, North Karachi. ','Islam',5,'Shama Naz','42301-6279153-5','Housewife ','No','Shama Naz','Mother','03172625505','2023-05-16 03:31:44','2023-06-02 04:30:05'),(57,'42101-5411420-7','Abdul Qadir Khan','03343867592','Accontant','House # B-79, Sector 11-E, North Karachi. ','Islam',2,'Shazia','42101-0741106-2','Accountant','Yes','Shazia','Mother','03222114194','2023-05-16 03:31:44','2023-06-02 04:30:11'),(58,'42101-2378244-3','Muhammad Salman','03152543497','Factory Worker ','House # A-146, Sector 11-E, North Karachi. ','Islam',3,'Kanwal','42101-9751793-4','Housewife','Yes','Kanwal','Mother','03122891887','2023-05-16 03:31:44','2023-06-02 04:30:17'),(60,'42101-5285817-3','Faisal Abdul Rehman','03012736536','Labour ','House # B-420, Sector 11-E, North Karachi. ','Islam',1,'Fouzia','42101-8261756-8','Housewife','Yes','Fouzia','Mother','03162000612','2023-05-16 03:31:44','2023-06-02 04:30:23'),(61,'42101-3620860-5','Faheem Ahmed','03112897622','Factory Worker ','House # A=401,Sector 11-E, North Karachi. ','Islam',4,'Farah','42101-2066296-0','Housewife','Yes','Maliha','Aunt','03178124763','2023-05-16 03:31:44','2023-06-02 04:30:28'),(62,'42101-1622154-5','Muhammad Amir Naseer','03002941040','Mechanic','House # B-112, Sector 11-E, North Karachi. ','Islam',3,'Nousheen','42101-1479364-4','Housewife','Yes','Nousheen','Mother','03171197688','2023-05-16 03:31:44','2023-06-02 04:35:33'),(63,'44103-6731678-9','Muhammad Ali Siddique','03118213627','Labour ','House # B-287, Sector 11-E, North Karachi. ','Islam',5,'Fouzia ','44103-1648701-2','Housewife ','Yes','Fouzia','Mother','03103988089','2023-05-16 03:31:44','2023-06-02 04:38:03'),(64,'42101-3429418-5','Muhammad Saleem Bi Dullah','03132168397','Self Employee ','House # 373, Sector 11-E, North Karachi. ','Islam',6,'Maria','','Housewife','Yes','Raees','Uncle','03072424513','2023-05-16 03:31:44','2023-06-02 04:36:07'),(65,'42101-5303264-3','Muhammad Raees Bi Dullah','03122141242','Welder','House # 373, Sector 11-E, North Karachi. ','Islam',1,'Sabra ','42101-5915534-6','Cloth Cropper ','Yes','Sabra','Mother','03102320875','2023-05-16 03:31:44','2023-06-02 04:36:13'),(66,'42101-8537474-9','Muhammad Imran Abdul Rehman ','03112958876','Welder','House # A-420, Sector 11-E, North Karachi. ','Islam',5,'Shabana','42101-7492108-0','Housewife','Yes','Shabana','Mother','03120228715','2023-05-16 03:31:44','2023-06-02 04:36:24'),(67,'42101-5199462-3','Raju Abdul Rehman','03322011075','Painter','House # A-420, Sector 11-E, North Karachi. ','Islam',2,'Maryam','42101-2849499-4','Cloth Cropper ','Yes','Maryam','Mother','03171185299','2023-05-16 03:31:44','2023-06-02 04:36:30'),(68,'42101-1759179-1','Waheed Salam Uddin','03183750907','Self Employee ','House # B-47, Bismillah Colony New Karachi','Islam',6,'Hina','42101-6448798-2','Housewife','Yes','Hina','Mother','03150606284','2023-05-16 03:31:44','2023-06-02 04:40:10'),(69,'42401-5210940-5','Muhammad Jamshed Khan','03112160093','Labour ','House # 174, Sector 11-E, North Karachi. ','Islam',5,'Nagina','17301-4441089-2','Housewife','Yes','Amna','Sister','03182964693','2023-05-16 03:31:44','2023-06-02 04:36:36'),(72,'42101-8080706-7','Muhammad Arif Ishaq','03212563180','Labour ','House # A-397, Sector 11-E, North Karachi. ','Islam',2,'Kauser','42101-8178172-4','Housewife','Yes','Kauser','Mother','03062157701','2023-05-16 03:31:44','2023-06-02 04:36:43'),(73,'42101-1736158-1','Khalid Masih','03102316230','Factory Worker ','House # B-101, Sector 11-E, North Karachi. ','Christianity',4,'Hina (Late)','42101-7700440-0','Housewife','No','Malka','Aunt','03442317319','2023-05-16 03:31:44','2023-06-02 04:31:18'),(75,'32301-4405804-7','Muhammad Shouket Khan','03032722755','Driver ','House # A-352, Sector 11-E, North Karachi. ','Islam',5,'Rehana','32301-0634445-4','Maid','Yes','Rehana','Mother','03003973309','2023-05-16 03:31:44','2023-06-02 04:40:15'),(76,'32301-7168091-5','Muhammad Irfan Gulam Nabi','03003973309','Painter','House # A-353, Sector 11-E, North Karachi. ','Islam',5,'Farzana','32301-5869058-2','Tailor ',NULL,'Farzana','Mother','03069207665','2023-05-16 03:31:44','2023-06-02 04:40:24'),(77,'42201-0741355-1','Abdul Qadeer Majeed','03142596119','Factory Worker ','House # A-396, Sector 11-E, North Karachi. ','Islam',4,'Sanobeer','42101-8766866-8','Housewife','Yes','Sanober','Mother','03112352202','2023-05-16 03:31:44','2023-06-02 05:05:50'),(79,'42101-8350604-3','Akram Masih','03448353519','Private Job','House # C/103, Sector 11-E, North Karachi. ','Christianity',4,'Sonia','42101-9269399-4','Maid','No','Sonia','Mother','03232036715','2023-05-16 03:31:44','2023-06-02 04:37:24'),(80,'42401-2492915-3','Zahid Hussain Shabeer','03133325759','Factory Worker ','House # A-120, Sector 11-E, North Karachi. ','Islam',4,'Gulshan','42101-4203076-2','Housewife','Yes','Gulshan','Mother','03131307677','2023-05-16 03:31:44','2023-06-02 04:40:30'),(81,'42101-3553058-9','Rashid Rasheed ','03118899205','Mechanic','House # A-121, Sector 11-E, North Karachi. ','Islam',3,'Mehwish','','Housewife ','Yes','Mehwish','Mother','03130117677','2023-05-16 03:31:44','2023-06-02 04:40:36'),(83,'42101-6360087-3','Peter Parvaiz','03000369087','Factory Worker ','House # B101, Sector 11-E, North Karachi. ','Christianity',3,'Matia','','Housewife ','No','Matia','Mother','03244026488','2023-05-16 03:31:44','2023-06-02 04:37:32'),(84,'42101-7841257-9','Muhammad Ayaz Khan','03153172036','Factory Worker ','House # 373, Sector 11-E, North Karachi. ','Islam',2,'Fouzia ','42101-8647159-0','Housewife','Yes','Fouzia','Mother','03404779951','2023-05-16 03:31:44','2023-06-02 04:40:44'),(85,'42101-6242291-7','Ali Raza Khalil Ahmed','03122181612','Factory Worker ','House # A-390, Sector 11-E, North Karachi. ','Islam',3,'Shiba','','Housewife','Yes','Shiba','Mother','03128451118','2023-05-16 03:31:44','2023-06-02 04:40:51'),(86,'42201-4643006-7','Muhammad Imran Qamar Uddin','03171116774','Factory Worker ','House # A-117, Sector 11-E, North Karachi. ','Islam',2,'Saima','42401-3433668-6','Housewife','Yes','Saima','Mother','03190100782','2023-05-16 03:31:44','2023-06-02 04:40:57'),(87,'42101-8291191-7','Sumair Ullah Khan','03182860259','Accountant','House # B-232, Sector 11-E, North Karachi. ','Islam',3,'Sehar','42401-4198702-2','saleswomen','Yes','Seher','Mother','03142995579','2023-05-16 03:31:44','2023-06-02 04:41:02'),(88,'34102-0397165-7','Sajid Masih','03488336844','Factory Worker ','House # B-101, Sector 11-E, North Karachi. ','Christianity',7,'Irshad','42101-1586533-2','Housewife',NULL,'Irshad','Mother','03436051397','2023-05-16 03:31:44','2023-06-02 04:39:49'),(90,'42101-7452715-7','Muhammad Khalid Abdul Sattar','03232850308','Self Employee ','House # A-582, Sector 11-G, North Karachi. ','Islam',3,'Rabia','42101-7514391-4','Housewife ',NULL,'Rabia','Mother','03212913205','2023-05-16 03:31:44','2023-06-02 04:41:11'),(91,'42101-0422162-9','Fayyaz Siraj Uddin','03182775248','Self Employee ','House # B/21, Sector 11-E, North Karachi. ','Islam',3,'Nadia','','Housewife ','Yes','Nadia','Mother','03162915177','2023-05-16 03:31:44','2023-06-02 04:41:19'),(92,'42101-2731059-9','Zahid Hussain Muhammad Hussain','03113252242','Self Employee ','House # A-400, Sector 11-E, North Karachi. ','Islam',4,'Nazia','42101-7948031-6','Housewife','Yes','Nazia','Mother','03152588722','2023-05-16 03:31:44','2023-06-02 04:41:25'),(93,'42401-8714455-5','Anwar Hussain ','03310375962','Salesman','House # 352/2, Sector 11-E, North Karachi. ','Islam',7,'Alina','42401-9170762-6','Housewife','Yes','Alina','Mother','03182094170','2023-05-16 03:31:44','2023-06-02 04:41:32'),(94,'44205-6628351-5','Sajjid Nazeer Ahmed','03162333803','Labour ','House # 174, Sector 11-E, North Karachi. ','Islam',5,'Kulsoom','42101-5099640-6','Housewife ','Yes','Kulsoom','Aunt','03152342058','2023-05-16 03:31:44','2023-06-02 04:42:58'),(95,'44205-6618851-5','Sajjad Nazeer Ahmed','03152342058','Labour ','House # A-248 Sector 11-E, North Karachi. ','Islam',6,'Kulsoom','36602-6259579-6','Housewife',NULL,'Kulsoom','Aunt','03162333803','2023-05-16 03:31:44','2023-06-02 04:43:04'),(96,'42101-3581298-5','Abdul Ghaffar','03158918065','Factory Worker ','House # 247, Sector 11-E, North Karachi. ','Islam',4,'Samreen','42101-7985507-6','Housewife','Yes','Musarat','Grand Mother','03142332652','2023-05-16 03:31:44','2023-06-02 04:43:11'),(97,'42604-0351686-9','Muhammad Ali Roshan Din','03138147290','Ironer ','House # B-9/3, Sector 11-E, North Karachi. ','Islam',8,'Shabana','','Housewife ','No','Muhammad Raza','Brother','03166190075','2023-05-16 03:31:44','2023-06-02 04:43:17'),(98,'42101-7679169-7','Nadeem Ahmed Abdul Ghaffar','03106059935','Factory Worker ','House # A-398, Sector 11-E, North Karachi. ','Islam',2,'Anum','42101-5555749-6','Housewife','Yes','Anum','Mother','03182053162','2023-05-16 03:31:44','2023-06-02 04:43:25'),(99,'42101-5500542-5','Muhammad Shehzad Zafar','03442821450','Factory Worker ','House # 351, Sector 11-E, North Karachi. ','Islam',4,'Erum','41304-8302861-8','Housewife','Yes','Erum','Mother','03112199206','2023-05-16 03:31:44','2023-06-02 04:43:32'),(101,'32303-5111936-3','Muhammad Mujahid ','03032094265','Labour ','House # , Sector 11-E, North Karachi. ','Islam',6,'Shahzad Bibi','32303-9152217-0','Housewife','Yes','Shahzad Bibi','Mother','03152263996','2023-05-16 03:31:44','2023-06-02 04:43:41'),(102,'42101-4595569-3','Muhammad Ali Wali Muhammad','03102622467','Labour ','House # A-112, Sector 11-E, North Karachi. ','Islam',3,'Urooj','42000-1486548-4','Housewife',NULL,'Urooj','Mother','03120226477','2023-05-16 03:31:44','2023-06-02 04:43:48'),(105,'31202-3892154-1','Muhammad Iqbal Ramzan','03072154057','Labour ','House #B-232 , Sector 11-E, North Karachi. ','Islam',7,'Farzana','31202-4003538-0','Housewife ','Yes','Farzana','Mother','03090472682','2023-05-16 03:31:44','2023-06-02 04:44:00'),(107,'42101-3324758-5','Salman Ibrahim','03152133010','Factory Worker ','House # A-125, Sector 11-E, North Karachi. ','Islam',3,'Amber','42401-1709065-6','Housewife ','Yes','Saima','Aunt','03142334280','2023-05-16 03:31:44','2023-06-02 04:44:10'),(108,'42101-1402015-3','Muhammad Imran Abdul Majid','03442698816','Labour ','House # 402, Sector 11-E, North Karachi. ','Islam',2,'Rizwana','42101-2297852-4','Maid','Yes','Rizwana','Mother','03152640189','2023-05-16 03:31:44','2023-06-02 04:45:43'),(109,'42101-1286209-7','Akhtar Baloch Gul Hasan','03126972927','Mobile Repairing ','House # A-174, Sector 11-E, North Karachi. ','Islam',3,'Fouzia','','Housewife','Yes','Fouzia','Mother','03102203840','2023-05-16 03:31:44','2023-06-02 04:45:50'),(110,'42101-1386064-5','Abdul Khalid Abdul Ghaffar','03192493289','Labour ','House # A-455, Sector 11-E, North Karachi. ','Islam',2,'Samina','','Housewife','Yes','Samina','Mother','03116454473','2023-05-16 03:31:44','2023-06-02 04:45:56'),(111,'42101-0884193-1','Adnan Qutub Uddin (Late)','03112837023','Security Guard ','House # A-138, Sector 11-E, North Karachi. ','Islam',2,'Sumaira','','Maid','Yes','Sumaira','Mother','03112302703','2023-05-16 03:31:44','2023-06-02 04:46:06'),(112,'42101-7818944-1','Tahir Ali Khan','03172254468','Salesman ','House # A-412, Sector 11-E, North Karachi. ','Islam',2,'Tabassum','42101-7227642-6','Housewife','Yes','Tabassum','Mother','03102242714','2023-05-16 03:31:44','2023-06-02 04:46:14'),(113,'42101-1613318-3','Mehboob Khan','03153057855','Self Employee ','House # A-390, Sector 11-E, North Karachi. ','Islam',5,'Ayesha','42101-1727496-4','Factory Worker ','Yes','Zaitoon','Mother','03122807680','2023-05-16 03:31:44','2023-06-02 04:46:25'),(114,'42101-1911741-1','Muhammad Imran Ibrahim','03452971759','Factory Worker ','House # 1011, Sector 11-J, North Karachi. ','Islam',3,'Azra','42101-4418547-4','Housewife','Yes','Azra','Mother','03121235675','2023-05-16 03:31:44','2023-06-02 04:46:33'),(115,'42101-1385165-1','Muhammad Faisal Saleem','03110212285','Factory Worker ','House # B-23, Sector 11-E, North Karachi. ','Islam',2,'Sumera','','Housewife','No','Sumera','Mother','03153653853','2023-05-16 03:31:44','2023-06-02 04:46:44'),(117,'42101-9480831-9','Javed Nazir Ahmed','03132277028','Factory Worker ','House # B-246, Sector 11-E, North Karachi. ','Islam',5,'Nazia','42101-4895838-6','Housewife',NULL,'Anila','Aunt','03152807726','2023-05-16 03:31:44','2023-06-02 04:46:51'),(120,'42101-1663084-3','Babar Masih','03111822984','Peon ','House # 119, Sector 11-E, North Karachi. ','Christianity',1,'Shehnaz','','Maid',NULL,'Tariq','Uncle','03198469798','2023-05-16 03:31:44','2023-06-02 04:48:03'),(121,'42101-1069439-3','Syed Asad Hussain','03122923587','Factory Worker ','House # A-125, Sector 11-E, North Karachi. ','Islam',3,'Sakeena','42101-1164014-4','Cloth Cropper ','Yes','Sakeena','Mother','03122490947','2023-05-16 03:31:44','2023-06-02 04:51:28'),(122,'41304-3418593-1','Muhammad Abid Muneer','03128328572','Labour ','House # 469 Sector 11-E, North Karachi. ','Islam',3,'Reema','41304-3057526-6','Housewife',NULL,'Reema','Mother','03133161952','2023-05-16 03:31:44','2023-06-02 04:51:35'),(123,'42101-1540566-5','Mohsin Khan Mobeen Uddin','03132235392','Self Employee ','House # B-348/1, Sector 11-E, North Karachi. ','Islam',3,'Hina','42101-6711678-6','Housewife','Yes','Hina','Mother','03168028595','2023-05-16 03:31:44','2023-06-02 04:51:51'),(124,'42101-1540566-1','Mursalin Mubeen Uddin Khan','03132635266','WatchMan','House # B-348, Sector 11-E, North Karachi. ','Islam',5,'Shazia','42101-8391516-0','Maid','Yes','Shazia','Mother','03113274345','2023-05-16 03:31:44','2023-06-02 04:51:59'),(126,'42101-1298576-3','Iqbal Masih Nazar','03458685308','Self Employee ','House # B-119, Sector 11-E, North Karachi. ','Christianity',2,'Razia','42201-1986149-8','Housewife',NULL,'Razia','Mother','03412849526','2023-05-16 03:31:44','2023-06-02 04:51:13'),(127,'42101-3769560-3','Muhammad Amir Nazeer Ahmed','03012107798','Factory Worker ','House # B-246, Sector 11-E, North Karachi. ','Islam',4,'Shaheen','42101-4907128-2','Housewife ',NULL,'Shaheen','Mother','03150246809','2023-05-16 03:31:44','2023-06-02 04:53:20'),(129,'42101-1501612-3','Sarfaraz Yaqoob Masih','03178078217','Factory Worker ','House # B-121, Sector 11-E, North Karachi. ','Islam',5,'Neelam','42101-1909894-4','Beautician',NULL,'Shehzad','Uncle','03453290329','2023-05-16 03:31:44','2023-06-02 04:53:28'),(131,'42101-7711847-7','Mirza Faraz Baig','03412541734','Salesman ','House # L-521, Sector 11-E, North Karachi. ','Islam',3,'Nusrat Parveen','42101-3335539-0','Housewife ','Yes','Imran','Uncle','03043620731','2023-05-16 03:31:44','2023-06-20 05:47:55'),(132,'42101-1401982-1','Shahid Hussain','03128815269','Factory Worker ','House # A-400, Sector 11-E, North Karachi. ','Islam',4,'Shazia','42101-2627067-2','Housewife','Yes','Shazia','Mother','03171185484','2023-05-16 03:31:44','2023-06-02 04:53:40'),(134,'42101-7846969-9','Mohsin Muhammad Akhtar','03131110202','Factory Worker ','House # A-462, Sector 11-E, North Karachi. ','Islam',3,'Shumaila','41303-5801424-8','Housewife',NULL,'Danish','Uncle','03123502762','2023-05-16 03:31:44','2023-06-02 04:53:46'),(135,'42101-1967922-7','Suhail Fazal','03118390440','Factory Worker ','House # 159, Sector 11-E, North Karachi. ','Islam',2,'Farhana Parveen','42101-1359713-2','Housewife ','Yes','Farhana Parveen','Mother','03113863360','2023-05-16 03:31:44','2023-06-02 04:54:02'),(136,'42101-2488750-1','Zohaib Khan Islam Khan','03453990174','Self Employee ','House # A-385, Sector 11-E, North Karachi. ','Islam',3,'Shabeena','42101-3128805-2','Housewife ','Yes','Shabeena','Mother','03152897133','2023-05-16 03:31:44','2023-06-02 04:54:09'),(138,'33302-7728286-3','Qaisar Abbas','03152431508','Factory Worker ','House # 812, Sector 11-J, New Karachi. ','Islam',4,'Hajra Bibi','42101-3016881-4','Housewife ','Yes','Ghulam Rasool','Grand Father','03152702387','2023-05-16 03:31:44','2023-06-02 04:54:18'),(139,'44206-9969310-5','Waseem Shahnwaz','03151746010','Labour ','House # B-176, Sector 11-E, North Karachi. ','Islam',4,'Shahzadi','44205-5325043-4','Housewife ','Yes','Shahzadi','Mother','03182094816','2023-05-16 03:31:44','2023-06-02 04:54:26'),(141,'42101-1690535-1','Muhammad Arif Abdul Ghani','03191574776','Factory Worker ','House # B-295-3, Sector 11-E, North Karachi. ','Islam',2,'Erum Arif','42101-4750852-8','Housewife ','Yes','Erum Arif','Mother','03362350101','2023-05-16 03:31:44','2023-06-02 04:54:35'),(143,'41303-1500713-9','Muhammad Ahsan Ismail','03172765966','Factory Worker ','House # B-89, Sector 11-E, North Karachi. ','Islam',4,'Ambreen','42101-7039191-4','Housewife','Yes','Ambreen','Mother','03272714964','2023-05-16 03:31:44','2023-06-02 04:56:19'),(144,'42101-1406400-3','Kashif Mukhtar Masih','03052038980','Factory Worker ','House # B-98, Sector 11-E, North Karachi. ','Christianity',3,'Kiran','42501-1877507-0','Maid','No','Saima','Aunt','03324530422','2023-05-16 03:31:44','2023-06-02 04:55:38'),(146,'42101-0883263-1','Muhammad Ahsan Suleman','03412229395','Cashier','House # A-27, Sector 5 B/3, North Karachi. ','Islam',1,'Nazia','','Housewife','No','Nazia','Mother','03305197888','2023-05-16 03:31:44','2023-06-02 04:57:04'),(147,'42101-6061672-5','Kamran Haroon','03112274216','Panaflex Printing','House # B-423, Sector 11-E, North Karachi. ','Islam',3,'Atiya','42101-8096770-8','Chef','Yes','Atiya','Mother','03152339556','2023-05-16 03:31:44','2023-06-02 04:57:10'),(149,'45504-3354597-3','Dilshad Ahmed Irshad','03123734364','Labour ','House # B-212, Sector 11-E, North Karachi. ','Islam',1,'Shaheen ( Late )','','Late','Yes','Waseem','Uncle','03120009335','2023-05-16 03:31:44','2023-06-02 04:57:15'),(151,'42101-1722187-7','Zafar Ali Shah','03042012659','Self Employee ','House # D-410, Sector 11-E, North Karachi. ','Islam',5,'Samina','42101-6322039-2','Housewife','No','Samina','Mother','03101088246','2023-05-16 03:31:44','2023-06-02 04:57:20'),(153,'42101-5191931-9','Naveed Uddin Zafar','03142981291','Self Employee ','House # B-36, Sector 11-E, North Karachi. ','Islam',4,'Zarmeen','42101-2026984-8','Housewife','Yes','Zarmeen','Mother','03162425053','2023-05-16 03:31:44','2023-06-02 04:57:26'),(154,'42101-3303544-3','Usman Khan','03152244352','Self Employee ','House # D-410, Sector 11-E, North Karachi. ','Islam',5,'Shama','42101-0155632-0','Housewife','Yes','Zafar','Uncle','03042012659','2023-05-16 03:31:44','2023-06-02 04:57:33'),(155,'42101-1960185-9','Muhammad Imran Zafar','03128851360','Self Employee ','House # B-150, Sector 11-E, North Karachi. ','Islam',3,'Ayesha','42401-4712305-4','Housewife ',NULL,'Ayesha','Mother','03166364066','2023-05-16 03:31:44','2023-06-02 04:57:39'),(156,'42101-1833583-9','Muhammad Kamran Ishaq','03332146398','Mechanic','House # A-95, Sector 11-E, North Karachi. ','Islam',6,'Zareen','42101-9695504-0','Housewife','Yes','Fatima','Aunt','03182775440','2023-05-16 03:31:44','2023-06-02 04:57:47'),(158,'43303-3172906-5','Muhammad Saleem Wazir','03132532525','Hair Dresser','House # B-246/2, Sector 11-E, North Karachi. ','Islam',6,'Shabana','42101-5378031-4','Housewife',NULL,'Shabana','Mother','03122688720','2023-05-16 03:31:44','2023-06-02 04:59:18'),(159,'42101-1877903-1','Kaleem Baig','03153052304','Factory Worker ','House # N-1069, Sector 11-J, North Karachi. ','Islam',3,'Lubna','42101-9110437-0','Housewife','Yes','Waseem','Uncle','03332221186','2023-05-16 03:31:44','2023-06-02 04:59:30'),(160,'42101-5348675-9','Shan Babar','03142297509','Self Employee ','House # A-389, Sector 11-E, North Karachi. ','Islam',2,'Shumaila','42101-5012094-2','Housewife','Yes','Shumaila','Mother','03152135248','2023-05-16 03:31:44','2023-06-02 04:59:37'),(161,'42101-5142296-9','Faheem(Late) Riyaz','03182088422','Late','House # B-21, Sector 11-E, North Karachi. ','Islam',4,'Nazia','42101-5294343-0','Housewife ',NULL,'Shahbaz','Brother','03122491023','2023-05-17 04:54:54','2023-06-02 04:59:44'),(163,'42101-1806290-5','Mansoor Hussain ','03110830620','Electrician','House # B-341, Sector 11-E, North Karachi. ','Islam',3,'Shehla ','42201-2514907-2','Housewife ','Yes','Shehla','Mother','03161067535','2023-05-17 04:58:25','2023-06-02 04:59:51'),(164,'42101-9528038-1','Muhammad Adil Nawab Uddin','03152762954','Factory Worker ','House # B-538, Sector 11-E, North Karachi. ','Islam',4,'Saima','','Housewife','Yes','Saima','Mother','03181020546','2023-05-17 05:00:58','2023-06-02 04:59:58'),(165,'42101-5433881-7','Asif Haroon','03082719003','Factory Worker ','House # LS-22, Sector 11-E, North Karachi. ','Islam',3,'Alkashaf','','Housewife',NULL,'Saeed Ahmed','Grand Father','03442040348','2023-05-17 05:36:35','2023-06-02 05:00:05'),(166,'42101-1859041-5','Mehmood Ali Khan (Taya)','03113576562','Self Employee ','House # LS-187, Sector 11-E, North Karachi. ','Islam',3,'Farhana','','Factory Worker ','Yes','Farhana','Mother','03233247723','2023-05-17 06:20:19','2023-06-02 05:00:12'),(167,'42101-1380709-1','Muhammad Aslam Khan','03132633651','Weldor','House # A-363, Sector 11-E, North Karachi. ','Islam',3,'Farhat','42101-7474655-4','Housewife','Yes','Sania','Aunt','03171185299','2023-05-17 06:36:14','2023-06-02 05:00:20'),(169,'42101-5799927-5','Muhammad Arif Khan Ismail Khan','03132609510','Self Employee ','House # B-78, Sector 11-E, North Karachi. ','Islam',4,'Farhat','42101-4622845-2','Housewife ','No','Farhat','Mother','03102333429','2023-05-18 03:41:58','2023-06-02 05:00:27'),(170,'42101-3971466-1','Muhammad Asif Iqbal','03242438507','Labour ','House # B-152-3, Sector 11-E, North Karachi. ','Islam',3,'Sumaira','42101-1119264-4','Housewife','Yes','Sumaira','Mother','03120262117','2023-05-18 05:50:14','2023-06-02 05:01:27'),(171,'42101-4648497-7','Junaid','03432067400','Self Employee ','A-482 Block I North Nazimabad','Islam',2,'Naila','42101-2328029-6','Teacher','No','Naila','Mother','03452155740','2023-05-19 10:24:32','2023-06-02 05:01:34'),(172,'42101-7023389-1','Muhammad Irfan','03172107692','Self Employee ','House No423 Sector 11-E North Karachi','Islam',7,'Shabana','42101-1406038-8','Housewife ','No','Shabana','Mother','03172689693','2023-05-19 10:55:02','2023-06-02 05:01:40'),(173,'42101-2155669-7','Muhammad Touseef Zareef','03157815565','Factory Worker ','House # B-1932, Sector 11-E, North Karachi. ','Islam',2,'Sonya','42101-0776393-8','Housewife','Yes','Sonya','Mother','03136407271','2023-05-20 04:28:10','2023-06-02 05:01:50'),(174,'42101-1513897-5','Muhammad Azad Altaf','03187702110','Self Employee ','House # 193, Sector 11-E, North Karachi. ','Islam',3,'Yasmeen','','Maid','Yes','Yasmeen','Mother','03182676938','2023-05-20 04:34:14','2023-06-02 05:02:00'),(175,'31302-2326411-1','Asghar Ali Ghulam Rasool','03082936785','Self Employee ','House # LS-12, Sector 11-E, North Karachi. ','Islam',6,'Najma','42101-8110622-6','Housewife ','Yes','Najma','Mother','03252191806','2023-05-20 04:40:18','2023-06-02 05:02:06'),(176,'31301-2117412-5','Nazeer Ahmed Azeem Baksh','03055723372','Factory Worker ','House # B-55, Sector 11-E, North Karachi. ','Islam',4,'Samreen','31301-4074766-2','Housewife','Yes','Mumtaz Ahmed','Uncle','03058602551','2023-05-20 04:48:55','2023-06-02 05:02:12'),(177,'36302-0427695-7','Muhammad Jameel Khan Jamal Sabri','03112970644','Factory Worker ','House # A-657, Sector 11-E, North Karachi. ','Islam',5,'Rohina','42101-8105202-2','Housewife','Yes','Rohina','Mother','03112566312','2023-05-20 04:58:14','2023-06-02 05:02:19'),(178,'42101-5246496-3','Tofeeq Ahmed Khan','03009226100','Plumber ','House # 431/2, Sector 11-E, North Karachi. ','Islam',3,'Saima','42101-1734960-6','Housewife','No','Saima','Mother','03128858841','2023-05-20 05:04:37','2023-06-17 03:55:42'),(179,'42101-7106349-7','Khurram Yameen','03122330701','Labour ','House # B-86/2, Sector 11-E, North Karachi. ','Islam',4,'Rina Naz','42101-4946253-4','Maid','Yes','Rina Naz','Mother','03162123573','2023-05-20 05:11:42','2023-06-02 05:02:31'),(180,'42101-1783689-7','Jawed Moteen','03132076782','Factory Worker ','House # B-227, Sector 11-E, North Karachi. ','Islam',2,'Salma','','Maid','Yes','Salma','Mother','03482179652','2023-05-20 05:16:00','2023-06-02 05:07:07'),(181,'36502-3182219-5','Muhammad Wakeel Mubarak Ali','03012729684','Factory Worker ','House # B-92, Sector 11-E, North Karachi. ','Islam',2,'Ameena','','Housewife','Yes','Ameena','Mother','03172875027','2023-05-20 05:22:05','2023-06-02 05:07:13'),(182,'42101-0427965-9','Anwar Iqbal (Muhammad Iqbal)','03112845727','Self Employee ','House # A/344, Sector 11-E, North Karachi. ','Islam',2,'Rubi','','Maid','No','Salma','Aunt','03482179652','2023-05-20 05:26:37','2023-06-02 05:07:20'),(183,'42101-0181539-9','Muhammad Aftab Abdul Sattar','03142769625','Mechanic','House # B-237, Sector 11-E, North Karachi. ','Islam',3,'Sadaf','','Housewife ','Yes','Sadaf','Mother','03168529596','2023-05-20 05:29:58','2023-06-02 05:07:26'),(184,'42101-4185832-7','Sarfaraz Alam (Riyaz Ahmed)','03002716181','Self Employee ','House # A-522, Sector 11-E, North Karachi. ','Islam',3,'Kanwal Naaz (Late)','','Housewife','Yes','Humaira Naaz','Aunt','03121051599','2023-05-20 05:33:01','2023-06-02 05:07:33'),(185,'41303-3454755-3','Muhammad Khalil Shoukat Ali','03145562733','Self Employee ','House # B-436/2, Sector 11-E, North Karachi. ','Islam',5,'Farzana','31101-4677165-2','Housewife','Yes','Farzana','Mother','03192580180','2023-05-20 05:37:16','2023-06-02 05:07:40'),(187,'41303-3359850-3','Muhammad Mushtaq (Late) Muhammad Saleem','03194977886','Driver ','House # B-55, Sector 11-E, North Karachi. ','Islam',2,'Farzana','42101-5027599-0','Tailor ','Yes','Rubina','Aunt','03151099517','2023-05-20 05:41:42','2023-07-08 09:12:16'),(189,'42101-6172191-5','Muhammad Junaid Yousuf','03128897696','Factory Worker ','House # A-138, Sector 11-E, North Karachi. ','Islam',4,'Husna ','42101-5766264-2','Housewife','Yes','Husna','Mother','03463500282','2023-05-20 05:52:01','2023-06-02 05:07:58'),(190,'42101-9036362-5','Muhammad Ameen Hussain Kamal','03132430981','Outdoor Work','House # B-179, Sector 11-E, North Karachi. ','Islam',4,'Farzana','42101-1708145-0','Housewife','Yes','Kinza','Sister','03164350493','2023-05-20 06:08:12','2023-06-02 05:09:37'),(191,'42101-7185562-3','Shiraz Siraj Muhammad','03158065813','Driver ','House # 514, Sector 11-E, North Karachi. ','Islam',7,'Saira (Late)','','Housewife ',NULL,'Hasnain','Brother','03172531689','2023-05-20 06:14:21','2023-06-02 05:09:42'),(192,'41406-7310489-7','Waseem Qureshi Abdul Raheem ','03160255387','Labour ','House # B-237, Sector 11-E, North Karachi. ','Islam',6,'Madiha','42101-3114458-6','Housewife',NULL,'Abdul Rehman','Uncle','03174742508','2023-05-20 06:20:14','2023-06-02 05:09:49'),(193,'42101-6998816-9','Faheem Ahmed Abdul Waheed','03102333429','Factory Worker ','House # B-93, Sector 11-E, North Karachi. ','Islam',2,'Afroz','42101-0621309-4','Housewife',NULL,'Afroz','Mother','03132668036','2023-05-20 06:24:08','2023-06-02 05:09:55'),(194,'45302-7904131-9','Faqir Muhammad','03197346540','Weldor','House # N-326, Sector 11-J North Karachi. ','Islam',4,'Naseem','42101-3274311-2','Housewife ',NULL,'Bilal','Brother','03112395817','2023-05-20 06:32:17','2023-06-02 05:10:00'),(195,'42101-3385077-9','Muhammad Kashif Sagheer','03121805401','Self Employee ','House # B-99, Sector 11-E, North Karachi. ','Islam',6,'Nisho','42101-5361187-2','Housewife','Yes','Zainab','Sister','03117784691','2023-05-20 06:38:29','2023-06-02 05:10:07'),(196,'42101-5881744-5','Naveed Ghulam Muhammad','03161017769','Driver ','House # A-71, Sector 11-E, North Karachi. ','Islam',3,'Nafeesa','42101-6278059-8','Maid','Yes','Nafeesa','Mother','03182393569','2023-05-20 06:56:59','2023-06-02 05:10:13'),(198,'42301-0960918-7','Muhammad Noman Fazal ur Rehman','03172873706','Self Employee ','House # B-480, Sector 11-E, North Karachi. ','Islam',4,'Hameeda','42101-9652415-6','Housewife','Yes','Hameeda','Mother','03120820753','2023-05-20 07:34:38','2023-06-02 05:10:20'),(200,'42101-9799836-7','Muhammad Naeem Sharif','03113248387','Factory Worker ','House # B-111, Sector 11-E, North Karachi. ','Islam',5,'Parveen','42000-3056645-0','Housewife','Yes','Parveen','Mother','03083938245','2023-05-22 05:40:08','2023-06-02 05:10:26'),(201,'42101-6956304-7','Junaid Faraz Mumtaz Khan','03362489701','Cashier','House # A-313, Sector 11-E, North Karachi. ','Islam',4,'Lubna','42401-6402222-8','Housewife','Yes','Rumana','Aunt','03171197690','2023-05-22 05:47:21','2023-06-02 05:10:37'),(202,'42101-1719163-7','Muhammad Ishaq Subhan Khan','03036324455','Weldor','House # A-486, Sector 11-E, North Karachi. ','Islam',9,'Parveen Bibi','42101-1600325-8','Housewife','Yes','Parveen Bibi','Mother','03142356178','2023-05-22 06:01:36','2023-06-02 05:12:26'),(203,'42101-6692934-1','Muhammad Mohsin Ghanchi','03452162961','Self Employee ','House # A-494, Sector 11-E, North Karachi. ','Islam',3,'Samina','','Housewife',NULL,'Samina','Mother','03182267014','2023-05-22 08:18:11','2023-06-02 05:12:35'),(204,'42101-9986516-3','Yousuf Ibrahim','03172254407','Labour ','House # L-755, Sector 11-E, North Karachi. ','Islam',3,'Rabia','42101-0661553-6','Housewife','Yes','Rabia','Mother','03132454831','2023-05-23 04:44:51','2023-06-02 05:12:40'),(205,'42101-4281542-3','Muhammad Rehan (late)','03111005623','late','House # 461, Sector 11-E, North Karachi. ','Islam',3,'Huma','','Housewife','Yes','Huma','Mother','03172774891','2023-05-23 05:04:56','2023-06-02 05:12:54'),(206,'42101-2373923-5','Shehbaz Siraj Muhammad','03182638096','Security Guard ','House # A-509, Sector 11-E, North Karachi. ','Islam',5,'Shahana Matloob','42101-9152521-4','Housewife',NULL,'Shahana','Mother','03172578735','2023-05-23 05:17:38','2023-06-02 05:13:01'),(207,'42101-3233261-1','Shakeel Ahmed Jameel Ahmed','03154099815','Labour ','House # R-41, Sector 11-J, North Karachi. ','Islam',2,'Erum (late)','','late','Yes','Ishrat Parveen','Aunt','03102011636','2023-05-23 05:39:39','2023-06-02 05:13:07'),(208,'42101-3551399-7','Nadeem Inayat Masih','03112875284','Private Job','House # B-132, Sector 11-E, North Karachi. ','Christianity',4,'Shabana','42101-6999416-4','Housewife','No','Shabana','Mother','03152153684','2023-05-23 05:56:39','2023-06-17 04:01:43'),(209,'42401-7651110-7','Silawar Naseem Ahmed','03152517856','Factory Worker ','House # B-71, Sector 11-J, North Karachi. ','Islam',4,'Asma','','Beautician',NULL,'Asma','Mother','03112860606','2023-05-23 06:13:39','2023-06-02 05:13:13'),(210,'42101-4939700-5','Salman Uddin ','03132632334','Factory Worker ','House # B-39, Sector 11-E, North Karachi. ','Islam',2,'Naila Kanwal','42101-7788926-8','Housewife','Yes','Naila Kanwal','Mother','03172772271','2023-05-24 05:43:36','2023-06-02 05:13:20'),(211,'42101-3482591-9','Abdul Qayoom','03313147667','Labour ','House # A-295, Sector 11-E, North Karachi. ','Islam',5,'Farzana','42101-8813148-2','Maid','Yes','Farzana','Aunt','03162937198','2023-05-25 03:31:23','2023-06-02 05:13:27'),(212,'42101-2984990-1','Zahid Anwar ','03152147250','Factory Worker ','House # A-478, Sector 11-E, North Karachi. ','Islam',2,'Huma','','Housewife',NULL,'Anila','Aunt','03152306835','2023-05-25 04:26:12','2023-06-02 05:17:06'),(213,'42101-0591359-3','Muhammad Shahid Anwaar','03152306835','Driver ','House # A-472, Sector 11-E, North Karachi. ','Islam',3,'Anila','42101-2855928-8','Housewife',NULL,'Huma','Aunt','03152147250','2023-05-25 04:31:04','2023-06-16 14:00:11'),(214,'42101-8183526-3','Shabbir Hussain','03002735144','Private Job','House # 36, Sector 11-E, North Karachi. ','Islam',4,'Najma','31101-9266727-4','Housewife',NULL,'Najma','Mother','03023542271','2023-05-25 04:36:10','2023-06-02 05:17:22'),(215,'42101-5356568-3','Muhammad Asif Iqbal','03458006042','Hair Dresser','House # B-204, Sector 11-E, North Karachi. ','Islam',2,'Kishwar','42101-5310885-6','Housewife',NULL,'Kishwar','Mother','03106009160','2023-05-25 04:46:43','2023-06-02 05:17:29'),(216,'42101-9033754-3','Muhammad Jaffar Wazeer Ahmed','03153814497','Factory Worker ','House # 114, Sector 11-E, North Karachi. ','Islam',2,'Ambreen','42101-5879218-6','Housewife',NULL,'Ambreen','Mother','03172473478','2023-05-25 04:59:59','2023-06-02 05:17:36'),(217,'42101-1806298-9','Manzoor Hussain Qadri','03152473089','Self Employee ','House # B-341, Sector 11-E, North Karachi. ','Islam',3,'Uzma','','Housewife',NULL,'Noman','Brother','03128772492','2023-05-25 05:03:48','2023-06-02 05:17:44'),(218,'42101-1646515-7','Muhammad Ali Qadri Nasiruddin','03142173286','Labour ','House # DN-129, Sector 11-J, North Karachi. ','Islam',4,'Samina','42101-2828695-6','Housewife',NULL,'Ahmed Raza','Brother','03463258268','2023-05-25 05:10:18','2023-06-02 05:17:50'),(219,'41303-7257538-5','Muhammad Amin Wazeer Ahmed','03007009123','Labour ','House # 109, Sector 11-E, North Karachi. ','Islam',4,'Rubina','41303-1446917-4','Housewife',NULL,'Rubina','Mother','03132762293','2023-05-25 05:20:11','2023-06-02 05:17:56'),(220,'42401-6077167-9','Muhammad Shahid Islam Uddin','03120013904','Labour ','House # A-175 , Sector 11-E, North Karachi. ','Islam',3,'Raheela','42401-8817275-4','Housewife',NULL,'Raheela','Mother','03160121328','2023-05-25 05:47:30','2023-06-02 05:18:03'),(221,'42401-5945878-3','Faheem Ahmed Jameel Ahmed','03328821354','Factory Worker ','House # 231, Sector 11-E, North Karachi. ','Islam',4,'Samina','42101-2858649-0','Housewife',NULL,'Samina','Mother','03123024462','2023-05-25 05:53:02','2023-06-02 05:18:15'),(222,'42101-1853432-3','Muhammad Furqan Abdul Kareem','03142758885','Factory Worker ','House # A-112, Sector 11-E, North Karachi. ','Islam',3,'Ana','42101-8643420-8','Housewife',NULL,'Ana','Mother','03152728082','2023-05-25 06:11:47','2023-06-02 05:22:58'),(223,'42101-3382552-5','Amir Hussain Jamshed Ahmed','03108551104','Labour  in Dubai','House # L-2060, Sector 11-E, North Karachi. ','Islam',4,'Rani','','Housewife',NULL,'Ameer un Nisa','Grand Mother','03182279996','2023-05-25 06:25:55','2023-06-02 05:23:07'),(224,'42101-1916883-1','Muhammad Nadeem Miskeen','03402079830','Factory Worker ','House # 200, Sector 11-J, North Karachi. ','Islam',5,'Rehana','42301-9503588-0','Housewife',NULL,'Rehana','Mother','03152236988','2023-05-25 06:30:00','2023-06-02 05:23:13'),(225,'42101-3526348-7','Ilyas Ahmed Riaz Ahmed','03121828646','Factory Worker ','House # A-399, Sector 11-E, North Karachi. ','Islam',4,'Sharf Un Nisa','42101-7216091-4','Housewife',NULL,'Zaib Un Nisa','Aunt','03131001651','2023-05-25 06:41:00','2023-06-02 05:23:18'),(226,'42101-9170513-9','Muhammad Ibrahim Abdul Ghaffar','03131001651','Self Employee ','House # 398, Sector 11-E, North Karachi. ','Islam',3,'Zaib Un Nisa','','Housewife',NULL,'Sharf Un Nisa','Aunt','03121828646','2023-05-25 06:45:12','2023-06-02 05:23:24'),(227,'42101-1946071-9','Muhammad Arif Yaqoob','03472488344','Hair Dresser','House # B-202, Sector 11-E, North Karachi. ','Islam',4,'Farzana','42101-2630924-0','Housewife',NULL,'Areeba','Sister','03121064942','2023-05-25 07:01:13','2023-06-02 05:23:29'),(228,'42401-4849317-9','Muhammad Saleem Rafat','03308237472','Driver ','House # N-26, Sector 11-J, North Karachi. ','Islam',2,'Meena','42101-7584711-4','Housewife',NULL,'Meena','Mother','03101093206','2023-05-25 07:49:27','2023-06-02 05:23:35'),(229,'42101-1267721-3','Muhammad Saeed Ajmeeri','03101252519','Labour ','House # B-91, Sector 11-E, North Karachi. ','Islam',4,'Shazia','42201-5093132-0','Housewife',NULL,'Shazia','Mother','03167101425','2023-05-26 05:11:41','2023-06-02 05:23:41'),(230,'42000-0441815-7','Muhammad Khalid Ibrahim','03442296603','Factory Worker ','House # A-216, Sector 11-E, North Karachi. ','Islam',3,'Nasreen','42101-8724152-6','Housewife',NULL,'Nasreen','Mother','03239675863','2023-05-26 05:26:17','2023-06-02 05:23:47'),(231,'42101-4582891-9','Kamran Abdul Latif','03481341370','Hair Dresser','House # B-209, Sector 11-E, North Karachi. ','Islam',2,'Sobia','42101-1177845-2','Housewife',NULL,'Sobia','Mother','03452291432','2023-05-26 05:44:36','2023-06-02 05:23:52'),(232,'42101-1559719-7','Kamran Mehboob','03180252435','Self Employee ','House # A-520, Sector 11-E, North Karachi. ','Islam',5,'Mehar Un Nisa','42101-0635291-0','chef',NULL,'Mehar Un Nisa','Mother','03340305227','2023-05-27 06:04:57','2023-06-02 05:24:46'),(233,'42101-1220965-9','Muhammad Shakeel Asif','03132169340','Labour ','House # A-55, Sector 11-E, North Karachi. ','Islam',3,'Ruqaiyya','','Housewife',NULL,'Ruqaiyya','Mother','03132203971','2023-06-01 04:44:29','2023-06-02 05:24:54'),(234,'42101-1679402-1','Wazir Ali Ghulam Hussain','03003487804','Factory Worker ','House # 1024, Sector 11-E, North Karachi. ','Islam',3,'Mehwish','42101-2568160-0','Housewife',NULL,'Mehwish','Mother','03101208874','2023-06-01 05:24:38','2023-06-02 05:25:00'),(236,'42101-1493092-1','Muhammad Jawaid Islam Uddin','03102150532','Factory Worker ','House # 1055, Sector 11-E, North Karachi. ','Islam',5,'Zahida','','Housewife',NULL,'Shoaib','Uncle','03113647087','2023-06-01 05:35:26','2023-06-02 05:25:11'),(237,'42101-1679002-1','Ali Saleem','03432810504','Hair Dresser','House # B-209, Sector 11-E, North Karachi. ','Islam',3,'Fouzia','','Housewife',NULL,'Shehzad','Uncle','03422299659','2023-06-01 07:31:44','2023-06-02 05:25:18'),(238,'42101-8789750-7','Muhammad Amir Abdul Qadir','03060895174','Hair Dresser','House # E-216, Sector 11-E, North Karachi. ','Islam',4,'Humaira Bibi','42101-9568087-2','Maid',NULL,'Humaira Bibi','Mother','03060895175','2023-06-02 03:49:38',NULL),(239,'42101-1414190-5','Shahid Abdul Latif','03360670589','Factory Worker ','House # B-99, Sector 11-E, North Karachi. ','Islam',3,'Aisha','42101-0527611-4','Housewife',NULL,'Aisha','Mother','03128852150','2023-06-02 04:18:04',NULL),(240,'42101-1916892-3','Nazeer Abdul Wahid','03082099765','Ironer ','House # N-141, Sector 11-J, North Karachi. ','Islam',3,'Sania','','Housewife',NULL,'Sania','Mother','03162770258','2023-06-02 05:54:08',NULL),(241,'42101-1851547-9','Naseer Ahmed','03112867060','Labour ','House # N-141, Sector 11-J, North Karachi. ','Islam',5,'Najma','','Housewife',NULL,'Irsila','Sister','03161006175','2023-06-02 05:58:39',NULL),(242,'42401-5692636-3','Muhammad Amir Ali Shah','03161141738','Factory Worker ','Flat # P-70 KDA Flats Nagan Chowrangi','Islam',5,'Shabnam','42401-0253970-8','Housewife','Yes','Farzana','Aunt','03110223020','2023-06-03 03:35:22','2023-06-06 07:19:25'),(243,'42101-1888056-9','Farhat Abbas','03353813095','Private Job','House # A-322/1, Sector 11-E, North Karachi. ','Islam',4,'Shahana Naz','42101-8531098-4','Housewife','No','Shahana Naz','Mother','03152503264','2023-06-09 04:20:29',NULL),(244,'41303-3522904-5','Khalid Qureshi ','03102907664','Factory Worker ','House # RA-493, Sector 11-E, North Karachi. ','Islam',5,'Soniya','42101-4819918-8','Housewife','No','Soniya','Mother','03168169686','2023-06-12 03:33:10',NULL),(245,'41303-3503588-5','Hasnain Qureshi','03122563267','Self Employee ','House # B-300-, Sector 11-E, North Karachi. ','Islam',5,'Fouzia','42101-3514324-0','Housewife','No','Fouzia','Mother','03122335469','2023-06-12 04:41:22',NULL),(246,'42201-9419623-7','Muhammad Afsar','03132115879','Labour ','House # A-80, Sector 11-E, North Karachi. ','Islam',3,'Kubra Bano','42101-9987365-0','Housewife','No','Kubra Bano','Mother','03060287035','2023-06-20 04:34:28',NULL),(247,'36202-0866180-5','Ramzan Ahmad Naseer Ahmad','03188376783','Labour ','House # B-239, Sector 11-E, North Karachi. ','Islam',5,'Farzana (late)','','Housewife','No','Talha','Brother','03182708078','2023-06-20 05:12:40',NULL),(248,'42101-4912009-9','Asif Yaseen','03112488829','Labour ','House # B-328, Sector 11-E, North Karachi. ','Islam',4,'Shabana','42101-7394379-2','Housewife','No','Shabana','Mother','03161262314','2023-06-20 05:19:13',NULL),(249,'42101-0620654-3','Saleem Abdul Kareem','03452929323','Labour ','House # A-99, Sector 11-E, North Karachi. ','Islam',3,'Saima','42101-0278399-0','Housewife','No','Saima','Mother','03152779834','2023-06-20 05:36:06',NULL),(250,'42401-7364597-5','Asif Iqbal Ahmed','03122621397','Factory Worker ','House # A-396, Sector 11-E, North Karachi. ','Islam',3,'Bushra','42101-9365549-8','Tailor ','No','Ruqaiyya','Aunt','03202004182','2023-06-20 05:44:22',NULL),(251,'42101-4339464-9','Bilal Yousuf Ali Qureshi','03132072507','Self Employee ','House # B-56, Sector 11-E, North Karachi. ','Islam',3,'Rizwana','42101-7919086-4','Housewife','No','Rizwana','Mother','03101045355','2023-06-20 05:54:30',NULL),(252,'42101-3782408-5','Zahid Hussain Abdul Waheed','03152925164','Tailor ','House # B-303, Sector 11-E, North Karachi. ','Islam',5,'Tahira','42201-3944781-4','Housewife','No','Tahira','Mother','03412008401','2023-06-20 07:26:55',NULL),(253,'42101-0341432-7','Nasir Khan','03152203423','Labour ','House # A-111 Sector 11-E, North Karachi. ','Islam',2,'Shaista','','Housewife','No','Shaista','Mother','03302534503','2023-06-23 05:21:38',NULL),(254,'42101-1435919-7','Sajjad Kamal Uddin Khan','03323590587','Salesman','House # L-375, Sector 11-E, North Karachi. ','Islam',3,'Sadaf','42101-1684450-2','Housewife','No','Sadaf','Mother','03442840659','2023-06-23 05:30:12',NULL),(255,'42101-9925183-1','Muhammad Anees Hafeez','03301863166','Carpenter','L-751 Sector 5-B-2 North Karachi','Islam',1,'Yasmeen','','Cloth Cropper ',NULL,'Shazad','Uncle','03132219348','2023-06-26 04:01:43',NULL);

--
-- Table structure for table `family_service`
--

CREATE TABLE `family_service` (
  `id` int NOT NULL AUTO_INCREMENT,
  `family_id` int NOT NULL,
  `service` varchar(25) COLLATE utf8mb4_general_ci NOT NULL,
  `date` date NOT NULL,
  `created_on` timestamp NOT NULL DEFAULT CURRENT_TIMESTAMP,
  `updated_on` timestamp NULL DEFAULT NULL ON UPDATE CURRENT_TIMESTAMP,
  PRIMARY KEY (`id`)
) ENGINE=InnoDB AUTO_INCREMENT=452 DEFAULT CHARSET=utf8mb4 COLLATE=utf8mb4_general_ci;

--
-- Dumping data for table `family_service`
--

INSERT INTO `family_service` VALUES (1,52,'Medical Card','2023-06-19','2023-06-19 03:29:08',NULL),(2,52,'Eid al-Adha Meat','2023-06-19','2023-06-19 03:29:36',NULL),(3,44,'Eid al-Adha Meat','2023-06-19','2023-06-19 03:34:39',NULL),(4,120,'Medical Card','2023-06-19','2023-06-19 04:01:03',NULL),(5,120,'Eid al-Adha Meat','2023-06-19','2023-06-19 04:01:26',NULL),(6,238,'Eid al-Adha Meat','2023-06-19','2023-06-19 04:02:30',NULL),(7,238,'Medical Card','2023-06-19','2023-06-19 04:03:09',NULL),(8,21,'Eid al-Adha Meat','2023-06-19','2023-06-19 04:03:54',NULL),(9,21,'Medical Card','2023-06-19','2023-06-19 04:03:59',NULL),(10,105,'Eid al-Adha Meat','2023-06-19','2023-06-19 04:05:23',NULL),(11,105,'Medical Card','2023-06-19','2023-06-19 04:05:29',NULL),(12,86,'Eid al-Adha Meat','2023-06-19','2023-06-19 04:06:34',NULL),(13,86,'Medical Card','2023-06-19','2023-06-19 04:06:41',NULL),(14,180,'Eid al-Adha Meat','2023-06-19','2023-06-19 04:08:57',NULL),(15,182,'Eid al-Adha Meat','2023-06-19','2023-06-19 04:09:11',NULL),(16,244,'Eid al-Adha Meat','2023-06-19','2023-06-19 04:10:26',NULL),(17,182,'Medical Card','2023-06-19','2023-06-19 04:10:31',NULL),(18,149,'Eid al-Adha Meat','2023-06-19','2023-06-19 04:11:39',NULL),(19,149,'Medical Card','2023-06-19','2023-06-19 04:11:46',NULL),(20,243,'Eid al-Adha Meat','2023-06-19','2023-06-19 04:12:25',NULL),(21,243,'Medical Card','2023-06-19','2023-06-19 04:12:30',NULL),(22,239,'Eid al-Adha Meat','2023-06-19','2023-06-19 04:13:11',NULL),(23,239,'Medical Card','2023-06-19','2023-06-19 04:13:17',NULL),(24,151,'Eid al-Adha Meat','2023-06-19','2023-06-19 04:14:12',NULL),(25,151,'Medical Card','2023-06-19','2023-06-19 04:14:18',NULL),(26,154,'Eid al-Adha Meat','2023-06-19','2023-06-19 04:14:36',NULL),(27,154,'Medical Card','2023-06-19','2023-06-19 04:14:45',NULL),(28,178,'Eid al-Adha Meat','2023-06-19','2023-06-19 04:16:06',NULL),(29,178,'Medical Card','2023-06-19','2023-06-19 04:16:12',NULL),(30,96,'Eid al-Adha Meat','2023-06-19','2023-06-19 04:16:47',NULL),(31,96,'Medical Card','2023-06-19','2023-06-19 04:16:52',NULL),(32,33,'Eid al-Adha Meat','2023-06-19','2023-06-19 04:17:45',NULL),(33,33,'Medical Card','2023-06-19','2023-06-19 04:17:51',NULL),(34,175,'Eid al-Adha Meat','2023-06-19','2023-06-19 04:18:55',NULL),(35,175,'Medical Card','2023-06-19','2023-06-19 04:19:00',NULL),(36,32,'Eid al-Adha Meat','2023-06-19','2023-06-19 04:20:07',NULL),(37,32,'Medical Card','2023-06-19','2023-06-19 04:20:13',NULL),(38,176,'Eid al-Adha Meat','2023-06-19','2023-06-19 04:20:48',NULL),(39,214,'Eid al-Adha Meat','2023-06-19','2023-06-19 04:21:32',NULL),(40,214,'Medical Card','2023-06-19','2023-06-19 04:21:37',NULL),(41,34,'Eid al-Adha Meat','2023-06-19','2023-06-19 04:22:18',NULL),(42,34,'Medical Card','2023-06-19','2023-06-19 04:22:22',NULL),(43,210,'Eid al-Adha Meat','2023-06-19','2023-06-19 04:23:11',NULL),(44,210,'Medical Card','2023-06-19','2023-06-19 04:23:17',NULL),(45,202,'Eid al-Adha Meat','2023-06-19','2023-06-19 04:24:09',NULL),(46,202,'Medical Card','2023-06-19','2023-06-19 04:24:14',NULL),(47,108,'Eid al-Adha Meat','2023-06-19','2023-06-19 04:26:36',NULL),(48,108,'Medical Card','2023-06-19','2023-06-19 04:26:41',NULL),(49,211,'Eid al-Adha Meat','2023-06-19','2023-06-19 04:27:25',NULL),(50,81,'Eid al-Adha Meat','2023-06-19','2023-06-19 04:28:16',NULL),(51,81,'Medical Card','2023-06-19','2023-06-19 04:28:20',NULL),(52,80,'Eid al-Adha Meat','2023-06-19','2023-06-19 04:28:54',NULL),(53,80,'Medical Card','2023-06-19','2023-06-19 04:28:59',NULL),(54,94,'Eid al-Adha Meat','2023-06-19','2023-06-19 04:31:51',NULL),(55,94,'Medical Card','2023-06-19','2023-06-19 04:31:57',NULL),(56,95,'Eid al-Adha Meat','2023-06-19','2023-06-19 04:32:11',NULL),(57,93,'Eid al-Adha Meat','2023-06-19','2023-06-19 04:33:45',NULL),(58,93,'Medical Card','2023-06-19','2023-06-19 04:33:49',NULL),(59,220,'Eid al-Adha Meat','2023-06-19','2023-06-19 04:34:47',NULL),(60,220,'Medical Card','2023-06-19','2023-06-19 04:34:52',NULL),(61,161,'Medical Card','2023-06-19','2023-06-19 04:35:39',NULL),(62,161,'Eid al-Adha Meat','2023-06-19','2023-06-19 04:35:43',NULL),(63,91,'Eid al-Adha Meat','2023-06-19','2023-06-19 04:36:39',NULL),(64,91,'Medical Card','2023-06-19','2023-06-19 04:36:44',NULL),(65,30,'Eid al-Adha Meat','2023-06-19','2023-06-19 04:37:36',NULL),(66,30,'Medical Card','2023-06-19','2023-06-19 04:37:42',NULL),(67,200,'Eid al-Adha Meat','2023-06-19','2023-06-19 04:38:39',NULL),(68,200,'Medical Card','2023-06-19','2023-06-19 04:38:44',NULL),(69,72,'Medical Card','2023-06-19','2023-06-19 04:39:08',NULL),(70,72,'Eid al-Adha Meat','2023-06-19','2023-06-19 04:39:13',NULL),(71,7,'Eid al-Adha Meat','2023-06-19','2023-06-19 04:39:39',NULL),(72,7,'Medical Card','2023-06-19','2023-06-19 04:39:43',NULL),(73,102,'Eid al-Adha Meat','2023-06-19','2023-06-19 04:40:17',NULL),(74,102,'Medical Card','2023-06-19','2023-06-19 04:40:24',NULL),(75,20,'Eid al-Adha Meat','2023-06-19','2023-06-19 04:40:50',NULL),(76,20,'Medical Card','2023-06-19','2023-06-19 04:40:55',NULL),(77,54,'Eid al-Adha Meat','2023-06-19','2023-06-19 04:42:40',NULL),(78,159,'Eid al-Adha Meat','2023-06-19','2023-06-19 04:42:58',NULL),(79,159,'Medical Card','2023-06-19','2023-06-19 04:43:02',NULL),(80,217,'Eid al-Adha Meat','2023-06-19','2023-06-19 04:43:42',NULL),(81,217,'Medical Card','2023-06-19','2023-06-19 04:43:46',NULL),(82,160,'Medical Card','2023-06-19','2023-06-19 04:44:05',NULL),(83,160,'Eid al-Adha Meat','2023-06-19','2023-06-19 04:44:10',NULL),(84,179,'Eid al-Adha Meat','2023-06-19','2023-06-19 04:45:31',NULL),(85,179,'Medical Card','2023-06-19','2023-06-19 04:45:36',NULL),(86,75,'Eid al-Adha Meat','2023-06-19','2023-06-19 04:46:06',NULL),(87,75,'Medical Card','2023-06-19','2023-06-19 04:46:11',NULL),(88,48,'Eid al-Adha Meat','2023-06-19','2023-06-19 04:46:52',NULL),(89,48,'Medical Card','2023-06-19','2023-06-19 04:47:33',NULL),(90,49,'Medical Card','2023-06-19','2023-06-19 04:47:58',NULL),(91,49,'Eid al-Adha Meat','2023-06-19','2023-06-19 04:48:04',NULL),(92,229,'Eid al-Adha Meat','2023-06-19','2023-06-19 04:48:46',NULL),(93,229,'Medical Card','2023-06-19','2023-06-19 04:48:51',NULL),(94,37,'Eid al-Adha Meat','2023-06-19','2023-06-19 04:49:17',NULL),(95,37,'Medical Card','2023-06-19','2023-06-19 04:49:23',NULL),(96,166,'Eid al-Adha Meat','2023-06-19','2023-06-19 04:49:55',NULL),(97,166,'Medical Card','2023-06-19','2023-06-19 04:50:00',NULL),(98,19,'Eid al-Adha Meat','2023-06-19','2023-06-19 04:50:39',NULL),(99,19,'Medical Card','2023-06-19','2023-06-19 04:50:46',NULL),(100,173,'Medical Card','2023-06-19','2023-06-19 04:51:23',NULL),(101,173,'Eid al-Adha Meat','2023-06-19','2023-06-19 04:51:30',NULL),(102,114,'Eid al-Adha Meat','2023-06-19','2023-06-19 04:52:28',NULL),(103,114,'Medical Card','2023-06-19','2023-06-19 04:52:34',NULL),(104,97,'Eid al-Adha Meat','2023-06-19','2023-06-19 04:53:09',NULL),(105,163,'Eid al-Adha Meat','2023-06-19','2023-06-19 04:54:04',NULL),(106,163,'Medical Card','2023-06-19','2023-06-19 04:54:09',NULL),(107,18,'Eid al-Adha Meat','2023-06-19','2023-06-19 04:55:01',NULL),(108,18,'Medical Card','2023-06-19','2023-06-19 04:55:09',NULL),(109,87,'Eid al-Adha Meat','2023-06-19','2023-06-19 04:55:28',NULL),(110,87,'Medical Card','2023-06-19','2023-06-19 04:55:33',NULL),(111,134,'Eid al-Adha Meat','2023-06-19','2023-06-19 04:57:34',NULL),(112,134,'Medical Card','2023-06-19','2023-06-19 04:57:39',NULL),(113,99,'Eid al-Adha Meat','2023-06-19','2023-06-19 04:58:12',NULL),(114,99,'Medical Card','2023-06-19','2023-06-19 04:58:18',NULL),(115,11,'Eid al-Adha Meat','2023-06-19','2023-06-19 04:58:46',NULL),(116,11,'Medical Card','2023-06-19','2023-06-19 04:58:51',NULL),(117,212,'Medical Card','2023-06-19','2023-06-19 04:59:17',NULL),(118,212,'Eid al-Adha Meat','2023-06-19','2023-06-19 04:59:22',NULL),(119,213,'Eid al-Adha Meat','2023-06-19','2023-06-19 04:59:48',NULL),(120,213,'Medical Card','2023-06-19','2023-06-19 04:59:54',NULL),(121,226,'Eid al-Adha Meat','2023-06-19','2023-06-19 05:00:13',NULL),(122,226,'Medical Card','2023-06-19','2023-06-19 05:00:18',NULL),(123,98,'Eid al-Adha Meat','2023-06-19','2023-06-19 05:00:35',NULL),(124,98,'Medical Card','2023-06-19','2023-06-19 05:00:41',NULL),(125,126,'Medical Card','2023-06-19','2023-06-19 05:01:00',NULL),(126,126,'Eid al-Adha Meat','2023-06-19','2023-06-19 05:01:05',NULL),(127,138,'Medical Card','2023-06-19','2023-06-19 05:01:22',NULL),(128,138,'Eid al-Adha Meat','2023-06-19','2023-06-19 05:01:27',NULL),(129,110,'Medical Card','2023-06-19','2023-06-19 05:01:54',NULL),(130,110,'Eid al-Adha Meat','2023-06-19','2023-06-19 05:01:59',NULL),(131,208,'Medical Card','2023-06-19','2023-06-19 05:03:57',NULL),(132,208,'Eid al-Adha Meat','2023-06-19','2023-06-19 05:04:03',NULL),(133,62,'Eid al-Adha Meat','2023-06-19','2023-06-19 05:04:45',NULL),(134,62,'Medical Card','2023-06-19','2023-06-19 05:04:49',NULL),(135,90,'Medical Card','2023-06-19','2023-06-19 05:05:26',NULL),(136,90,'Eid al-Adha Meat','2023-06-19','2023-06-19 05:05:30',NULL),(137,221,'Medical Card','2023-06-19','2023-06-19 05:06:01',NULL),(138,221,'Eid al-Adha Meat','2023-06-19','2023-06-19 05:06:05',NULL),(139,1,'Medical Card','2023-06-19','2023-06-19 05:06:50',NULL),(140,1,'Eid al-Adha Meat','2023-06-19','2023-06-19 05:06:55',NULL),(141,12,'Eid al-Adha Meat','2023-06-19','2023-06-19 05:07:34',NULL),(142,12,'Medical Card','2023-06-19','2023-06-19 05:07:39',NULL),(143,245,'Medical Card','2023-06-19','2023-06-19 05:08:06',NULL),(144,245,'Eid al-Adha Meat','2023-06-19','2023-06-19 05:08:11',NULL),(145,56,'Medical Card','2023-06-19','2023-06-19 05:08:36',NULL),(146,56,'Eid al-Adha Meat','2023-06-19','2023-06-19 05:08:41',NULL),(147,174,'Eid al-Adha Meat','2023-06-19','2023-06-19 05:09:14',NULL),(148,174,'Medical Card','2023-06-19','2023-06-19 05:09:50',NULL),(149,113,'Eid al-Adha Meat','2023-06-19','2023-06-19 05:10:25',NULL),(150,113,'Medical Card','2023-06-19','2023-06-19 05:10:31',NULL),(151,27,'Eid al-Adha Meat','2023-06-19','2023-06-19 05:11:01',NULL),(152,27,'Medical Card','2023-06-19','2023-06-19 05:11:05',NULL),(153,50,'Eid al-Adha Meat','2023-06-19','2023-06-19 05:11:34',NULL),(154,50,'Medical Card','2023-06-19','2023-06-19 05:11:39',NULL),(155,107,'Eid al-Adha Meat','2023-06-19','2023-06-19 05:12:01',NULL),(156,107,'Medical Card','2023-06-19','2023-06-19 05:12:07',NULL),(157,234,'Eid al-Adha Meat','2023-06-19','2023-06-19 05:12:28',NULL),(158,234,'Medical Card','2023-06-19','2023-06-19 05:12:34',NULL),(159,85,'Medical Card','2023-06-19','2023-06-19 05:13:13',NULL),(160,85,'Eid al-Adha Meat','2023-06-19','2023-06-19 05:13:18',NULL),(161,121,'Medical Card','2023-06-19','2023-06-19 05:13:56',NULL),(162,121,'Eid al-Adha Meat','2023-06-19','2023-06-19 05:14:02',NULL),(163,84,'Medical Card','2023-06-19','2023-06-19 05:14:22',NULL),(164,84,'Eid al-Adha Meat','2023-06-19','2023-06-19 05:14:27',NULL),(165,183,'Medical Card','2023-06-19','2023-06-19 05:14:46',NULL),(166,183,'Eid al-Adha Meat','2023-06-19','2023-06-19 05:14:50',NULL),(167,122,'Medical Card','2023-06-19','2023-06-19 05:15:27',NULL),(168,122,'Eid al-Adha Meat','2023-06-19','2023-06-19 05:15:31',NULL),(169,92,'Medical Card','2023-06-19','2023-06-19 05:16:33',NULL),(170,92,'Eid al-Adha Meat','2023-06-19','2023-06-19 05:16:38',NULL),(171,132,'Medical Card','2023-06-19','2023-06-19 05:17:02',NULL),(172,132,'Eid al-Adha Meat','2023-06-19','2023-06-19 05:17:07',NULL),(173,45,'Medical Card','2023-06-19','2023-06-19 05:17:27',NULL),(174,45,'Eid al-Adha Meat','2023-06-19','2023-06-19 05:17:32',NULL),(175,233,'Medical Card','2023-06-19','2023-06-19 05:19:30',NULL),(176,233,'Eid al-Adha Meat','2023-06-19','2023-06-19 05:19:33',NULL),(177,124,'Eid al-Adha Meat','2023-06-19','2023-06-19 05:19:57',NULL),(178,124,'Medical Card','2023-06-19','2023-06-19 05:20:02',NULL),(179,222,'Eid al-Adha Meat','2023-06-19','2023-06-19 05:20:19',NULL),(180,222,'Medical Card','2023-06-19','2023-06-19 05:20:25',NULL),(181,101,'Medical Card','2023-06-19','2023-06-19 05:20:55',NULL),(182,101,'Eid al-Adha Meat','2023-06-19','2023-06-19 05:20:59',NULL),(183,26,'Medical Card','2023-06-19','2023-06-19 05:21:13',NULL),(184,26,'Eid al-Adha Meat','2023-06-19','2023-06-19 05:21:18',NULL),(185,55,'Medical Card','2023-06-19','2023-06-19 05:22:25',NULL),(186,55,'Eid al-Adha Meat','2023-06-19','2023-06-19 05:22:29',NULL),(187,167,'Medical Card','2023-06-19','2023-06-19 05:23:02',NULL),(188,167,'Eid al-Adha Meat','2023-06-19','2023-06-19 05:23:06',NULL),(189,135,'Eid al-Adha Meat','2023-06-19','2023-06-19 05:23:46',NULL),(190,135,'Medical Card','2023-06-19','2023-06-19 05:23:51',NULL),(191,31,'Eid al-Adha Meat','2023-06-19','2023-06-19 05:24:06',NULL),(192,31,'Medical Card','2023-06-19','2023-06-19 05:24:11',NULL),(193,209,'Eid al-Adha Meat','2023-06-19','2023-06-19 05:24:25',NULL),(194,236,'Eid al-Adha Meat','2023-06-19','2023-06-19 05:25:03',NULL),(195,236,'Medical Card','2023-06-19','2023-06-19 05:25:07',NULL),(196,23,'Medical Card','2023-06-19','2023-06-19 05:25:23',NULL),(197,23,'Eid al-Adha Meat','2023-06-19','2023-06-19 05:25:27',NULL),(198,35,'Eid al-Adha Meat','2023-06-19','2023-06-19 05:25:46',NULL),(199,35,'Medical Card','2023-06-19','2023-06-19 05:25:50',NULL),(200,156,'Medical Card','2023-06-19','2023-06-19 05:26:13',NULL),(201,156,'Eid al-Adha Meat','2023-06-19','2023-06-19 05:26:17',NULL),(202,230,'Medical Card','2023-06-19','2023-06-19 05:26:35',NULL),(203,230,'Eid al-Adha Meat','2023-06-19','2023-06-19 05:26:40',NULL),(204,139,'Medical Card','2023-06-19','2023-06-19 05:27:05',NULL),(205,139,'Eid al-Adha Meat','2023-06-19','2023-06-19 05:27:11',NULL),(206,139,'Medical Card','2023-06-21','2023-06-19 05:27:23','2023-06-21 03:17:32'),(207,195,'Eid al-Adha Meat','2023-06-19','2023-06-19 05:29:18',NULL),(208,195,'Medical Card','2023-06-19','2023-06-19 05:29:22',NULL),(209,77,'Eid al-Adha Meat','2023-06-19','2023-06-19 05:29:41',NULL),(210,77,'Medical Card','2023-06-19','2023-06-19 05:29:46',NULL),(211,64,'Medical Card','2023-06-19','2023-06-19 05:31:16',NULL),(212,64,'Eid al-Adha Meat','2023-06-19','2023-06-19 05:31:20',NULL),(213,60,'Medical Card','2023-06-19','2023-06-19 05:31:34',NULL),(214,60,'Eid al-Adha Meat','2023-06-19','2023-06-19 05:32:24',NULL),(215,67,'Medical Card','2023-06-19','2023-06-19 05:32:43',NULL),(216,67,'Eid al-Adha Meat','2023-06-19','2023-06-19 05:32:47',NULL),(217,225,'Medical Card','2023-06-19','2023-06-19 05:33:03',NULL),(218,225,'Eid al-Adha Meat','2023-06-19','2023-06-19 05:33:09',NULL),(219,136,'Eid al-Adha Meat','2023-06-19','2023-06-19 05:33:36',NULL),(220,136,'Medical Card','2023-06-19','2023-06-19 05:33:40',NULL),(221,228,'Medical Card','2023-06-19','2023-06-19 05:33:58',NULL),(222,228,'Eid al-Adha Meat','2023-06-19','2023-06-19 05:34:03',NULL),(223,79,'Eid al-Adha Meat','2023-06-19','2023-06-19 05:34:23',NULL),(224,79,'Medical Card','2023-06-19','2023-06-19 05:34:28',NULL),(225,83,'Medical Card','2023-06-19','2023-06-19 05:34:43',NULL),(226,83,'Eid al-Adha Meat','2023-06-19','2023-06-19 05:34:47',NULL),(227,219,'Medical Card','2023-06-19','2023-06-19 05:35:06',NULL),(228,219,'Eid al-Adha Meat','2023-06-19','2023-06-19 05:35:11',NULL),(229,216,'Medical Card','2023-06-19','2023-06-19 05:35:27',NULL),(230,216,'Eid al-Adha Meat','2023-06-19','2023-06-19 05:35:31',NULL),(231,143,'Eid al-Adha Meat','2023-06-19','2023-06-19 05:35:48',NULL),(232,143,'Medical Card','2023-06-19','2023-06-19 05:35:52',NULL),(233,58,'Eid al-Adha Meat','2023-06-19','2023-06-19 05:36:06',NULL),(234,58,'Medical Card','2023-06-19','2023-06-19 05:36:12',NULL),(235,36,'Medical Card','2023-06-19','2023-06-19 05:36:55',NULL),(236,36,'Eid al-Adha Meat','2023-06-19','2023-06-19 05:36:59',NULL),(237,76,'Medical Card','2023-06-19','2023-06-19 05:37:24',NULL),(238,76,'Eid al-Adha Meat','2023-06-19','2023-06-19 05:37:30',NULL),(239,131,'Eid al-Adha Meat','2023-06-19','2023-06-19 05:37:59',NULL),(240,131,'Medical Card','2023-06-19','2023-06-19 05:38:06',NULL),(241,66,'Medical Card','2023-06-19','2023-06-19 05:39:51',NULL),(242,66,'Eid al-Adha Meat','2023-06-19','2023-06-19 05:39:56',NULL),(243,25,'Medical Card','2023-06-19','2023-06-19 05:40:27',NULL),(244,25,'Eid al-Adha Meat','2023-06-19','2023-06-19 05:40:31',NULL),(245,73,'Eid al-Adha Meat','2023-06-19','2023-06-19 05:41:20',NULL),(246,129,'Medical Card','2023-06-19','2023-06-19 05:41:43',NULL),(247,129,'Eid al-Adha Meat','2023-06-19','2023-06-19 05:41:48',NULL),(248,88,'Eid al-Adha Meat','2023-06-19','2023-06-19 05:42:20',NULL),(249,242,'Medical Card','2023-06-19','2023-06-19 05:43:08',NULL),(250,242,'Eid al-Adha Meat','2023-06-19','2023-06-19 05:43:13',NULL),(251,158,'Eid al-Adha Meat','2023-06-19','2023-06-19 05:44:04',NULL),(252,68,'Medical Card','2023-06-19','2023-06-19 05:45:15',NULL),(253,68,'Eid al-Adha Meat','2023-06-19','2023-06-19 05:45:21',NULL),(254,65,'Medical Card','2023-06-19','2023-06-19 05:46:14',NULL),(255,65,'Eid al-Adha Meat','2023-06-19','2023-06-19 05:46:18',NULL),(256,204,'Medical Card','2023-06-19','2023-06-19 05:46:57',NULL),(257,204,'Eid al-Adha Meat','2023-06-19','2023-06-19 05:47:02',NULL),(258,164,'Eid al-Adha Meat','2023-06-19','2023-06-19 05:48:19',NULL),(259,164,'Medical Card','2023-06-19','2023-06-19 05:48:23',NULL),(260,189,'Medical Card','2023-06-19','2023-06-19 05:49:03',NULL),(261,189,'Eid al-Adha Meat','2023-06-19','2023-06-19 05:49:07',NULL),(262,123,'Medical Card','2023-06-19','2023-06-19 05:49:52',NULL),(263,123,'Eid al-Adha Meat','2023-06-19','2023-06-19 05:49:57',NULL),(264,111,'Medical Card','2023-06-19','2023-06-19 05:50:19',NULL),(265,111,'Eid al-Adha Meat','2023-06-19','2023-06-19 05:50:24',NULL),(266,190,'Medical Card','2023-06-19','2023-06-19 05:53:56',NULL),(267,190,'Eid al-Adha Meat','2023-06-19','2023-06-19 05:54:04',NULL),(268,241,'Eid al-Adha Meat','2023-06-19','2023-06-19 05:55:16',NULL),(269,241,'Medical Card','2023-06-19','2023-06-19 05:55:21',NULL),(270,240,'Medical Card','2023-06-19','2023-06-19 05:55:41',NULL),(271,240,'Eid al-Adha Meat','2023-06-19','2023-06-19 05:55:47',NULL),(272,192,'Eid al-Adha Meat','2023-06-19','2023-06-19 05:56:25',NULL),(273,192,'Medical Card','2023-06-19','2023-06-19 05:56:29',NULL),(274,181,'Eid al-Adha Meat','2023-06-19','2023-06-19 05:58:00',NULL),(275,127,'Medical Card','2023-06-19','2023-06-19 05:58:21',NULL),(276,127,'Eid al-Adha Meat','2023-06-19','2023-06-19 05:58:25',NULL),(277,112,'Eid al-Adha Meat','2023-06-19','2023-06-19 05:58:48',NULL),(278,112,'Medical Card','2023-06-19','2023-06-19 05:58:52',NULL),(279,24,'Medical Card','2023-06-19','2023-06-19 05:59:10',NULL),(280,24,'Eid al-Adha Meat','2023-06-19','2023-06-19 05:59:15',NULL),(281,16,'Medical Card','2023-06-19','2023-06-19 05:59:32',NULL),(282,16,'Eid al-Adha Meat','2023-06-19','2023-06-19 05:59:36',NULL),(283,196,'Medical Card','2023-06-19','2023-06-19 06:02:39',NULL),(284,196,'Eid al-Adha Meat','2023-06-19','2023-06-19 06:02:44',NULL),(285,231,'Medical Card','2023-06-19','2023-06-19 06:07:22',NULL),(286,231,'Eid al-Adha Meat','2023-06-19','2023-06-19 06:07:26',NULL),(287,29,'Medical Card','2023-06-19','2023-06-19 06:09:53',NULL),(288,29,'Eid al-Adha Meat','2023-06-19','2023-06-19 06:09:59',NULL),(289,39,'Medical Card','2023-06-19','2023-06-19 06:10:27',NULL),(290,39,'Eid al-Adha Meat','2023-06-19','2023-06-19 06:10:31',NULL),(291,117,'Medical Card','2023-06-19','2023-06-19 06:11:03',NULL),(292,117,'Eid al-Adha Meat','2023-06-19','2023-06-19 06:11:07',NULL),(293,185,'Medical Card','2023-06-19','2023-06-19 06:14:29',NULL),(294,185,'Eid al-Adha Meat','2023-06-19','2023-06-19 06:14:34',NULL),(295,218,'Medical Card','2023-06-19','2023-06-19 06:14:57',NULL),(296,218,'Eid al-Adha Meat','2023-06-19','2023-06-19 06:15:04',NULL),(297,69,'Eid al-Adha Meat','2023-06-19','2023-06-19 06:18:37',NULL),(298,22,'Medical Card','2023-06-19','2023-06-19 06:29:49',NULL),(299,22,'Eid al-Adha Meat','2023-06-19','2023-06-19 06:29:57',NULL),(300,43,'Medical Card','2023-06-19','2023-06-19 06:32:47',NULL),(301,43,'Eid al-Adha Meat','2023-06-19','2023-06-19 06:32:52',NULL),(302,46,'Medical Card','2023-06-19','2023-06-19 06:58:20',NULL),(303,46,'Eid al-Adha Meat','2023-06-19','2023-06-19 06:58:27',NULL),(304,201,'Medical Card','2023-06-19','2023-06-19 07:00:20',NULL),(305,201,'Eid al-Adha Meat','2023-06-19','2023-06-19 07:00:25',NULL),(306,38,'Medical Card','2023-06-19','2023-06-19 07:00:56',NULL),(307,38,'Eid al-Adha Meat','2023-06-19','2023-06-19 07:01:02',NULL),(308,187,'Medical Card','2023-06-19','2023-06-19 07:11:46',NULL),(309,187,'Eid al-Adha Meat','2023-06-19','2023-06-19 07:11:54',NULL),(310,40,'Medical Card','2023-06-19','2023-06-19 07:13:25',NULL),(311,40,'Eid al-Adha Meat','2023-06-19','2023-06-19 07:13:31',NULL),(312,63,'Medical Card','2023-06-19','2023-06-19 07:20:14',NULL),(313,63,'Eid al-Adha Meat','2023-06-19','2023-06-19 07:20:19',NULL),(314,237,'Medical Card','2023-06-19','2023-06-19 07:20:27',NULL),(315,237,'Eid al-Adha Meat','2023-06-19','2023-06-19 07:20:36',NULL),(316,141,'Medical Card','2023-06-20','2023-06-20 03:15:05',NULL),(317,141,'Eid al-Adha Meat','2023-06-20','2023-06-20 03:15:11',NULL),(318,169,'Medical Card','2023-06-20','2023-06-20 03:27:15',NULL),(319,169,'Eid al-Adha Meat','2023-06-20','2023-06-20 03:27:21',NULL),(320,193,'Eid al-Adha Meat','2023-06-20','2023-06-20 03:28:52',NULL),(321,193,'Medical Card','2023-06-20','2023-06-20 03:28:58',NULL),(322,51,'Medical Card','2023-06-20','2023-06-20 03:55:17',NULL),(323,51,'Eid al-Adha Meat','2023-06-20','2023-06-20 03:55:23',NULL),(324,194,'Medical Card','2023-06-20','2023-06-20 03:58:26',NULL),(325,194,'Eid al-Adha Meat','2023-06-20','2023-06-20 03:58:33',NULL),(326,115,'Medical Card','2023-06-20','2023-06-20 04:06:05',NULL),(327,115,'Eid al-Adha Meat','2023-06-20','2023-06-20 04:06:11',NULL),(328,232,'Medical Card','2023-06-20','2023-06-20 04:06:58',NULL),(329,232,'Eid al-Adha Meat','2023-06-20','2023-06-20 04:07:03',NULL),(330,147,'Medical Card','2023-06-20','2023-06-20 04:08:00',NULL),(331,147,'Eid al-Adha Meat','2023-06-20','2023-06-20 04:08:06',NULL),(332,28,'Medical Card','2023-06-20','2023-06-20 04:09:12',NULL),(333,28,'Eid al-Adha Meat','2023-06-20','2023-06-20 04:09:17',NULL),(334,53,'Medical Card','2023-06-20','2023-06-20 04:13:15',NULL),(335,53,'Eid al-Adha Meat','2023-06-20','2023-06-20 04:13:19',NULL),(336,144,'Medical Card','2023-06-20','2023-06-20 04:16:02',NULL),(337,144,'Eid al-Adha Meat','2023-06-20','2023-06-20 04:16:06',NULL),(338,177,'Medical Card','2023-06-20','2023-06-20 04:25:46',NULL),(339,177,'Eid al-Adha Meat','2023-06-20','2023-06-20 04:25:55',NULL),(340,224,'Medical Card','2023-06-20','2023-06-20 04:26:44',NULL),(341,224,'Eid al-Adha Meat','2023-06-20','2023-06-20 04:26:49',NULL),(342,223,'Medical Card','2023-06-20','2023-06-20 04:27:47',NULL),(343,223,'Eid al-Adha Meat','2023-06-20','2023-06-20 04:27:55',NULL),(344,41,'Medical Card','2023-06-20','2023-06-20 04:30:09',NULL),(345,41,'Eid al-Adha Meat','2023-06-20','2023-06-20 04:30:24',NULL),(346,41,'Eid al-Adha Meat','2023-06-20','2023-06-20 04:30:24',NULL),(347,246,'Medical Card','2023-06-20','2023-06-20 04:36:37',NULL),(348,246,'Eid al-Adha Meat','2023-06-20','2023-06-20 04:37:37',NULL),(349,170,'Eid al-Adha Meat','2023-06-20','2023-06-20 04:59:24',NULL),(350,170,'Medical Card','2023-06-20','2023-06-20 04:59:49',NULL),(351,2,'Eid al-Adha Meat','2023-06-20','2023-06-20 05:02:14',NULL),(352,2,'Medical Card','2023-06-21','2023-06-20 05:02:14','2023-06-21 03:18:22'),(353,2,'Medical Card','2023-06-20','2023-06-20 05:02:27',NULL),(354,9,'Eid al-Adha Meat','2023-06-20','2023-06-20 05:06:22',NULL),(355,155,'Medical Card','2023-06-20','2023-06-20 05:15:37',NULL),(356,155,'Eid al-Adha Meat','2023-06-20','2023-06-20 05:15:44',NULL),(357,227,'Medical Card','2023-06-20','2023-06-20 05:22:30',NULL),(358,227,'Eid al-Adha Meat','2023-06-20','2023-06-20 05:22:37',NULL),(359,57,'Medical Card','2023-06-20','2023-06-20 05:23:35',NULL),(360,57,'Eid al-Adha Meat','2023-06-20','2023-06-20 05:23:41',NULL),(361,165,'Medical Card','2023-06-20','2023-06-20 05:32:27',NULL),(362,170,'Eid al-Adha Meat','2023-06-20','2023-06-20 05:32:35',NULL),(363,249,'Medical Card','2023-06-20','2023-06-20 05:38:30',NULL),(364,249,'Eid al-Adha Meat','2023-06-20','2023-06-20 05:38:39',NULL),(365,61,'Medical Card','2023-06-20','2023-06-20 05:39:30',NULL),(366,61,'Eid al-Adha Meat','2023-06-20','2023-06-20 05:39:35',NULL),(367,215,'Medical Card','2023-06-20','2023-06-20 05:50:48',NULL),(368,215,'Eid al-Adha Meat','2023-06-20','2023-06-20 05:50:56',NULL),(369,251,'Medical Card','2023-06-20','2023-06-20 05:55:46',NULL),(370,251,'Eid al-Adha Meat','2023-06-20','2023-06-20 05:55:52',NULL),(371,191,'Medical Card','2023-06-20','2023-06-20 06:11:36',NULL),(372,191,'Eid al-Adha Meat','2023-06-20','2023-06-20 06:11:45',NULL),(373,206,'Medical Card','2023-06-20','2023-06-20 06:17:15',NULL),(374,206,'Eid al-Adha Meat','2023-06-20','2023-06-20 06:17:23',NULL),(375,198,'Eid al-Adha Meat','2023-06-20','2023-06-20 06:31:47',NULL),(376,146,'Medical Card','2023-06-20','2023-06-20 07:23:10',NULL),(377,146,'Eid al-Adha Meat','2023-06-20','2023-06-20 07:23:15',NULL),(378,252,'Medical Card','2023-06-20','2023-06-20 07:28:38',NULL),(379,252,'Eid al-Adha Meat','2023-06-20','2023-06-20 07:28:46',NULL),(380,171,'Medical Card','2023-06-21','2023-06-21 03:11:19',NULL),(381,171,'Eid al-Adha Meat','2023-06-21','2023-06-21 03:11:26',NULL),(382,172,'Medical Card','2023-06-21','2023-06-21 03:21:02',NULL),(383,172,'Eid al-Adha Meat','2023-06-21','2023-06-21 03:21:11',NULL),(384,233,'Medical Card','2023-06-21','2023-06-21 04:45:56',NULL),(385,233,'Eid al-Adha Meat','2023-06-21','2023-06-21 04:46:30',NULL),(386,109,'Medical Card','2023-06-21','2023-06-21 05:25:23',NULL),(387,109,'Eid al-Adha Meat','2023-06-21','2023-06-21 05:25:28',NULL),(388,207,'Medical Card','2023-06-21','2023-06-21 05:31:53',NULL),(389,207,'Medical Card','2023-06-21','2023-06-21 05:31:53',NULL),(390,207,'Eid al-Adha Meat','2023-06-21','2023-06-21 05:32:00',NULL),(391,205,'Eid al-Adha Meat','2023-06-22','2023-06-22 04:55:24',NULL),(392,203,'Eid al-Adha Meat','2023-06-22','2023-06-22 04:56:21',NULL),(393,153,'Eid al-Adha Meat','2023-06-22','2023-06-22 05:01:51',NULL),(394,153,'Medical Card','2023-06-22','2023-06-22 05:02:39',NULL),(395,253,'Medical Card','2023-06-23','2023-06-23 05:23:51',NULL),(396,253,'Eid al-Adha Meat','2023-06-23','2023-06-23 05:23:56',NULL),(397,254,'Medical Card','2023-06-23','2023-06-23 05:32:31',NULL),(398,254,'Eid al-Adha Meat','2023-06-23','2023-06-23 05:32:40',NULL),(399,255,'Medical Card','2023-06-26','2023-06-26 04:06:36',NULL),(400,255,'Eid al-Adha Meat','2023-06-26','2023-06-26 04:07:12',NULL),(401,34,'Eid al-Adha Meat','2023-07-08','2023-07-08 07:22:31',NULL),(402,28,'Eid al-Adha Meat','2023-07-08','2023-07-08 07:34:43',NULL),(403,35,'Eid al-Adha Meat','2023-07-08','2023-07-08 07:41:03',NULL),(404,36,'Eid al-Adha Meat','2023-07-08','2023-07-08 07:41:32',NULL),(405,92,'Eid al-Adha Meat','2023-07-08','2023-07-08 07:42:27',NULL),(406,33,'Eid al-Adha Meat','2023-07-08','2023-07-08 07:43:58',NULL),(407,1,'Eid al-Adha Meat','2023-07-08','2023-07-08 07:45:05',NULL),(408,2,'Eid al-Adha Meat','2023-07-08','2023-07-08 07:45:36',NULL),(409,32,'Eid al-Adha Meat','2023-07-08','2023-07-08 07:53:54',NULL),(410,7,'Eid al-Adha Meat','2023-07-08','2023-07-08 07:54:56',NULL),(411,62,'Eid al-Adha Meat','2023-07-08','2023-07-08 07:56:10',NULL),(412,62,'Eid al-Adha Meat','2023-07-08','2023-07-08 07:56:26',NULL),(413,62,'Eid al-Adha Meat','2023-07-08','2023-07-08 07:56:26',NULL),(414,62,'Eid al-Adha Meat','2023-07-08','2023-07-08 07:56:26',NULL),(415,62,'Eid al-Adha Meat','2023-07-08','2023-07-08 07:56:26',NULL),(416,62,'Eid al-Adha Meat','2023-07-08','2023-07-08 07:56:26',NULL),(417,65,'Eid al-Adha Meat','2023-07-08','2023-07-08 07:57:08',NULL),(418,84,'Eid al-Adha Meat','2023-07-08','2023-07-08 07:58:03',NULL),(419,22,'Eid al-Adha Meat','2023-07-08','2023-07-08 07:58:35',NULL),(420,21,'Eid al-Adha Meat','2023-07-08','2023-07-08 07:59:10',NULL),(421,64,'Eid al-Adha Meat','2023-07-08','2023-07-08 08:00:27',NULL),(422,96,'Eid al-Adha Meat','2023-07-08','2023-07-08 08:01:07',NULL),(423,161,'Eid al-Adha Meat','2023-07-08','2023-07-08 08:02:12',NULL),(424,99,'Eid al-Adha Meat','2023-07-08','2023-07-08 08:02:44',NULL),(425,94,'Eid al-Adha Meat','2023-07-08','2023-07-08 08:06:02',NULL),(426,95,'Eid al-Adha Meat','2023-07-08','2023-07-08 08:06:50',NULL),(427,149,'Eid al-Adha Meat','2023-07-08','2023-07-08 08:08:01',NULL),(428,107,'Eid al-Adha Meat','2023-07-08','2023-07-08 08:08:22',NULL),(429,72,'Eid al-Adha Meat','2023-07-08','2023-07-08 08:10:21',NULL),(430,109,'Eid al-Adha Meat','2023-07-08','2023-07-08 08:15:47',NULL),(431,55,'Eid al-Adha Meat','2023-07-08','2023-07-08 08:16:53',NULL),(432,105,'Eid al-Adha Meat','2023-07-08','2023-07-08 08:17:39',NULL),(433,54,'Eid al-Adha Meat','2023-07-08','2023-07-08 08:18:12',NULL),(434,108,'Eid al-Adha Meat','2023-07-08','2023-07-08 08:18:16',NULL),(435,101,'Eid al-Adha Meat','2023-07-08','2023-07-08 08:20:12',NULL),(436,58,'Eid al-Adha Meat','2023-07-08','2023-07-08 08:20:48',NULL),(437,123,'Eid al-Adha Meat','2023-07-08','2023-07-08 08:21:50',NULL),(438,111,'Eid al-Adha Meat','2023-07-08','2023-07-08 08:22:16',NULL),(439,86,'Eid al-Adha Meat','2023-07-08','2023-07-08 08:22:27',NULL),(440,124,'Eid al-Adha Meat','2023-07-08','2023-07-08 08:23:41',NULL),(441,60,'Eid al-Adha Meat','2023-07-08','2023-07-08 08:24:35',NULL),(442,147,'Eid al-Adha Meat','2023-07-08','2023-07-08 08:27:02',NULL),(443,31,'Eid al-Adha Meat','2023-07-08','2023-07-08 08:30:34',NULL),(444,87,'Eid al-Adha Meat','2023-07-08','2023-07-08 08:35:37',NULL),(445,63,'Eid al-Adha Meat','2023-07-08','2023-07-08 08:49:08',NULL),(446,160,'Eid al-Adha Meat','2023-07-08','2023-07-08 08:57:12',NULL),(447,187,'Eid al-Adha Meat','2023-07-08','2023-07-08 09:13:06',NULL),(448,141,'Eid al-Adha Meat','2023-07-08','2023-07-08 09:14:11',NULL),(449,45,'Eid al-Adha Meat','2023-07-08','2023-07-12 03:04:08',NULL),(450,26,'Eid al-Adha Meat','2023-07-08','2023-07-12 03:04:51',NULL),(451,213,'Eid al-Adha Meat','2023-07-08','2023-07-12 03:05:44',NULL);

--
-- Table structure for table `health`
--

CREATE TABLE `health` (
  `id` int NOT NULL AUTO_INCREMENT,
  `student_id` int NOT NULL,
  `family_id` int NOT NULL,
  `checkup_date` timestamp NOT NULL,
  `pulse` int NOT NULL,
  `body_temp` float NOT NULL,
  `respiration` float NOT NULL,
  `bp` varchar(45) COLLATE utf8mb4_general_ci NOT NULL,
  `height_cm` int NOT NULL,
  `weight` float NOT NULL,
  `bmi` float NOT NULL,
  `bmi_percentile` varchar(45) COLLATE utf8mb4_general_ci NOT NULL,
  `eye_left` float DEFAULT NULL,
  `eye_right` float DEFAULT NULL,
  `pallor` varchar(45) COLLATE utf8mb4_general_ci NOT NULL,
  `lice` varchar(45) COLLATE utf8mb4_general_ci NOT NULL,
  `consciousness` varchar(45) COLLATE utf8mb4_general_ci NOT NULL,
  `diet` varchar(45) COLLATE utf8mb4_general_ci NOT NULL,
  `teeth` varchar(45) COLLATE utf8mb4_general_ci NOT NULL,
  `history` varchar(100) COLLATE utf8mb4_general_ci NOT NULL,
  `diagnosis` varchar(100) COLLATE utf8mb4_general_ci NOT NULL,
  `management` varchar(100) COLLATE utf8mb4_general_ci NOT NULL,
  `advice` varchar(100) COLLATE utf8mb4_general_ci NOT NULL,
  `refer` varchar(100) COLLATE utf8mb4_general_ci NOT NULL,
  `followup` varchar(100) COLLATE utf8mb4_general_ci NOT NULL,
  `session` varchar(100) COLLATE utf8mb4_general_ci NOT NULL,
  `created_on` timestamp NOT NULL DEFAULT CURRENT_TIMESTAMP,
  `updated_on` timestamp NULL DEFAULT NULL ON UPDATE CURRENT_TIMESTAMP,
  PRIMARY KEY (`id`)
) ENGINE=InnoDB AUTO_INCREMENT=11 DEFAULT CHARSET=utf8mb4 COLLATE=utf8mb4_general_ci;

--
-- Dumping data for table `health`
--

INSERT INTO `health` VALUES (1,99,44,'2023-05-26 00:00:00',78,98.6,24,'70/50',97,20,21.26,'Normal',6,6,'','Mild','Good','Unhealthy','Severe',' The student presented for health screening with no prior medical history\r\n','Dental Plaque ','N/A','It is advised to schedule an appointment with a dentist and refrain from consuming sugary foods.',' Patient referred to a dentist.',' Next follow-up scheduled for 2nd-June- 2023',' The student received guidance on maintaining proper personal hygiene.','2023-05-26 14:57:29','2023-05-26 20:53:32'),(2,70,31,'2023-05-30 00:00:00',93,97.3,22,'95/55',148,17,7.76,'Severe Thinness',0,0,'Mild','Mild','Moderate','Unhealthy','Mild','Cavity identified during screening','Dental Cavity present','Regular oral health education, provision of healthier snack options','Maintain good oral hygiene, limit sugary snacks, and schedule regular dental check-ups.','Referral to dentist for management: Dental examination, cavity treatment, and oral care instructions','Next follow-up scheduled for 22-Juy-23','Parent meeting scheduled.','2023-05-30 10:15:00','2023-06-12 07:47:29'),(3,21,112,'2023-05-30 00:00:00',103,94.5,24,'123/90',116,20.5,15.23,'Severe Thinness',0,0,'Mild','Mild','Good','Healthy','','No health issue','N/A','N/A','N/A','N/A','N/A','N/A','2023-05-30 10:38:13','2023-06-12 07:41:57'),(4,57,155,'2023-06-12 00:00:00',120,96,22,'98/57',147,16,7.4,'Severe Thinness',0,0,'','Mild','Good','Healthy','','Known case of severe thinness','Nil','Not needed.','Take healthy diet','Not needed','Follow up on 12-July-2023','Meeting with parents.','2023-06-12 06:40:22',NULL),(5,28,37,'2023-06-12 00:00:00',90,96.2,25,'89/42',131,16,9.32,'Severe Thinness',0,0,'','Mild','Good','Healthy','Severe','Known Case of severe thinness.','Child is underweight and has plaque and a cavity.','Avoid starchy food and maintain good oral hygiene.','Regular teeth brushing and maintenance of good oral hygiene  ','Dentist','Follow up when needed','Meeting with parents','2023-06-12 06:47:13',NULL),(6,28,37,'2023-06-12 00:00:00',90,96.2,25,'89/42',131,16,9.32,'Severe Thinness',0,0,'','Mild','Good','Healthy','Severe','Known Case of severe thinness.','Child is underweight and has plaque and a cavity.','Avoid starchy food and maintain good oral hygiene.','Regular teeth brushing and maintenance of good oral hygiene  ','Dentist','Follow up when needed','Meeting with parents','2023-06-12 06:47:26',NULL),(7,131,90,'2023-06-12 00:00:00',100,96.4,24,'103/53',122,15,10.08,'Severe Thinness',0,0,'Mild','Mild','Good','Healthy','','Known case of severe thinness','Child is mildly anemic and has a low BMI than average.','Healthy diet rich in fruits and vegetables','Take healthy diet','Nil.','Follow up on 12-July-2023','Meeting with parents.','2023-06-12 06:55:42',NULL),(8,23,26,'2023-06-12 00:00:00',93,96.2,24,'89/59',133,20,11.31,'Severe Thinness',0,0,'','Mild','Good','Healthy','Moderate','The child has bad personal hygiene and is also mildly underweight.','Dental issue identified','Advised to maintain good personal hygiene.','Advised to maintain good personal hygiene.','Referred to a dentist','Follow up on need basis','Meeting with parents before the next follow up.','2023-06-12 07:16:37',NULL),(9,123,105,'2023-06-12 00:00:00',93,96.7,24,'87/55',134,17,9.47,'Severe Thinness',0,0,'','Moderate','Good','Healthy','Moderate','The child has bad personal hygiene','Nil','The child will be sent to the health coordinator for counselling','Advised to maintain personal hygiene and consume a healthy diet','None.','Follow up on need basis','Meeting with Parents','2023-06-12 07:30:49',NULL),(10,26,37,'2023-06-12 00:00:00',108,97.3,26,'98/54',152,17,7.36,'Severe Thinness',0,0,'','Mild','Good','Healthy','','the child presented with a sore throat.','Tonsillitis','Refered to Dr Aslam baig for treatment.','Advised to visit the Doctor asap and avoid junk food','Refered to Dr. Aslam Baig for further treatment','next follow up scheduled for 24-June-2023','Meeting with parents','2023-06-12 07:35:10',NULL);

--
-- Table structure for table `spear`
--

CREATE TABLE `spear` (
  `id` int NOT NULL AUTO_INCREMENT,
  `semis_code` varchar(45) COLLATE utf8mb4_general_ci NOT NULL,
  `school_name` varchar(45) COLLATE utf8mb4_general_ci NOT NULL,
  `hm_name` varchar(45) COLLATE utf8mb4_general_ci NOT NULL,
  `hm_contact_num` varchar(45) COLLATE utf8mb4_general_ci NOT NULL,
  `hm_whatsapp_num` varchar(45) COLLATE utf8mb4_general_ci NOT NULL,
  `emerg_num` varchar(45) COLLATE utf8mb4_general_ci NOT NULL,
  `teacher_count` varchar(45) COLLATE utf8mb4_general_ci NOT NULL,
  `non_teacher_count` varchar(45) COLLATE utf8mb4_general_ci NOT NULL,
  `medium` varchar(45) COLLATE utf8mb4_general_ci NOT NULL,
  `stu_count` varchar(45) COLLATE utf8mb4_general_ci NOT NULL,
  `class1` varchar(45) COLLATE utf8mb4_general_ci NOT NULL,
  `class2` varchar(45) COLLATE utf8mb4_general_ci NOT NULL,
  `class3` varchar(45) COLLATE utf8mb4_general_ci NOT NULL,
  `class4` varchar(45) COLLATE utf8mb4_general_ci NOT NULL,
  `class5` varchar(45) COLLATE utf8mb4_general_ci NOT NULL,
  `created_on` timestamp NOT NULL DEFAULT CURRENT_TIMESTAMP,
  `updated_on` timestamp NULL DEFAULT NULL ON UPDATE CURRENT_TIMESTAMP,
  PRIMARY KEY (`id`),
  FULLTEXT KEY `fulltext` (`semis_code`,`school_name`,`hm_name`,`hm_contact_num`,`hm_whatsapp_num`,`emerg_num`,`teacher_count`,`non_teacher_count`,`medium`,`stu_count`,`class1`,`class2`,`class3`,`class4`,`class5`)
) ENGINE=InnoDB AUTO_INCREMENT=2 DEFAULT CHARSET=utf8mb4 COLLATE=utf8mb4_general_ci;

--
-- Dumping data for table `spear`
--


--
-- Table structure for table `student`
--

CREATE TABLE `student` (
  `id` int NOT NULL AUTO_INCREMENT,
  `stu_full_name` varchar(45) COLLATE utf8mb4_general_ci NOT NULL,
  `stu_dob` date DEFAULT NULL,
  `stu_gender` varchar(45) COLLATE utf8mb4_general_ci NOT NULL,
  `gr_num` int NOT NULL,
  `auto_gr_num` varchar(45) COLLATE utf8mb4_general_ci NOT NULL,
  `class` varchar(45) COLLATE utf8mb4_general_ci NOT NULL,
  `family_id` int NOT NULL,
  `donor_id` int DEFAULT NULL,
  `donation_date` timestamp NULL DEFAULT NULL,
  `donation_expiry` timestamp NULL DEFAULT NULL,
  `created_on` timestamp NOT NULL DEFAULT CURRENT_TIMESTAMP,
  `updated_on` timestamp NULL DEFAULT NULL ON UPDATE CURRENT_TIMESTAMP,
  PRIMARY KEY (`id`),
  UNIQUE KEY `gr_num_unique` (`gr_num`),
  UNIQUE KEY `auto_gr_num_unique` (`auto_gr_num`),
  FULLTEXT KEY `fulltext` (`stu_full_name`,`auto_gr_num`)
) ENGINE=InnoDB AUTO_INCREMENT=313 DEFAULT CHARSET=utf8mb4 COLLATE=utf8mb4_general_ci;

--
-- Dumping data for table `student`
--

INSERT INTO `student` VALUES (1,'Umm-e-Farwa','2014-12-25','Female',123,'B-230518040952','2A',1,1,'2023-03-31 00:00:00','2024-03-31 00:00:00','2023-05-18 12:10:46','2023-07-14 05:54:25'),(2,'Muhammad Amaan','2014-11-01','Male',183,'B-230518043119','2A',2,4,'2023-02-28 00:00:00','2024-02-28 00:00:00','2023-05-18 12:36:56','2023-07-14 05:54:50'),(3,'Minha','2013-09-08','Female',191,'B-230518044230','2A',7,5,'2022-11-02 00:00:00','2023-11-02 00:00:00','2023-05-18 12:43:47','2023-07-14 05:54:56'),(5,'Ahmed Raza','2014-03-12','Male',199,'B-230518045307','2A',11,6,'2023-03-02 00:00:00','2024-03-02 00:00:00','2023-05-18 12:54:37','2023-07-14 05:55:02'),(6,'Abbas Ali','2014-08-27','Male',228,'B-230518045451','2A',12,6,'2023-03-02 00:00:00','2024-03-02 00:00:00','2023-05-18 12:59:31','2023-07-14 05:55:20'),(7,'Alisha','2015-02-05','Female',250,'B-230518050046','2A',143,8,'2022-11-11 00:00:00','2023-11-11 00:00:00','2023-05-18 13:02:05','2023-07-14 05:55:40'),(8,'Eshal ','2014-11-10','Female',253,'B-230518051626','2A',87,9,'2023-03-23 00:00:00','2024-03-23 00:00:00','2023-05-18 13:17:43','2023-07-14 05:55:59'),(9,'Arish','2014-10-21','Male',257,'B-230518051820','2A',141,11,'2023-04-14 00:00:00','2024-04-14 00:00:00','2023-05-18 13:20:03','2023-07-14 05:56:06'),(10,'Mehar','2014-08-26','Female',259,'B-230518052132','2A',16,8,'2022-11-11 00:00:00','2023-11-11 00:00:00','2023-05-18 13:23:06','2023-07-14 05:58:30'),(11,'Sanam','2014-08-17','Female',260,'B-230518052405','1',105,12,'2023-03-29 00:00:00','2024-03-29 00:00:00','2023-05-18 13:24:58','2023-07-14 06:11:24'),(12,'Emaan Fatima','2014-09-02','Female',271,'B-230518052513','1',18,13,'2023-05-11 00:00:00','2024-05-11 00:00:00','2023-05-18 13:27:00','2023-07-14 06:11:29'),(13,'Maham','2014-07-19','Female',279,'B-230518053031','2A',166,29,'2023-04-19 00:00:00','2024-04-19 00:00:00','2023-05-18 13:35:08','2023-07-14 05:58:52'),(14,'Rafay','2013-12-18','Male',280,'B-230518053544','1',113,14,'2023-04-21 00:00:00','2024-04-21 00:00:00','2023-05-18 13:36:57','2023-07-14 06:11:35'),(20,'Anas','2015-07-07','Male',325,'B-230518080227','1',11,17,'2023-03-07 00:00:00','2024-03-07 00:00:00','2023-05-18 15:03:11','2023-07-14 06:11:48'),(21,'Tooba','2015-02-20','Female',371,'B-230518080312','1',112,67,'2022-12-13 00:00:00','2023-12-13 00:00:00','2023-05-18 15:04:11','2023-07-14 06:12:32'),(22,'Muzammil','2015-02-20','Male',391,'B-230518080412','2A',46,16,'2023-03-06 00:00:00','2024-03-06 00:00:00','2023-05-18 15:05:21','2023-07-14 06:01:05'),(23,'Noor Un Nisa','2017-11-19','Female',402,'B-230518080521','Red',26,23,'2023-02-25 00:00:00','2024-02-25 00:00:00','2023-05-18 15:07:55','2023-05-27 11:35:01'),(24,'Ahmed Hassan','2016-01-11','Male',418,'B-230518080756','Red',49,6,'2023-03-02 00:00:00','2024-03-02 00:00:00','2023-05-18 15:08:49','2023-05-27 11:35:51'),(25,'Zain-ul-Abideen','2016-11-16','Male',424,'B-230518080849','Red',39,68,'2023-02-25 00:00:00','2024-02-25 00:00:00','2023-05-18 15:09:59','2023-05-27 11:36:00'),(26,'Ahmed Zayan','2016-09-21','Male',440,'B-230518081000','Red',37,22,'2023-04-18 00:00:00','2024-04-18 00:00:00','2023-05-18 15:11:48','2023-05-27 11:46:59'),(28,'Mahisha','2016-09-19','Female',457,'B-230518081656','Red',37,22,'2023-04-18 00:00:00','2024-04-18 00:00:00','2023-05-18 15:18:05','2023-05-27 11:49:50'),(29,'Noor Fatima','2016-12-20','Female',464,'B-230518081806','Red',2,35,'2023-04-15 00:00:00','2024-04-15 00:00:00','2023-05-18 15:19:12','2023-05-27 11:51:33'),(30,'Muhammad Aliyan','2017-05-30','Male',475,'B-230518081912','Red',47,24,'2023-04-05 00:00:00','2024-04-05 00:00:00','2023-05-18 15:20:25','2023-06-01 14:16:02'),(31,'Zohan','2017-01-24','Male',497,'B-230518082026','Green',36,5,'2023-03-13 00:00:00','2024-03-13 00:00:00','2023-05-18 15:23:50','2023-05-27 11:52:51'),(32,'Umaima','2017-02-24','Female',500,'B-230518082351','Green',43,5,'2023-03-13 00:00:00','2024-03-13 00:00:00','2023-05-18 15:25:54','2023-05-27 11:53:05'),(33,'Harmain','2015-10-15','Female',503,'B-23051984959','Purple',122,-1,NULL,NULL,'2023-05-19 03:50:19','2023-05-27 11:55:18'),(34,'Arsal','2014-08-03','Male',252,'B-23051985348','2A',57,-1,NULL,NULL,'2023-05-19 03:54:33','2023-07-14 05:55:48'),(35,'Shumail','2012-12-28','Male',286,'B-23051985507','1',79,-1,NULL,NULL,'2023-05-19 03:55:32','2023-07-14 06:11:41'),(36,'Ahmed','2015-04-27','Male',301,'B-23051985604','Red',109,16,'2023-04-19 00:00:00','2024-04-19 00:00:00','2023-05-19 03:56:15','2023-05-27 11:32:47'),(37,'Fatima Irfan','2014-04-15','Female',331,'B-23051985651','1',76,-1,NULL,NULL,'2023-05-19 03:57:05','2023-07-14 06:11:54'),(38,'Tasmia','2014-10-27','Female',342,'B-23051985734','1',62,19,'2023-03-03 00:00:00','2024-03-03 00:00:00','2023-05-19 03:57:49','2023-07-14 06:11:59'),(39,'Naira','2015-04-15','Female',351,'B-23051985823','1',129,-1,NULL,NULL,'2023-05-19 03:58:40','2023-07-14 06:12:10'),(40,'Dua Kashif','2013-06-07','Female',354,'B-23051985909','1',144,7,'2023-03-02 00:00:00','2024-03-02 00:00:00','2023-05-19 03:59:20','2023-07-14 06:12:16'),(41,'Muneeba','2016-01-05','Female',358,'B-23051990003','1',57,20,'2023-03-17 00:00:00','2024-03-17 00:00:00','2023-05-19 04:00:31','2023-07-14 06:12:21'),(42,'Anabia','2015-11-12','Female',365,'B-23051990104','1',58,16,'2023-03-06 00:00:00','2024-03-06 00:00:00','2023-05-19 04:01:14','2023-07-14 06:12:27'),(43,'Darakhshan','2015-07-03','Female',373,'B-23051990204','1',113,16,'2023-06-03 00:00:00','2024-06-03 00:00:00','2023-05-19 04:02:29','2023-07-14 06:12:38'),(44,'Hurain','2014-10-28','Female',380,'B-23051990324','2A',63,16,'2023-03-06 00:00:00','2024-03-06 00:00:00','2023-05-19 04:04:00','2023-07-14 06:00:32'),(45,'Harmain','2015-09-01','Female',381,'B-23051990426','1',63,22,'2023-04-18 00:00:00','2024-04-18 00:00:00','2023-05-19 04:04:39','2023-07-14 06:12:44'),(46,'Tanzeela','2015-08-22','Female',383,'B-23051990511','1',67,23,'2023-02-25 00:00:00','2024-02-25 00:00:00','2023-05-19 04:05:30','2023-07-14 06:12:50'),(47,'Hazrat Umer','2012-03-30','Male',389,'B-23051990559','1',151,-1,NULL,NULL,'2023-05-19 04:06:50','2023-07-14 06:13:00'),(48,'Manahil','2015-12-27','Female',390,'B-23051990728','1',154,16,'2023-03-06 00:00:00','2024-03-06 00:00:00','2023-05-19 04:07:42','2023-07-14 06:13:05'),(49,'Lidiya','2014-12-05','Female',392,'B-23051990918','2A',120,-1,NULL,NULL,'2023-05-19 04:10:11','2023-07-14 06:01:11'),(50,'Abdul Rauf','2015-07-07','Male',406,'B-23051991145','1',135,16,'2023-03-06 00:00:00','2024-03-06 00:00:00','2023-05-19 04:12:43','2023-07-14 06:13:17'),(51,'Yasmeen','2017-05-19','Female',407,'B-23051991243','1',135,25,'2023-02-25 00:00:00','2024-02-25 00:00:00','2023-05-19 04:13:06','2023-07-14 06:13:23'),(52,'Sami','2017-01-06','Male',417,'B-23051991339','Red',111,25,'2023-02-25 00:00:00','2024-02-25 00:00:00','2023-05-19 04:13:58','2023-05-27 11:35:40'),(53,'Maheen','2016-04-28','Female',419,'B-23051991457','Red',159,22,'2023-04-18 00:00:00','2024-04-18 00:00:00','2023-05-19 04:15:26','2023-05-27 11:46:12'),(54,'Eshal','2015-04-16','Female',432,'B-23051991606','1',126,-1,NULL,NULL,'2023-05-19 04:16:38','2023-07-14 06:13:48'),(55,'Ethan','2017-02-09','Male',433,'B-23051991707','Green',126,30,'2023-03-06 00:00:00','2024-03-06 00:00:00','2023-05-19 04:17:20','2023-05-27 11:46:38'),(56,'Kashaf','2016-10-23','Female',463,'B-23051991754','Red',115,29,'2023-04-19 00:00:00','2024-04-19 00:00:00','2023-05-19 04:18:11','2023-05-27 11:51:30'),(57,'Sufyan','2016-08-10','Male',483,'B-23051991922','Red',155,-1,NULL,NULL,'2023-05-19 04:20:10','2023-05-27 11:52:15'),(58,'Muhammad Asher','2016-08-24','Male',495,'B-23051992055','1',134,83,'2023-06-12 00:00:00','2024-06-11 00:00:00','2023-05-19 04:21:11','2023-07-14 06:16:54'),(60,'Mahnoor','2016-05-21','Female',505,'B-23051992252','Red',35,5,'2023-03-13 00:00:00','2024-03-13 00:00:00','2023-05-19 04:23:15','2023-05-27 11:55:21'),(61,'Husnain','2017-07-01','Male',506,'B-23051992341','Green',136,11,'2023-04-14 00:00:00','2024-04-14 00:00:00','2023-05-19 04:23:52','2023-05-27 11:55:25'),(62,'Wania','2017-12-14','Female',508,'B-23051992411','Green',23,5,'2023-03-13 00:00:00','2024-03-13 00:00:00','2023-05-19 04:24:36','2023-05-27 11:55:29'),(63,'Zainab','2016-04-19','Female',514,'B-23051992507','Purple',45,5,'2022-11-02 00:00:00','2023-11-02 00:00:00','2023-05-19 04:25:20','2023-05-27 11:55:42'),(64,'Muhammad Ammar','2017-11-10','Male',516,'B-23051992554','Green',48,5,'2022-11-02 00:00:00','2023-11-02 00:00:00','2023-05-19 04:26:11','2023-05-31 05:06:53'),(65,'Maliha','2016-09-06','Female',517,'B-23051992702','Red',165,-1,NULL,NULL,'2023-05-19 04:27:24','2023-05-27 11:55:54'),(66,'Muhammad Faiz','2016-11-01','Male',519,'B-23051992750','Red',32,5,'2022-11-02 00:00:00','2023-11-02 00:00:00','2023-05-19 04:28:05','2023-05-27 11:56:04'),(67,'Anas','2016-10-07','Male',520,'B-23051992835','Purple',110,5,'2022-11-02 00:00:00','2023-11-02 00:00:00','2023-05-19 04:28:47','2023-05-27 11:56:11'),(68,'Muhammad Hamza','2017-08-07','Male',523,'B-23051992920','Purple',108,67,'2022-12-14 00:00:00','2023-12-14 00:00:00','2023-05-19 04:29:44','2023-05-27 11:56:25'),(69,'Rabi','2016-01-04','Male',534,'B-23051993021','Red',34,43,'2023-03-29 00:00:00','2024-03-29 00:00:00','2023-05-19 04:30:36','2023-05-27 11:56:49'),(70,'Maheen','2016-05-03','Female',536,'B-23051993105','1',31,43,'2023-03-29 00:00:00','2024-03-29 00:00:00','2023-05-19 04:31:18','2023-07-14 06:17:20'),(71,'Maryam','2017-08-14','Female',537,'B-23051993144','Purple',31,6,'2023-03-29 00:00:00','2024-03-29 00:00:00','2023-05-19 04:32:05','2023-05-27 12:01:59'),(72,'RohanGold','2016-08-04','Male',538,'B-23051993234','Red',25,-1,NULL,NULL,'2023-05-19 04:32:46','2023-05-27 12:02:03'),(73,'Muhammad Hunain','2016-01-17','Male',548,'B-23051993312','Red',153,24,'2023-04-05 00:00:00','2024-04-05 00:00:00','2023-05-19 04:33:49','2023-06-01 14:16:23'),(74,'Muhammad Kashan','2017-04-04','Male',549,'B-23051993415','Purple',24,69,'2023-03-22 00:00:00','2024-03-22 00:00:00','2023-05-19 04:34:26','2023-05-27 12:02:40'),(75,'Muhammad','2017-07-24','Male',550,'B-23051993453','Purple',19,-1,NULL,NULL,'2023-05-19 04:35:03','2023-05-31 05:13:17'),(76,'Ali Haider','2016-10-07','Male',551,'B-23051993532','Red',21,8,'2022-11-11 00:00:00','2023-11-11 00:00:00','2023-05-19 04:35:40','2023-05-27 12:03:02'),(77,'Mirza Hadi Baig','2016-10-12','Male',557,'B-23051993605','Purple',131,69,'2023-03-24 00:00:00','2024-03-24 00:00:00','2023-05-19 04:36:23','2023-05-31 05:12:45'),(78,'Muhammad Abdul Rehman','2016-05-02','Male',564,'B-23051993649','Purple',22,44,'2023-03-22 00:00:00','2024-03-22 00:00:00','2023-05-19 04:37:11','2023-05-31 05:13:23'),(79,'Mavia','2017-08-02','Male',566,'B-23051993745','Purple',50,45,'2023-04-19 00:00:00','2024-04-19 00:00:00','2023-05-19 04:38:33','2023-05-27 12:03:33'),(80,'Arzoo','2016-11-25','Female',567,'B-23051993908','Green',139,8,'2022-11-11 00:00:00','2023-11-11 00:00:00','2023-05-19 04:39:16','2023-05-27 12:03:46'),(81,'Nabiha Fatima','2014-11-07','Female',572,'B-23051994009','2A',40,5,'2023-03-13 00:00:00','2024-03-13 00:00:00','2023-05-19 04:40:31','2023-07-14 06:06:18'),(82,'Hajra Bibi','2016-03-31','Female',575,'B-23051994115','Purple',38,8,'2022-11-11 00:00:00','2023-11-11 00:00:00','2023-05-19 04:41:32','2023-05-27 12:06:44'),(83,'Muhammad Mavia','2015-10-25','Male',580,'B-23051994216','Purple',20,-1,NULL,NULL,'2023-05-19 04:42:39','2023-05-27 12:07:01'),(84,'Muhammad Hashir Ali','2015-11-10','Male',581,'B-23051994305','1',160,47,'2023-03-27 00:00:00','2024-03-27 00:00:00','2023-05-19 04:43:20','2023-07-14 06:17:28'),(85,'Kashaf','2017-11-16','Female',589,'B-23051994349','Purple',33,48,'2023-03-25 00:00:00','2024-03-25 00:00:00','2023-05-19 04:43:59','2023-05-27 12:09:46'),(86,'Muhammad Arham','2017-06-09','Male',590,'B-23051994518','Red',158,-1,NULL,NULL,'2023-05-19 04:45:36','2023-05-27 12:07:37'),(87,'Muhammad Arman Khan','2017-06-22','Male',591,'B-23051994710','Purple',154,29,'2023-04-19 00:00:00','2024-04-19 00:00:00','2023-05-19 04:47:28','2023-05-27 12:09:38'),(88,'Fatima','2017-06-28','Female',594,'B-23051994755','Purple',41,50,'2023-01-29 00:00:00','2024-01-29 00:00:00','2023-05-19 04:48:03','2023-05-31 05:14:33'),(89,'Zartash','2016-06-17','Female',606,'B-23051995645','1',29,29,'2023-04-19 00:00:00','2024-04-19 00:00:00','2023-05-19 04:57:25','2023-07-14 06:17:45'),(90,'Ammad','2016-06-15','Male',607,'B-23051995804','Purple',124,13,'2023-05-11 00:00:00','2024-05-11 00:00:00','2023-05-19 04:58:42','2023-05-27 12:10:41'),(91,'Muhammad Osaid','2016-07-12','Male',608,'B-23051995927','Purple',33,13,'2023-05-11 00:00:00','2024-05-11 00:00:00','2023-05-19 04:59:48','2023-05-27 12:07:33'),(92,'Muhammad Ahsan','2016-09-30','Male',609,'B-230519100007','Purple',114,13,'2023-05-11 00:00:00','2024-05-11 00:00:00','2023-05-19 05:00:40','2023-05-31 05:25:05'),(93,'Umm-e-Habiba','2016-09-15','Female',611,'B-230519100123','Green',121,13,'2023-05-11 00:00:00','2024-05-11 00:00:00','2023-05-19 05:02:46','2023-05-31 05:08:39'),(94,'Abdullah','2016-08-12','Male',612,'B-230519100324','1',123,13,'2023-05-11 00:00:00','2024-05-11 00:00:00','2023-05-19 05:03:45','2023-07-14 06:17:52'),(95,'Abdul Hadi','2016-11-06','Male',614,'B-230519100449','Purple',7,50,'2023-01-29 00:00:00','2024-01-29 00:00:00','2023-05-19 05:05:06','2023-05-27 12:08:06'),(96,'Wardah Fatima','2018-04-27','Female',616,'B-230519100556','Green',27,29,'2023-04-19 00:00:00','2024-04-19 00:00:00','2023-05-19 05:06:25','2023-05-31 05:10:05'),(97,'Humna','2018-04-10','Female',619,'B-230519100728','Green',45,66,'2023-04-06 00:00:00','2024-04-06 00:00:00','2023-05-19 05:07:38','2023-05-31 05:10:12'),(98,'Maryam Fatima','2018-01-05','Female',620,'B-230519100802','Purple',149,63,'2023-02-26 00:00:00','2024-02-26 00:00:00','2023-05-19 05:08:23','2023-06-01 14:00:54'),(99,'Azhaan Ali','2016-12-23','Male',622,'B-230519100911','Purple',44,-1,NULL,NULL,'2023-05-19 05:09:42','2023-05-31 05:14:38'),(100,'Faiz Ullah','2018-04-25','Male',623,'B-230519101021','Green',30,29,'2023-04-19 00:00:00','2024-04-19 00:00:00','2023-05-19 05:10:47','2023-05-31 05:10:21'),(101,'Areefa','2017-01-25','Female',625,'B-230519101127','Purple',28,65,'2023-03-09 00:00:00','2024-03-09 00:00:00','2023-05-19 05:11:50','2023-05-27 12:05:37'),(102,'Abdul Moiz','2018-12-09','Male',627,'B-230519101230','Yellow',147,64,'2023-03-28 00:00:00','2024-03-28 00:00:00','2023-05-19 05:12:41','2023-05-27 12:05:49'),(103,'Zainab','2016-11-08','Female',629,'B-230519101326','Red',138,56,'2023-04-14 00:00:00','2024-04-14 00:00:00','2023-05-19 05:13:36','2023-05-27 12:02:32'),(104,'Zainab','2015-12-24','Female',632,'B-230519101404','Red',19,29,'2023-04-19 00:00:00','2024-04-19 00:00:00','2023-05-19 05:14:19','2023-05-27 12:02:50'),(105,'Muhammad Huzaim','2013-10-14','Male',213,'B-230519101928','2A',56,7,'2023-03-02 00:00:00','2024-03-02 00:00:00','2023-05-19 05:19:58','2023-07-14 05:55:11'),(106,'Abdul Rehman','2013-05-15','Male',237,'B-230519102134','2A',55,5,'2022-11-02 00:00:00','2023-11-02 00:00:00','2023-05-19 05:21:58','2023-07-14 05:55:33'),(107,'Muhammad Atif Khan','2015-06-11','Male',326,'B-230519102345','2A',169,18,'2023-03-29 00:00:00','2024-03-29 00:00:00','2023-05-19 05:24:13','2023-07-14 05:59:30'),(108,'Abdul Hadi','2015-07-25','Male',399,'B-230519102614','Red',68,16,'2023-03-06 00:00:00','2024-03-06 00:00:00','2023-05-19 05:27:01','2023-05-27 11:34:43'),(109,'Sufyan','2016-01-13','Male',400,'B-230519102729','Red',60,23,'2023-02-25 00:00:00','2024-02-25 00:00:00','2023-05-19 05:27:43','2023-05-27 11:30:45'),(110,'Anabya','2016-10-21','Female',401,'B-230519102817','1',77,24,'2023-04-05 00:00:00','2024-04-05 00:00:00','2023-05-19 05:28:37','2023-07-14 06:13:11'),(111,'Nansi','2016-07-08','Female',408,'B-230519103034','Green',144,-1,NULL,NULL,'2023-05-19 05:30:52','2023-06-01 15:08:46'),(112,'Kalip','2017-01-16','Male',409,'B-230519103312','Red',83,-1,NULL,NULL,'2023-05-19 05:33:24','2023-05-27 11:35:21'),(113,'Muhammad Sufyan','2015-11-19','Male',410,'B-230519103353','1',51,16,'2023-03-06 00:00:00','2024-03-06 00:00:00','2023-05-19 05:34:24','2023-07-14 06:13:30'),(114,'Zainab','2017-08-23','Female',416,'B-230519103504','Red',76,23,'2023-02-25 00:00:00','2024-02-25 00:00:00','2023-05-19 05:35:21','2023-05-27 11:35:30'),(115,'Muhmmad Ali','2014-08-01','Male',428,'B-230519103543','1',72,22,'2023-04-18 00:00:00','2024-04-18 00:00:00','2023-05-19 05:36:08','2023-07-14 06:13:36'),(116,'Saira Bibi','2017-08-30','Female',429,'B-230519103645','Purple',72,27,'2023-03-09 00:00:00','2024-03-09 00:00:00','2023-05-19 05:37:11','2023-05-27 11:46:20'),(117,'Uzain ','2016-09-20','Male',435,'B-230519103827','1',107,27,'2023-03-09 00:00:00','2024-03-09 00:00:00','2023-05-19 05:39:06','2023-07-14 06:13:55'),(118,'Hunain','2014-05-02','Male',436,'B-230519103937','2A',107,68,'2023-02-25 00:00:00','2024-02-25 00:00:00','2023-05-19 05:40:38','2023-07-14 06:02:36'),(119,'Palak','2017-07-19','Female',441,'B-230519104617','Purple',129,32,'2023-03-02 00:00:00','2024-03-02 00:00:00','2023-05-19 05:46:58','2023-05-27 11:49:07'),(120,'Urooj Fatima','2015-09-07','Female',445,'B-230519104801','Red',92,34,'2023-05-11 00:00:00','2025-05-11 00:00:00','2023-05-19 05:48:25','2023-05-27 11:49:14'),(121,'Umar','2016-04-12','Male',446,'B-230519104856','Red',53,31,'2023-02-25 00:00:00','2024-02-25 00:00:00','2023-05-19 05:49:15','2023-05-27 11:49:18'),(122,'Tayyaba Noor','2016-10-01','Female',449,'B-230519105010','Red',169,-1,NULL,NULL,'2023-05-19 05:50:39','2023-05-27 11:49:22'),(123,'Maham Bibi','2015-08-27','Female',451,'B-230519105144','Red',105,22,'2023-04-18 00:00:00','2024-04-18 00:00:00','2023-05-19 05:52:00','2023-05-27 11:49:30'),(124,'Husnain','2016-09-16','Male',452,'B-230519105329','1',117,-1,NULL,NULL,'2023-05-19 05:53:45','2023-07-14 06:14:17'),(125,'Simrah','2016-12-13','Female',453,'B-230519105412','Red',127,83,'2023-06-12 00:00:00','2024-06-11 00:00:00','2023-05-19 05:54:35','2023-06-12 07:45:07'),(126,'Sara','2016-12-06','Female',454,'B-230519105519','Red',170,22,'2023-04-18 00:00:00','2024-04-18 00:00:00','2023-05-19 05:55:42','2023-05-27 11:49:45'),(127,'Muskan','2013-01-23','Female',465,'B-230519105714','1',69,22,'2023-04-18 00:00:00','2024-04-18 00:00:00','2023-05-19 05:57:41','2023-07-14 06:15:38'),(128,'Danish','2015-01-04','Male',466,'B-230519105809','Red',69,5,'2023-03-13 00:00:00','2024-03-13 00:00:00','2023-05-19 05:58:21','2023-06-01 15:25:48'),(129,'Mustufa','2016-12-01','Male',468,'B-230519105851','Purple',64,5,'2023-03-13 00:00:00','2024-03-13 00:00:00','2023-05-19 06:00:02','2023-05-27 11:51:47'),(130,'Ayesha','2017-03-09','Female',469,'B-230519110034','Purple',65,36,'2023-05-05 00:00:00','2024-05-05 00:00:00','2023-05-19 06:00:57','2023-05-27 11:51:51'),(131,'Muhammad Hassan','2017-06-02','Male',477,'B-230519110348','Red',90,-1,NULL,NULL,'2023-05-19 06:04:10','2023-05-27 11:52:11'),(132,'Natasha','2016-11-20','Female',486,'B-230519110443','Red',87,9,'2023-03-27 00:00:00','2024-03-27 00:00:00','2023-05-19 06:05:45','2023-05-27 11:52:19'),(133,'Anamta','2015-09-05','Female',490,'B-230519110616','2A',96,5,'2023-03-13 00:00:00','2024-03-13 00:00:00','2023-05-19 06:06:29','2023-07-14 06:05:36'),(134,'Jannat','2016-10-14','Female',492,'B-230519110729','Red',164,5,'2023-03-13 00:00:00','2024-03-13 00:00:00','2023-05-19 06:07:54','2023-05-27 11:52:33'),(135,'Emawuel','2014-12-30','Male',494,'B-230519110820','1',79,-1,NULL,NULL,'2023-05-19 06:08:54','2023-07-14 06:19:01'),(136,'Kabiyal','2017-03-27','Male',498,'B-230519110926','Purple',73,-1,NULL,NULL,'2023-05-19 06:10:18','2023-05-27 11:52:55'),(137,'Muhammad Ahsan','2017-03-06','Male',499,'B-230519111047','Green',102,-1,NULL,NULL,'2023-05-19 06:11:14','2023-05-31 05:24:41'),(138,'Muhammad Nameer','2017-08-21','Male',501,'B-230519111144','Green',153,39,'2023-03-03 00:00:00','2024-03-03 00:00:00','2023-05-19 06:12:29','2023-05-27 11:55:13'),(139,'Kinza','2016-03-14','Female',509,'B-230519111258','1',99,22,'2023-04-14 00:00:00','2024-04-14 00:00:00','2023-05-19 06:13:16','2023-07-14 06:17:01'),(140,'Muhammad Umar','2016-01-15','Male',518,'B-230519111344','1',85,5,'2022-11-02 00:00:00','2023-11-02 00:00:00','2023-05-19 06:14:36','2023-07-14 06:17:08'),(141,'Abu Bakar','2017-08-01','Male',522,'B-230519111505','Purple',85,8,'2022-11-11 00:00:00','2023-11-11 00:00:00','2023-05-19 06:15:27','2023-05-27 11:56:20'),(142,'Aiza ','2016-11-19','Female',524,'B-230519111554','Red',81,8,'2022-11-11 00:00:00','2023-11-11 00:00:00','2023-05-19 06:16:12','2023-05-27 11:56:30'),(143,'Huzaifa','2016-01-05','Male',526,'B-230519111651','1',75,62,'2023-04-19 00:00:00','2024-04-19 00:00:00','2023-05-19 06:17:28','2023-07-14 06:17:13'),(144,'Anabia','2017-04-14','Female',528,'B-230519111808','Purple',56,42,'2023-03-13 00:00:00','2024-03-13 00:00:00','2023-05-19 06:18:22','2023-05-27 11:56:42'),(145,'Hurain Fatima','2017-02-05','Female',540,'B-230519112013','Purple',98,8,'2022-11-11 00:00:00','2023-11-11 00:00:00','2023-05-19 06:20:50','2023-05-31 05:12:11'),(146,'Muzammil','2017-01-18','Male',541,'B-230519112127','Purple',95,-1,NULL,NULL,'2023-05-19 06:21:47','2023-05-31 05:11:47'),(147,'Rayyan','2017-08-09','Male',543,'B-230519112214','Green',54,67,'2022-12-14 00:00:00','2023-12-14 00:00:00','2023-05-19 06:22:30','2023-05-27 12:02:30'),(148,'Anabiya','2017-12-09','Female',569,'B-230519112344','Green',94,8,'2022-11-11 00:00:00','2023-11-11 00:00:00','2023-05-19 06:24:15','2023-05-27 12:03:52'),(149,'Abdul Basit','2016-06-08','Male',573,'B-230519112516','Red',101,8,'2022-11-11 00:00:00','2023-11-11 00:00:00','2023-05-19 06:25:30','2023-05-27 12:06:40'),(150,'Muhammad Faiz','2018-07-12','Male',577,'B-230519112602','Purple',66,46,'2023-03-27 00:00:00','2024-03-27 00:00:00','2023-05-19 06:26:24','2023-05-27 12:06:48'),(151,'Ahan Sheikh','2015-10-15','Male',579,'B-230519112652','2A',93,46,'2023-03-27 00:00:00','2024-03-27 00:00:00','2023-05-19 06:27:20','2023-07-14 06:06:23'),(152,'Fatima Rani','2017-11-20','Female',583,'B-230519112750','Purple',91,69,'2023-03-24 00:00:00','2024-03-24 00:00:00','2023-05-19 06:28:09','2023-06-01 14:23:07'),(153,'Ayeza','2017-06-23','Female',585,'B-230519112846','Purple',161,-1,NULL,NULL,'2023-05-19 06:29:23','2023-05-27 12:07:15'),(154,'Muhammad Hussain','2017-10-26','Male',586,'B-230519112955','Green',132,48,'2023-03-25 00:00:00','2024-03-25 00:00:00','2023-05-19 06:30:12','2023-05-27 12:07:22'),(155,'Alaya Fatima','2017-06-29','Female',587,'B-230519113036','Green',68,49,'2023-04-17 00:00:00','2024-04-17 00:00:00','2023-05-19 06:31:02','2023-05-31 05:07:15'),(156,'Ayesha Naz','2017-05-23','Female',595,'B-230519113128','Green',160,51,'2023-04-19 00:00:00','2024-04-19 00:00:00','2023-05-19 06:31:50','2023-05-31 05:08:10'),(157,'Fuzail','2017-12-16','Male',598,'B-230519113232','Green',86,52,'2023-02-26 00:00:00','2024-02-26 00:00:00','2023-05-19 06:32:54','2023-05-27 12:09:14'),(158,'Muhammad Rohan','2016-05-13','Male',602,'B-230519113321','1',84,53,'2023-03-29 00:00:00','2024-03-29 00:00:00','2023-05-19 06:33:56','2023-07-14 06:17:35'),(159,'Muhammad Hussain','2016-10-11','Female',605,'B-230519120317','Purple',97,29,'2023-04-19 00:00:00','2024-04-19 00:00:00','2023-05-19 07:03:33','2023-05-27 12:07:18'),(160,'Malaika','2018-12-05','Female',628,'B-230519120809','Yellow',52,54,'2023-03-13 00:00:00','2024-03-13 00:00:00','2023-05-19 07:09:23','2023-05-27 12:05:56'),(161,'Kaneez Fatima','2015-01-28','Female',296,'B-230519121403','2A',61,15,'2023-03-03 00:00:00','2024-03-03 00:00:00','2023-05-19 07:14:22','2023-07-14 05:59:12'),(162,'Talha Jahangir(Adopted)','2018-04-28','Male',626,'B-230519121826','Yellow',146,29,'2023-04-19 00:00:00','2024-04-19 00:00:00','2023-05-19 07:18:38','2023-06-25 11:09:23'),(163,'Kinza Noor','2012-12-08','Female',621,'B-230519122026','2A',2,13,'2023-05-11 00:00:00','2024-05-11 00:00:00','2023-05-19 07:20:39','2023-07-14 06:06:55'),(164,'Ahsan Hussain','2016-04-15','Male',613,'B-230519122727','Purple',80,13,'2023-05-11 00:00:00','2024-05-11 00:00:00','2023-05-19 07:27:47','2023-05-27 12:08:00'),(165,'Aliyan','2017-01-27','Male',472,'B-230519032508','2A',171,37,'2023-04-05 00:00:00','2023-10-05 00:00:00','2023-05-19 10:26:48','2023-07-14 06:05:30'),(166,'Rida','2019-02-14','Female',630,'B-230519035659','Yellow',172,29,'2023-04-19 00:00:00','2024-04-19 00:00:00','2023-05-19 10:57:46','2023-05-27 12:02:38'),(167,'Rumaisa','2019-02-14','Female',631,'B-230519035824','Yellow',172,55,'2023-03-24 00:00:00','2024-03-24 00:00:00','2023-05-19 10:58:38','2023-05-27 12:02:43'),(169,'Anabiya','2015-05-17','Female',1232,'B-23052093613','3A',174,57,'2023-03-31 00:00:00','2024-03-31 00:00:00','2023-05-20 04:36:55','2023-07-14 05:37:31'),(170,'Khadija','2015-04-27','Female',430,'B-23052094112','1',175,28,'2023-03-31 00:00:00','2024-03-31 00:00:00','2023-05-20 04:41:45','2023-07-14 06:13:42'),(171,'Abdullah','2016-10-31','Male',431,'B-23052094218','Green',175,24,'2023-04-05 00:00:00','2024-04-05 00:00:00','2023-05-20 04:42:59','2023-05-31 05:06:44'),(172,'Jaweria','2016-10-09','Female',1251,'B-23052094930','3A',176,70,'2023-04-05 00:00:00','2024-04-05 00:00:00','2023-05-20 04:49:42','2023-07-14 05:46:02'),(173,'Tayyab Khan','2013-08-08','Male',1185,'B-23052095917','3A',177,29,'2023-04-16 00:00:00','2024-04-16 00:00:00','2023-05-20 04:59:26','2023-07-14 05:36:56'),(174,'Chahat','2014-09-15','Female',350,'B-230520101217','1',179,16,'2023-03-06 00:00:00','2024-03-06 00:00:00','2023-05-20 05:12:50','2023-07-14 06:12:05'),(175,'Mehmood','2015-04-26','Male',152,'B-230520101726','2A',180,3,'2023-04-15 00:00:00','2024-04-15 00:00:00','2023-05-20 05:17:49','2023-07-14 05:54:34'),(176,'Hussain','2017-10-21','Male',496,'B-230520102728','Purple',182,5,'2023-03-13 00:00:00','2024-03-13 00:00:00','2023-05-20 05:27:23','2023-05-27 11:52:47'),(177,'Subhan','2016-07-13','Male',450,'B-230520103049','Red',183,22,'2023-04-18 00:00:00','2024-04-18 00:00:00','2023-05-20 05:30:47','2023-05-27 11:49:25'),(178,'Hunza','2017-04-25','Female',470,'B-230520103340','Red',184,35,'2023-04-15 00:00:00','2024-04-15 00:00:00','2023-05-20 05:33:37','2023-05-27 11:51:57'),(179,'Noor Fatima','2016-02-19','Female',438,'B-230520104231','1',187,22,'2023-04-18 00:00:00','2024-04-18 00:00:00','2023-05-20 05:42:27','2023-07-14 06:14:01'),(180,'Zainab','2018-02-09','Female',558,'B-230520112455','Purple',193,-1,NULL,NULL,'2023-05-20 06:25:10','2023-05-31 05:15:49'),(181,'Firza','2014-03-19','Female',1340,'B-230521044937','3A',189,78,'2023-04-03 00:00:00','2024-04-03 00:00:00','2023-05-21 11:49:54','2023-07-14 05:44:28'),(183,'Ansharah','2015-09-29','Female',1235,'B-23052281446','3A',185,58,'2023-04-03 00:00:00','2024-04-03 00:00:00','2023-05-22 03:14:47','2023-07-14 05:37:47'),(185,'Anees Ur Rehman','2015-12-30','Male',1227,'B-23052282306','3A',198,29,'2023-04-19 00:00:00','2024-04-19 00:00:00','2023-05-22 03:23:36','2023-07-14 05:37:25'),(186,'Ameer Hamza','2015-07-21','Male',1243,'B-23052282446','3A',167,59,'2023-03-31 00:00:00','2024-03-31 00:00:00','2023-05-22 03:24:47','2023-07-14 05:38:21'),(187,'Muhammad Ashar','2014-04-18','Male',1263,'B-23052282727','3A',112,29,'2023-04-15 00:00:00','2024-04-15 00:00:00','2023-05-22 03:27:22','2023-07-14 05:39:00'),(188,'Hassan ','2013-03-28','Male',1264,'B-23052282828','3A',53,71,'2023-04-05 00:00:00','2024-04-05 00:00:00','2023-05-22 03:28:31','2023-07-14 05:39:09'),(189,'Habib Ullah','2013-01-12','Male',1267,'B-23052282917','3A',195,74,'2023-03-04 00:00:00','2024-03-04 00:00:00','2023-05-22 03:29:12','2023-07-14 05:39:31'),(190,'Muhammad Hunain','2014-10-24','Male',1346,'B-23052282956','3A',190,80,'2023-04-19 00:00:00','2024-04-19 00:00:00','2023-05-22 03:29:56','2023-07-14 05:44:55'),(191,'Muskan Imran','2015-11-16','Female',1247,'B-23052283111','3A',43,60,'2023-02-22 00:00:00','2024-02-22 00:00:00','2023-05-22 03:31:10','2023-07-14 05:38:27'),(193,'Bushra','2016-05-18','Female',1308,'B-23052283242','3A',191,-1,NULL,NULL,'2023-05-22 03:32:42','2023-07-14 05:44:08'),(194,'Adiba','2015-04-25','Female',1353,'B-23052283331','3A',196,61,'2023-04-04 00:00:00','2024-04-04 00:00:00','2023-05-22 03:33:24','2023-07-14 05:45:01'),(196,'Tabassum','2014-08-11','Female',156,'B-23052283840','2A',173,3,'2023-02-28 00:00:00','2024-02-28 00:00:00','2023-05-22 03:38:39','2023-07-14 05:54:41'),(197,'Sahil','2010-06-14','Male',1270,'B-23052285007','3A',144,-1,NULL,NULL,'2023-05-22 03:50:20','2023-07-14 05:40:05'),(198,'Ayesha','2013-01-16','Female',1266,'B-23052285343','3A',76,73,'2023-04-05 00:00:00','2024-04-05 00:00:00','2023-05-22 03:53:48','2023-07-14 05:39:25'),(199,'Umm e Haniya','2015-01-06','Female',1275,'B-23052285615','3A',134,66,'2023-04-06 00:00:00','2024-04-06 00:00:00','2023-05-22 03:56:16','2023-07-14 05:40:41'),(200,'Syeda Aliza','2014-09-24','Female',1211,'B-23052285641','3A',102,-1,NULL,NULL,'2023-05-22 04:49:23','2023-07-14 05:37:12'),(201,'Areeba ','2013-12-04','Female',1278,'B-230522102518','3A',88,-1,NULL,NULL,'2023-05-22 05:25:23','2023-07-14 05:42:50'),(202,'Noor Fatima','2012-12-25','Female',1277,'B-230522103157','3A',113,76,'2023-04-12 00:00:00','2024-04-12 00:00:00','2023-05-22 05:31:56','2023-07-14 05:40:56'),(203,'Huzaifa','2012-10-09','Male',1341,'B-230522103242','3A',28,-1,NULL,NULL,'2023-05-22 05:33:03','2023-07-14 05:44:37'),(204,'Hasnain','2013-10-01','Male',1269,'B-230522103425','3A',143,75,'2023-04-11 00:00:00','2024-04-11 00:00:00','2023-05-22 05:35:16','2023-07-14 05:39:56'),(205,'Alina','2011-11-14','Female',1280,'B-230522103633','3A',73,-1,NULL,NULL,'2023-05-22 05:37:08','2023-07-14 05:43:45'),(206,'Norooz','2013-05-23','Male',1265,'B-230522103733','3A',200,72,'2023-04-03 00:00:00','2024-04-03 00:00:00','2023-05-22 05:41:47','2023-07-14 05:39:17'),(207,'Ahmed','2014-01-05','Male',1255,'B-230522104759','3A',201,71,'2023-04-05 00:00:00','2024-04-05 00:00:00','2023-05-22 05:48:11','2023-07-14 05:38:33'),(208,'Wajiha','2015-04-29','Female',1256,'B-230522104847','3A',201,71,'2023-04-05 00:00:00','2024-04-05 00:00:00','2023-05-22 05:48:47','2023-07-14 05:38:40'),(209,'Mahnoor','2011-02-17','Female',1276,'B-230522104956','3A',79,-1,NULL,NULL,'2023-05-22 05:50:16','2023-07-14 05:40:48'),(210,'Aswad','2016-02-29','Male',437,'B-230522110211','Red',202,31,'2023-02-25 00:00:00','2024-02-25 00:00:00','2023-05-22 06:02:20','2023-05-27 11:46:52'),(211,'Rabail','2013-12-27','Female',1339,'B-230522110254','3A',202,77,'2023-04-19 00:00:00','2024-04-19 00:00:00','2023-05-22 06:03:15','2023-07-14 05:44:21'),(212,'Subhan','2013-06-12','Male',1343,'B-230522110643','3A',164,79,'2023-04-19 00:00:00','2024-04-19 00:00:00','2023-05-22 06:06:45','2023-07-14 05:44:49'),(213,'Muhammad Zayan','2016-12-19','Male',458,'B-230522011847','Green',203,-1,NULL,NULL,'2023-05-22 08:19:02','2023-05-27 11:49:54'),(214,'Marhama','2016-11-21','Female',603,'B-23052382319','Red',40,13,'2023-11-05 00:00:00','2024-11-05 00:00:00','2023-05-23 03:25:01','2023-06-01 15:14:37'),(215,'Hasnain','2015-11-12','Male',1242,'B-23052394519','3A',204,59,'2023-03-31 00:00:00','2024-03-31 00:00:00','2023-05-23 04:45:37','2023-07-14 05:38:15'),(216,'Umm e Roman','2013-01-28','Female',1259,'B-230523100535','3A',205,81,'2023-04-04 00:00:00','2024-04-04 00:00:00','2023-05-23 05:05:45','2023-07-14 05:38:46'),(217,'Unzila','2014-06-20','Female',1240,'B-230523103314','3A',206,-1,NULL,NULL,'2023-05-23 05:33:55','2023-07-14 05:37:54'),(218,'Maryam','2014-10-17','Female',1324,'B-230523104023','3A',207,29,'2023-04-19 00:00:00','2024-04-19 00:00:00','2023-05-23 05:40:51','2023-07-14 05:44:14'),(219,'Daim','2011-04-10','Male',1268,'B-230523105728','3A',208,-1,NULL,NULL,'2023-05-23 05:57:47','2023-07-14 05:39:41'),(221,'Arsalan','2012-06-09','Male',1342,'B-230523111407','3A',209,-1,NULL,NULL,'2023-05-23 06:14:37','2023-07-14 05:44:43'),(222,'Maryam Noor','2014-06-08','Female',1274,'B-230524104434','3A',210,82,'2023-04-06 00:00:00','2024-04-06 00:00:00','2023-05-24 05:44:53','2023-07-14 05:40:31'),(223,'Mahira','2014-01-28','Female',1233,'B-230524113514','3A',66,29,'2023-04-16 00:00:00','2024-04-16 00:00:00','2023-05-24 06:38:25','2023-07-14 05:37:39'),(224,'Mahnoor','2016-02-12','Female',539,'B-23052583240','Red',211,43,'2023-03-29 00:00:00','2024-03-29 00:00:00','2023-05-25 03:33:32','2023-05-27 12:02:08'),(225,'Hooriya ','2014-07-11','Female',1166,'B-23052592655','4',212,-1,NULL,NULL,'2023-05-25 04:27:46','2023-07-14 06:32:00'),(226,'Naima','2015-04-06','Female',1165,'B-23052593128','4',213,-1,NULL,NULL,'2023-05-25 04:31:45','2023-07-14 06:31:33'),(228,'Zara','2013-05-25','Female',1289,'B-23052594850','4',215,-1,NULL,NULL,'2023-05-25 04:49:18','2023-07-14 06:34:54'),(229,'Anamta Bibi','2012-08-24','Female',1225,'B-230525100029','4',216,-1,NULL,NULL,'2023-05-25 05:01:16','2023-07-14 06:33:14'),(230,'Fatima Sumaiyya','2013-11-21','Female',1119,'B-230525100425','4',217,-1,NULL,NULL,'2023-05-25 05:04:52','2023-07-14 06:30:30'),(231,'Muhammad Mustufa','2014-12-18','Male',1120,'B-230525100556','4',217,-1,NULL,NULL,'2023-05-25 05:06:19','2023-07-14 06:30:45'),(232,'Faiza','2013-10-20','Female',1125,'B-230525101046','4',218,-1,NULL,NULL,'2023-05-25 05:11:21','2023-07-14 06:30:52'),(233,'Rameen','2012-11-05','Female',1224,'B-230525102044','4',219,-1,NULL,NULL,'2023-05-25 05:21:00','2023-07-14 06:33:07'),(235,'Muhammad Rayyan','2013-07-11','Male',1223,'B-230525102554','4',219,-1,NULL,NULL,'2023-05-25 05:26:19','2023-07-14 06:32:56'),(236,'Hadiya','2014-05-26','Female',1208,'B-230525104813','4',220,-1,NULL,NULL,'2023-05-25 05:49:02','2023-07-14 06:32:17'),(237,'Fabiha','2013-05-05','Female',1313,'B-230525105333','4',221,-1,NULL,NULL,'2023-05-25 05:53:55','2023-07-14 06:37:20'),(238,'Maryam','2015-08-25','Female',1218,'B-230525111218','4',222,-1,NULL,NULL,'2023-05-25 06:12:44','2023-07-14 06:32:48'),(239,'Amna','2014-01-24','Female',1105,'B-230525112626','4',223,-1,NULL,NULL,'2023-05-25 06:26:38','2023-07-14 06:29:55'),(240,'Asma','2015-03-23','Female',1111,'B-230525112714','4',223,-1,NULL,NULL,'2023-05-25 06:27:23','2023-07-14 06:30:21'),(241,'Noor Fatima','2013-08-01','Female',1108,'B-230525113035','4',224,-1,NULL,NULL,'2023-05-25 06:31:01','2023-07-14 06:30:09'),(242,'Anas Ahmed','2015-01-27','Male',1357,'B-230525114131','4',225,-1,NULL,NULL,'2023-05-25 06:41:48','2023-07-14 06:38:30'),(243,'Hifza','2011-12-29','Female',1351,'B-230525114543','4',226,-1,NULL,NULL,'2023-05-25 06:46:45','2023-07-14 06:38:20'),(244,'Muhammad Hassan ','2010-10-25','Male',1297,'B-230525120144','4',227,-1,NULL,NULL,'2023-05-25 07:02:36','2023-07-14 06:36:13'),(245,'Eraj','2014-05-18','Female',1337,'B-230525124958','4',228,-1,NULL,NULL,'2023-05-25 07:50:11','2023-07-14 06:37:35'),(246,'Umm e Hani','2013-03-05','Female',1338,'B-230525125046','4',228,-1,NULL,NULL,'2023-05-25 07:51:10','2023-07-14 06:37:47'),(247,'Anabiya','2014-05-05','Female',1279,'B-23052684717','3A',156,75,'2023-04-11 00:00:00','2024-04-11 00:00:00','2023-05-26 03:48:14','2023-07-14 05:43:38'),(248,'Shab e Noor','2014-06-07','Female',1214,'B-230526101605','4',229,-1,NULL,NULL,'2023-05-26 05:16:35','2023-07-14 06:32:39'),(249,'Huda','2009-08-31','Female',1347,'B-230526102258','4',190,-1,NULL,NULL,'2023-05-26 05:23:25','2023-07-14 06:37:57'),(250,'Muhammad Taha','2012-03-10','Male',1213,'B-230526102724','4',230,-1,NULL,NULL,'2023-05-26 05:27:55','2023-07-14 06:32:31'),(251,'Fariha','2014-01-20','Female',1287,'B-230526104558','4',231,-1,NULL,NULL,'2023-05-26 05:46:10','2023-07-14 06:34:40'),(252,'Umm e Hooria','2014-07-08','Female',1236,'B-230526114501','4',192,-1,NULL,NULL,'2023-05-26 06:45:24','2023-07-14 06:33:33'),(253,'Sumain','2008-02-20','Male',1295,'B-230527101319','4',208,-1,NULL,NULL,'2023-05-27 05:13:57','2023-07-14 06:36:07'),(254,'Abdul Rehman','2011-02-16','Male',1292,'B-230527101511','4',76,-1,NULL,NULL,'2023-05-27 05:15:46','2023-07-14 06:35:26'),(255,'Muhammad Umar','2012-08-05','Male',1299,'B-230527102054','4',155,-1,NULL,NULL,'2023-05-27 05:21:11','2023-07-14 06:36:26'),(256,'Iqra Bano','2012-09-18','Female',1290,'B-230527102232','4',196,-1,NULL,NULL,'2023-05-27 05:23:25','2023-07-14 06:35:04'),(257,'Shiza','2014-10-11','Female',1288,'B-230527102650','4',99,-1,NULL,NULL,'2023-05-27 05:27:25','2023-07-14 06:34:47'),(258,'Manazil','2013-11-02','Female',1283,'B-230527103224','4',207,-1,NULL,NULL,'2023-05-27 05:33:04','2023-07-14 06:34:17'),(259,'Muhammad Mekael','2013-12-11','Male',1291,'B-230527110601','4',232,-1,NULL,NULL,'2023-05-27 06:07:21','2023-07-14 06:35:11'),(263,'Muzammil','2015-06-08','Male',1271,'B-230530104832','3A',181,75,'2023-04-11 00:00:00','2024-04-11 00:00:00','2023-05-30 05:50:24','2023-07-14 05:40:15'),(264,'Muhammad Atif','2014-12-28','Male',1212,'B-230530105116','3A',194,-1,NULL,NULL,'2023-05-30 05:51:32','2023-07-14 05:37:19'),(266,'Muhammad Aliyan','2014-01-14','Male',443,'B-230530023807','1',163,33,'2023-05-11 00:00:00','2024-05-11 00:00:00','2023-05-30 09:38:51','2023-07-14 06:14:07'),(267,'Owaisha','2014-10-12','Female',1273,'B-230530023919','3A',178,-1,NULL,NULL,'2023-05-30 09:40:06','2023-07-14 05:40:25'),(268,'Qurat ul Ain','2014-12-28','Female',1135,'B-230530024046','4',214,-1,NULL,NULL,'2023-05-30 09:41:58','2023-07-14 06:30:59'),(269,'Anamta','2013-04-13','Female',1231,'B-23060193532','4',174,-1,NULL,NULL,'2023-06-01 04:39:15','2023-07-14 06:33:19'),(270,'Muhammad Yousuf','2014-06-01','Male',1348,'B-23060194535','4',233,-1,NULL,NULL,'2023-06-01 04:46:48','2023-07-14 06:38:08'),(271,'Ali Raza','2013-09-09','Male',1153,'B-230601102608','4',234,-1,NULL,NULL,'2023-06-01 05:26:27','2023-07-14 06:31:25'),(272,'Sana','2013-02-02','Male',1209,'B-230601103638','4',236,-1,NULL,NULL,'2023-06-01 05:37:30','2023-07-14 06:32:24'),(273,'Maryam Ali','2012-01-01','Female',1282,'B-230601123252','4',237,-1,NULL,NULL,'2023-06-01 07:33:21','2023-07-14 06:34:11'),(274,'Ghousia','2010-04-11','Female',1284,'B-23060285036','4',238,-1,NULL,NULL,'2023-06-02 03:51:03','2023-07-14 06:34:23'),(275,'Unzila','2014-01-04','Female',1285,'B-23060291901','4',239,-1,NULL,NULL,'2023-06-02 04:19:20','2023-07-14 06:34:32'),(276,'Esha','2014-12-06','Female',1149,'B-230602105521','4',240,-1,NULL,NULL,'2023-06-02 05:56:08','2023-07-14 06:31:19'),(277,'Eshal','2014-05-02','Female',1148,'B-230602105954','4',241,-1,NULL,NULL,'2023-06-02 06:00:16','2023-07-14 06:31:06'),(278,'Syed Furqan','2011-03-07','Male',1262,'B-230606042153','3A',242,71,'2023-04-05 00:00:00','2024-04-05 00:00:00','2023-06-06 11:23:12','2023-07-14 05:38:53'),(279,'Fazeela','2012-12-26','Female',1234,'B-23060784008','4',66,-1,NULL,NULL,'2023-06-07 03:40:27','2023-07-14 06:33:27'),(280,'Maheen','2014-12-16','Female',1310,'B-23060784341','4',191,-1,NULL,NULL,'2023-06-07 03:44:02','2023-07-14 06:36:58'),(281,'Hina','2012-04-10','Female',1309,'B-23060784343','4',191,-1,NULL,NULL,'2023-06-07 03:44:29','2023-07-14 06:36:34'),(282,'Ghulam Mustufa','2013-02-09','Male',1238,'B-23060784811','4',206,-1,NULL,NULL,'2023-06-07 03:48:43','2023-07-14 06:33:39'),(283,'Muhammad Saad','2010-12-12','Male',1239,'B-23060784933','4',206,-1,NULL,NULL,'2023-06-07 03:49:40','2023-07-14 06:33:46'),(284,'Mirza Ayan Baig','2014-09-01','Male',1258,'B-23060785052','4',131,-1,NULL,NULL,'2023-06-07 03:50:52','2023-07-14 06:34:05'),(285,'Hamza','2014-05-06','Male',1311,'B-23060785149','4',138,-1,NULL,NULL,'2023-06-07 03:51:40','2023-07-14 06:37:06'),(286,'Azan','2011-03-06','Male',1298,'B-23060785730','4',53,-1,NULL,NULL,'2023-06-07 03:57:36','2023-07-14 06:36:19'),(287,'Rabia','2013-12-02','Female',1253,'B-23060992120','4',243,-1,NULL,NULL,'2023-06-09 04:21:28','2023-07-14 06:33:59'),(288,'Ilma','2013-10-05','Female',1312,'B-23061283405','4',244,-1,NULL,NULL,'2023-06-12 03:37:19','2023-07-14 06:37:13'),(298,'Hunaina','2014-11-19','Female',1336,'B-23061294225','4',245,-1,NULL,NULL,'2023-06-12 04:42:37','2023-07-14 06:37:28'),(299,'Dua','2012-12-28','Female',1048,'B-23062093536','5',246,-1,NULL,NULL,'2023-06-20 04:35:36','2023-07-14 06:24:09'),(300,'Fiza','2011-10-05','Female',1032,'B-230620101339','5',247,-1,NULL,NULL,'2023-06-20 05:13:48','2023-07-14 06:23:57'),(301,'Iqra','2013-06-12','Female',1033,'B-230620101430','5',247,-1,NULL,NULL,'2023-06-20 05:14:19','2023-07-14 06:24:03'),(302,'Emaan','2014-02-06','Female',1318,'B-230620102026','5',248,-1,NULL,NULL,'2023-06-20 05:20:21','2023-07-14 06:25:05'),(303,'Ali Hussain','2010-02-16','Male',1300,'B-230620103741','5',249,-1,NULL,NULL,'2023-06-20 05:37:43','2023-07-14 06:24:46'),(304,'Zain','2013-03-23','Male',1155,'B-230620104540','5',250,-1,NULL,NULL,'2023-06-20 05:45:48','2023-07-14 06:24:21'),(305,'Azan','2011-08-04','Male',1156,'B-230620104527','5',250,-1,NULL,NULL,'2023-06-20 05:46:23','2023-07-14 06:24:27'),(306,'Ahmed Raza','2011-03-01','Male',1315,'B-230620105026','5',215,-1,NULL,NULL,'2023-06-20 05:50:41','2023-07-14 06:24:52'),(307,'Romaisa','2013-12-22','Female',1081,'B-230620105521','5',251,-1,NULL,NULL,'2023-06-20 05:55:24','2023-07-14 06:24:15'),(308,'Arfa','2012-05-25','Female',1329,'B-230620122812','5',252,-1,NULL,NULL,'2023-06-20 07:28:23','2023-07-14 06:25:11'),(309,'Maheen','2013-03-10','Female',1183,'B-230623102259','5',253,-1,NULL,NULL,'2023-06-23 05:23:18','2023-07-14 06:24:39'),(310,'Muhammand Ibad Kha','2010-12-29','Male',1317,'B-230623103111','5',254,-1,NULL,NULL,'2023-06-23 05:31:42','2023-07-14 06:24:59'),(311,'Fabiha','2011-01-14','Female',1160,'B-23062690244','5',255,-1,NULL,NULL,'2023-06-26 04:04:50','2023-07-14 06:24:32');

--
-- Table structure for table `student_service`
--

CREATE TABLE `student_service` (
  `id` int NOT NULL AUTO_INCREMENT,
  `student_id` int NOT NULL,
  `service` varchar(25) COLLATE utf8mb4_general_ci NOT NULL,
  `date` date NOT NULL,
  `created_on` timestamp NOT NULL DEFAULT CURRENT_TIMESTAMP,
  `updated_on` timestamp NULL DEFAULT NULL ON UPDATE CURRENT_TIMESTAMP,
  PRIMARY KEY (`id`)
) ENGINE=InnoDB AUTO_INCREMENT=660 DEFAULT CHARSET=utf8mb4 COLLATE=utf8mb4_general_ci;

--
-- Dumping data for table `student_service`
--

INSERT INTO `student_service` VALUES (2,1,'Hair Treatment','2023-06-11','2023-06-11 05:20:07',NULL),(3,170,'Hair Treatment','2023-05-17','2023-06-11 10:46:52',NULL),(4,45,'Hair Treatment','2023-05-17','2023-06-11 10:47:22',NULL),(5,65,'Hair Treatment','2023-05-17','2023-06-11 10:55:54',NULL),(6,139,'Hair Treatment','2023-05-17','2023-06-11 10:56:25',NULL),(7,116,'Hair Treatment','2023-05-17','2023-06-11 10:57:29',NULL),(8,13,'Hair Treatment','2023-05-17','2023-06-11 10:58:05',NULL),(9,214,'Hair Treatment','2023-05-17','2023-06-11 10:58:20',NULL),(10,70,'Hair Treatment','2023-05-17','2023-06-11 10:59:18',NULL),(11,174,'Hair Treatment','2023-05-17','2023-06-11 10:59:43',NULL),(12,11,'Hair Treatment','2023-05-17','2023-06-11 11:00:00',NULL),(13,49,'Hair Treatment','2023-05-17','2023-06-11 11:00:23',NULL),(14,63,'Hair Treatment','2023-05-17','2023-06-11 11:00:43',NULL),(15,93,'Hair Treatment','2023-05-17','2023-06-11 11:00:55',NULL),(16,144,'Hair Treatment','2023-05-17','2023-06-11 11:02:33',NULL),(17,101,'Hair Treatment','2023-05-17','2023-06-11 11:13:14',NULL),(18,11,'Hair Treatment','2023-05-17','2023-06-11 11:13:47',NULL),(19,120,'Hair Treatment','2023-05-17','2023-06-11 11:14:09',NULL),(20,144,'Hair Treatment','2023-05-18','2023-06-11 11:14:45',NULL),(21,101,'Hair Treatment','2023-05-18','2023-06-11 11:15:20',NULL),(22,44,'Hair Treatment','2023-05-18','2023-06-11 11:15:35',NULL),(23,49,'Hair Treatment','2023-05-18','2023-06-11 11:15:51',NULL),(24,139,'Hair Treatment','2023-05-18','2023-06-11 11:17:06',NULL),(25,214,'Hair Treatment','2023-05-18','2023-06-11 11:17:27',NULL),(26,65,'Hair Treatment','2023-05-18','2023-06-11 11:17:45',NULL),(27,106,'Hair Treatment','2023-05-18','2023-06-11 11:18:05',NULL),(28,170,'Hair Treatment','2023-05-18','2023-06-11 11:19:22',NULL),(29,45,'Hair Treatment','2023-05-18','2023-06-11 11:19:52',NULL),(30,174,'Hair Treatment','2023-05-18','2023-06-11 11:20:09',NULL),(31,11,'Hair Treatment','2023-05-18','2023-06-11 11:20:32',NULL),(32,63,'Hair Treatment','2023-05-18','2023-06-11 11:20:53',NULL),(33,93,'Hair Treatment','2023-05-18','2023-06-11 11:21:36',NULL),(34,70,'Hair Treatment','2023-05-18','2023-06-11 11:22:10',NULL),(35,153,'Hair Treatment','2023-05-19','2023-06-11 11:22:57',NULL),(36,152,'Hair Treatment','2023-05-19','2023-06-11 11:23:28','2023-06-11 11:26:01'),(37,98,'Hair Treatment','2023-05-19','2023-06-11 11:23:54','2023-06-11 11:26:13'),(38,63,'Hair Treatment','2023-05-19','2023-06-11 11:24:17',NULL),(39,93,'Hair Treatment','2023-05-19','2023-06-11 11:27:01',NULL),(40,97,'Hair Treatment','2023-05-19','2023-06-11 11:27:17',NULL),(41,144,'Hair Treatment','2023-05-19','2023-06-11 11:27:55',NULL),(42,101,'Hair Treatment','2023-05-19','2023-06-11 11:28:14',NULL),(43,130,'Hair Treatment','2023-05-19','2023-06-11 11:28:36',NULL),(44,65,'Hair Treatment','2023-05-19','2023-06-11 11:28:55',NULL),(45,214,'Hair Treatment','2023-05-19','2023-06-11 11:29:45',NULL),(46,139,'Hair Treatment','2023-05-19','2023-06-11 11:30:12',NULL),(47,60,'Hair Treatment','2023-05-19','2023-06-11 11:30:29',NULL),(48,45,'Hair Treatment','2023-05-19','2023-06-11 11:30:52',NULL),(49,41,'Hair Treatment','2023-05-19','2023-06-11 11:32:09',NULL),(50,174,'Hair Treatment','2023-05-19','2023-06-11 12:22:03',NULL),(51,170,'Hair Treatment','2023-05-19','2023-06-11 12:22:19',NULL),(52,49,'Hair Treatment','2023-05-19','2023-06-11 12:22:37',NULL),(53,7,'Hair Treatment','2023-05-19','2023-06-11 12:23:13',NULL),(54,44,'Hair Treatment','2023-05-19','2023-06-11 12:23:36',NULL),(55,223,'Hair Treatment','2023-05-19','2023-06-11 12:23:59',NULL),(56,279,'Hair Treatment','2023-05-19','2023-06-11 12:24:21',NULL),(57,172,'Hair Treatment','2023-05-19','2023-06-11 12:25:33',NULL),(58,85,'Hair Treatment','2023-05-20','2023-06-11 12:25:57',NULL),(59,97,'Hair Treatment','2023-05-20','2023-06-11 12:26:19',NULL),(60,144,'Hair Treatment','2023-05-20','2023-06-11 12:26:57',NULL),(61,130,'Hair Treatment','2023-05-20','2023-06-11 12:27:38',NULL),(62,71,'Hair Treatment','2023-05-20','2023-06-11 12:29:05',NULL),(63,98,'Hair Treatment','2023-05-20','2023-06-11 12:30:12',NULL),(64,96,'Hair Treatment','2023-05-20','2023-06-11 12:31:05',NULL),(65,96,'Hair Treatment','2023-05-20','2023-06-11 12:43:35',NULL),(66,93,'Hair Treatment','2023-05-20','2023-06-11 12:44:02',NULL),(67,63,'Hair Treatment','2023-05-20','2023-06-11 12:44:38',NULL),(68,65,'Hair Treatment','2023-05-20','2023-06-11 12:44:57',NULL),(69,139,'Hair Treatment','2023-05-20','2023-06-11 12:45:23',NULL),(70,60,'Hair Treatment','2023-05-20','2023-06-11 12:46:04',NULL),(71,214,'Hair Treatment','2023-05-20','2023-06-11 12:47:06',NULL),(72,120,'Hair Treatment','2023-05-20','2023-06-11 12:47:26',NULL),(73,23,'Hair Treatment','2023-05-20','2023-06-11 12:49:02',NULL),(74,41,'Hair Treatment','2023-05-20','2023-06-11 12:49:25',NULL),(75,42,'Hair Treatment','2023-05-20','2023-06-11 12:51:38',NULL),(76,139,'Hair Treatment','2023-06-12','2023-06-12 06:56:31',NULL),(77,127,'Hair Treatment','2023-06-12','2023-06-12 06:56:56',NULL),(78,11,'Hair Treatment','2023-06-12','2023-06-12 06:57:13',NULL),(79,7,'Hair Treatment','2023-06-12','2023-06-12 06:57:55',NULL),(80,81,'Hair Treatment','2023-06-12','2023-06-12 06:58:16',NULL),(81,13,'Hair Treatment','2023-06-12','2023-06-12 06:58:32',NULL),(82,63,'Hair Treatment','2023-06-12','2023-06-12 06:58:54',NULL),(83,153,'Hair Treatment','2023-06-12','2023-06-12 06:59:13',NULL),(84,85,'Hair Treatment','2023-06-12','2023-06-12 06:59:43',NULL),(85,89,'Hair Treatment','2023-06-12','2023-06-12 07:00:34',NULL),(86,12,'Hair Treatment','2023-06-12','2023-06-12 07:01:57',NULL),(87,12,'Hair Treatment','2023-06-12','2023-06-12 07:01:57',NULL),(88,196,'Hair Treatment','2023-06-12','2023-06-12 07:02:16',NULL),(89,163,'Hair Treatment','2023-06-12','2023-06-12 07:02:30',NULL),(90,144,'Hair Treatment','2023-06-12','2023-06-12 07:02:46',NULL),(91,130,'Hair Treatment','2023-06-12','2023-06-12 07:03:01',NULL),(92,80,'Hair Treatment','2023-06-12','2023-06-12 07:03:40',NULL),(93,111,'Hair Treatment','2023-06-12','2023-06-12 07:03:58',NULL),(94,155,'Hair Treatment','2023-06-12','2023-06-12 07:04:13',NULL),(95,32,'Hair Treatment','2023-06-12','2023-06-12 07:04:36',NULL),(96,148,'Hair Treatment','2023-06-12','2023-06-12 07:05:37',NULL),(97,48,'Hair Treatment','2023-05-20','2023-06-13 03:19:48',NULL),(98,174,'Hair Treatment','2023-05-20','2023-06-13 03:20:12',NULL),(99,49,'Hair Treatment','2023-05-20','2023-06-13 03:20:29',NULL),(100,85,'Hair Treatment','2023-05-22','2023-06-13 03:20:51',NULL),(101,97,'Hair Treatment','2023-05-22','2023-06-13 03:21:09',NULL),(102,71,'Hair Treatment','2023-05-22','2023-06-13 03:21:49',NULL),(103,130,'Hair Treatment','2023-05-22','2023-06-13 03:22:07',NULL),(104,96,'Hair Treatment','2023-05-22','2023-06-13 03:22:24',NULL),(105,101,'Hair Treatment','2023-05-22','2023-06-13 03:22:47',NULL),(106,152,'Hair Treatment','2023-05-22','2023-06-13 03:23:04',NULL),(107,63,'Hair Treatment','2023-05-22','2023-06-13 03:23:25',NULL),(108,45,'Hair Treatment','2023-05-22','2023-06-13 03:23:42',NULL),(109,45,'Hair Treatment','2023-05-22','2023-06-13 03:24:02',NULL),(110,37,'Hair Treatment','2023-05-22','2023-06-13 03:24:20',NULL),(111,42,'Hair Treatment','2023-05-22','2023-06-13 03:24:36',NULL),(112,41,'Hair Treatment','2023-05-22','2023-06-13 03:24:53',NULL),(113,11,'Hair Treatment','2023-05-22','2023-06-13 03:25:31',NULL),(114,43,'Hair Treatment','2023-05-22','2023-06-13 03:25:53',NULL),(115,70,'Hair Treatment','2023-05-22','2023-06-13 03:26:17',NULL),(116,123,'Hair Treatment','2023-05-22','2023-06-13 03:26:41',NULL),(117,44,'Hair Treatment','2023-05-22','2023-06-13 03:27:08',NULL),(118,13,'Hair Treatment','2023-05-22','2023-06-13 03:28:08',NULL),(119,183,'Hair Treatment','2023-05-22','2023-06-13 03:28:34',NULL),(120,223,'Hair Treatment','2023-05-22','2023-06-13 03:28:53',NULL),(121,202,'Hair Treatment','2023-05-22','2023-06-13 03:29:11',NULL),(122,180,'Hair Treatment','2023-05-23','2023-06-13 03:31:33',NULL),(123,96,'Hair Treatment','2023-05-23','2023-06-13 03:31:48',NULL),(124,63,'Hair Treatment','2023-05-23','2023-06-13 03:34:39',NULL),(125,97,'Hair Treatment','2023-05-23','2023-06-13 03:34:48',NULL),(126,130,'Hair Treatment','2023-05-23','2023-06-13 03:34:59',NULL),(127,144,'Hair Treatment','2023-05-23','2023-06-13 03:35:13',NULL),(128,71,'Hair Treatment','2023-05-23','2023-06-13 03:35:23',NULL),(129,101,'Hair Treatment','2023-05-23','2023-06-13 03:35:36',NULL),(130,10,'Hair Treatment','2023-05-23','2023-06-13 03:37:54',NULL),(131,42,'Hair Treatment','2023-05-23','2023-06-13 03:38:01',NULL),(132,37,'Hair Treatment','2023-05-23','2023-06-13 03:38:19',NULL),(133,51,'Hair Treatment','2023-05-23','2023-06-13 03:38:31',NULL),(134,127,'Hair Treatment','2023-05-23','2023-06-13 03:38:42',NULL),(135,46,'Hair Treatment','2023-05-23','2023-06-13 03:38:50',NULL),(136,11,'Hair Treatment','2023-05-23','2023-06-13 03:39:03',NULL),(137,40,'Hair Treatment','2023-05-23','2023-06-13 03:39:16',NULL),(138,11,'Hair Treatment','2023-05-23','2023-06-13 03:39:24',NULL),(139,139,'Hair Treatment','2023-05-23','2023-06-13 03:39:34',NULL),(140,89,'Hair Treatment','2023-05-23','2023-06-13 03:39:42',NULL),(141,7,'Hair Treatment','2023-05-23','2023-06-13 03:40:20',NULL),(142,205,'Hair Treatment','2023-05-24','2023-06-13 03:45:06',NULL),(143,209,'Hair Treatment','2023-05-24','2023-06-13 03:45:14',NULL),(144,201,'Hair Treatment','2023-05-24','2023-06-13 03:45:21',NULL),(145,101,'Hair Treatment','2023-05-24','2023-06-13 03:45:32',NULL),(146,144,'Hair Treatment','2023-05-24','2023-06-13 03:45:41',NULL),(147,63,'Hair Treatment','2023-05-24','2023-06-13 03:45:48',NULL),(148,127,'Hair Treatment','2023-05-24','2023-06-13 03:46:02',NULL),(149,40,'Hair Treatment','2023-05-24','2023-06-13 03:46:09',NULL),(150,11,'Hair Treatment','2023-05-24','2023-06-13 03:46:16',NULL),(151,49,'Hair Treatment','2023-05-24','2023-06-13 03:46:28',NULL),(152,7,'Hair Treatment','2023-05-24','2023-06-13 03:48:53',NULL),(153,172,'Hair Treatment','2023-05-24','2023-06-13 03:49:00',NULL),(154,194,'Hair Treatment','2023-05-24','2023-06-13 03:49:08',NULL),(155,226,'Hair Treatment','2023-05-24','2023-06-13 03:49:18',NULL),(156,238,'Hair Treatment','2023-05-24','2023-06-13 03:49:30',NULL),(157,281,'Hair Treatment','2023-05-24','2023-06-13 03:49:38',NULL),(158,280,'Hair Treatment','2023-05-24','2023-06-13 03:49:46',NULL),(159,229,'Hair Treatment','2023-05-24','2023-06-13 03:49:57',NULL),(160,269,'Hair Treatment','2023-05-24','2023-06-13 03:50:05',NULL),(161,236,'Hair Treatment','2023-05-24','2023-06-13 03:50:13',NULL),(162,251,'Hair Treatment','2023-05-24','2023-06-13 03:50:23',NULL),(163,194,'Hair Treatment','2023-05-25','2023-06-13 03:58:52',NULL),(164,193,'Hair Treatment','2023-05-25','2023-06-13 03:59:01',NULL),(165,191,'Hair Treatment','2023-05-25','2023-06-13 03:59:08',NULL),(166,172,'Hair Treatment','2023-05-25','2023-06-13 03:59:18',NULL),(167,183,'Hair Treatment','2023-05-25','2023-06-13 04:00:30',NULL),(168,223,'Hair Treatment','2023-05-25','2023-06-13 04:00:42',NULL),(169,238,'Hair Treatment','2023-05-25','2023-06-13 04:00:49',NULL),(170,281,'Hair Treatment','2023-05-25','2023-06-13 04:00:56',NULL),(171,236,'Hair Treatment','2023-05-25','2023-06-13 04:01:04',NULL),(172,279,'Hair Treatment','2023-06-13','2023-06-13 04:01:18','2023-06-13 04:05:04'),(173,233,'Hair Treatment','2023-05-25','2023-06-13 04:01:39',NULL),(174,230,'Hair Treatment','2023-05-25','2023-06-13 04:01:48',NULL),(175,280,'Hair Treatment','2023-05-25','2023-06-13 04:01:55',NULL),(176,298,'Hair Treatment','2023-05-25','2023-06-13 04:02:03',NULL),(177,226,'Hair Treatment','2023-05-25','2023-06-13 04:02:16',NULL),(178,272,'Hair Treatment','2023-05-25','2023-06-13 04:02:30',NULL),(179,237,'Hair Treatment','2023-05-25','2023-06-13 04:02:37',NULL),(180,251,'Hair Treatment','2023-05-25','2023-06-13 04:02:48',NULL),(181,249,'Hair Treatment','2023-05-25','2023-06-13 04:02:57',NULL),(182,193,'Hair Treatment','2023-05-26','2023-06-13 04:11:03',NULL),(183,191,'Hair Treatment','2023-05-26','2023-06-13 04:11:11',NULL),(184,183,'Hair Treatment','2023-05-26','2023-06-13 04:11:22',NULL),(185,223,'Hair Treatment','2023-05-26','2023-06-13 04:11:28',NULL),(186,202,'Hair Treatment','2023-05-26','2023-06-13 04:11:36',NULL),(187,281,'Hair Treatment','2023-05-26','2023-06-13 04:11:45',NULL),(188,236,'Hair Treatment','2023-05-26','2023-06-13 04:11:54',NULL),(189,279,'Hair Treatment','2023-05-26','2023-06-13 04:13:56',NULL),(190,251,'Hair Treatment','2023-05-26','2023-06-13 04:14:04',NULL),(191,233,'Hair Treatment','2023-05-26','2023-06-13 04:14:11',NULL),(192,225,'Hair Treatment','2023-05-26','2023-06-13 04:14:18',NULL),(193,239,'Hair Treatment','2023-05-26','2023-06-13 04:14:24',NULL),(194,272,'Hair Treatment','2023-05-26','2023-06-13 04:14:32',NULL),(195,249,'Hair Treatment','2023-05-26','2023-06-13 04:14:39',NULL),(196,258,'Hair Treatment','2023-05-26','2023-06-13 04:14:48',NULL),(197,268,'Hair Treatment','2023-05-26','2023-06-13 04:16:53',NULL),(198,275,'Hair Treatment','2023-05-26','2023-06-13 04:17:02',NULL),(199,257,'Hair Treatment','2023-05-26','2023-06-13 04:17:12',NULL),(200,238,'Hair Treatment','2023-05-26','2023-06-13 04:17:20',NULL),(201,229,'Hair Treatment','2023-05-26','2023-06-13 04:17:30',NULL),(202,200,'Hair Treatment','2023-05-27','2023-06-13 04:20:34',NULL),(203,223,'Hair Treatment','2023-05-27','2023-06-13 04:20:44',NULL),(204,193,'Hair Treatment','2023-05-27','2023-06-13 04:20:51',NULL),(205,183,'Hair Treatment','2023-05-27','2023-06-13 04:21:01',NULL),(206,191,'Hair Treatment','2023-05-27','2023-06-13 04:21:13',NULL),(207,275,'Hair Treatment','2023-05-27','2023-06-13 04:21:20',NULL),(208,247,'Hair Treatment','2023-05-27','2023-06-13 04:21:28',NULL),(209,199,'Hair Treatment','2023-05-27','2023-06-13 04:28:35',NULL),(210,218,'Hair Treatment','2023-05-27','2023-06-13 04:28:45',NULL),(211,226,'Hair Treatment','2023-05-27','2023-06-13 04:28:52',NULL),(212,272,'Hair Treatment','2023-05-27','2023-06-13 04:28:59',NULL),(213,230,'Hair Treatment','2023-05-27','2023-06-13 04:29:07',NULL),(214,233,'Hair Treatment','2023-05-27','2023-06-13 04:29:14',NULL),(215,279,'Hair Treatment','2023-05-27','2023-06-13 04:29:25',NULL),(216,236,'Hair Treatment','2023-05-27','2023-06-13 04:29:35',NULL),(217,229,'Hair Treatment','2023-05-27','2023-06-13 04:29:43',NULL),(218,269,'Hair Treatment','2023-05-27','2023-06-13 04:29:54',NULL),(219,251,'Hair Treatment','2023-05-27','2023-06-13 04:30:04',NULL),(220,228,'Hair Treatment','2023-05-27','2023-06-13 04:30:13',NULL),(221,258,'Hair Treatment','2023-05-27','2023-06-13 04:30:23',NULL),(222,127,'Hair Treatment','2023-05-29','2023-06-13 04:31:57',NULL),(223,40,'Hair Treatment','2023-05-29','2023-06-13 04:32:11',NULL),(224,174,'Hair Treatment','2023-05-29','2023-06-13 04:32:19',NULL),(225,11,'Hair Treatment','2023-05-29','2023-06-13 04:32:33',NULL),(226,70,'Hair Treatment','2023-05-29','2023-06-13 04:32:44',NULL),(227,13,'Hair Treatment','2023-05-30','2023-06-13 04:34:16',NULL),(228,81,'Hair Treatment','2023-05-30','2023-06-13 04:34:24',NULL),(229,3,'Hair Treatment','2023-05-30','2023-06-13 04:34:32',NULL),(230,196,'Hair Treatment','2023-05-30','2023-06-13 04:34:39',NULL),(231,49,'Hair Treatment','2023-05-30','2023-06-13 04:34:50',NULL),(232,70,'Hair Treatment','2023-05-30','2023-06-13 04:35:07',NULL),(233,45,'Hair Treatment','2023-05-30','2023-06-13 04:35:16',NULL),(234,110,'Hair Treatment','2023-05-30','2023-06-13 04:37:06',NULL),(235,174,'Hair Treatment','2023-05-30','2023-06-13 04:37:12',NULL),(236,56,'Hair Treatment','2023-05-30','2023-06-13 04:37:22',NULL),(237,130,'Hair Treatment','2023-05-30','2023-06-13 04:37:30',NULL),(238,153,'Hair Treatment','2023-05-30','2023-06-13 04:37:37',NULL),(239,63,'Hair Treatment','2023-05-30','2023-06-13 04:37:44',NULL),(240,101,'Hair Treatment','2023-05-30','2023-06-13 04:37:51',NULL),(241,156,'Hair Treatment','2023-05-30','2023-06-13 04:37:58',NULL),(242,180,'Hair Treatment','2023-05-30','2023-06-13 04:38:05',NULL),(243,153,'Hair Treatment','2023-05-31','2023-06-13 04:39:52',NULL),(244,144,'Hair Treatment','2023-05-31','2023-06-13 04:39:59',NULL),(245,130,'Hair Treatment','2023-05-31','2023-06-13 04:40:07',NULL),(246,101,'Hair Treatment','2023-05-31','2023-06-13 04:40:15',NULL),(247,63,'Hair Treatment','2023-05-31','2023-06-13 04:40:21',NULL),(248,96,'Hair Treatment','2023-05-31','2023-06-13 04:40:28',NULL),(249,65,'Hair Treatment','2023-05-31','2023-06-13 04:41:30',NULL),(250,42,'Hair Treatment','2023-05-31','2023-06-13 04:41:37',NULL),(251,127,'Hair Treatment','2023-05-31','2023-06-13 04:41:43',NULL),(252,11,'Hair Treatment','2023-05-31','2023-06-13 04:41:49',NULL),(253,23,'Hair Treatment','2023-05-31','2023-06-13 04:41:59',NULL),(254,174,'Hair Treatment','2023-05-31','2023-06-13 04:42:13',NULL),(255,45,'Hair Treatment','2023-05-31','2023-06-13 04:43:47',NULL),(256,40,'Hair Treatment','2023-05-31','2023-06-13 04:43:53',NULL),(257,123,'Hair Treatment','2023-05-31','2023-06-13 04:44:03',NULL),(258,142,'Hair Treatment','2023-05-31','2023-06-13 04:44:12',NULL),(259,120,'Hair Treatment','2023-05-31','2023-06-13 04:44:23',NULL),(260,139,'Hair Treatment','2023-05-31','2023-06-13 04:44:29',NULL),(261,60,'Hair Treatment','2023-05-31','2023-06-13 04:44:36',NULL),(262,81,'Hair Treatment','2023-05-31','2023-06-13 04:44:44',NULL),(263,133,'Hair Treatment','2023-06-01','2023-06-13 04:46:18',NULL),(264,81,'Hair Treatment','2023-06-01','2023-06-13 04:46:28',NULL),(265,163,'Hair Treatment','2023-06-01','2023-06-13 04:46:43',NULL),(266,163,'Hair Treatment','2023-06-01','2023-06-13 04:46:44',NULL),(267,49,'Hair Treatment','2023-06-01','2023-06-13 04:46:56',NULL),(268,139,'Hair Treatment','2023-06-01','2023-06-13 04:47:42',NULL),(269,139,'Hair Treatment','2023-06-01','2023-06-13 04:47:43',NULL),(270,41,'Hair Treatment','2023-06-01','2023-06-13 04:49:24',NULL),(271,45,'Hair Treatment','2023-06-01','2023-06-13 04:49:31',NULL),(272,110,'Hair Treatment','2023-06-01','2023-06-13 04:49:38',NULL),(273,46,'Hair Treatment','2023-06-01','2023-06-13 04:49:45',NULL),(274,156,'Hair Treatment','2023-06-01','2023-06-13 04:49:51',NULL),(275,155,'Hair Treatment','2023-06-01','2023-06-13 04:49:59',NULL),(276,62,'Hair Treatment','2023-06-01','2023-06-13 04:51:55',NULL),(277,92,'Hair Treatment','2023-06-01','2023-06-13 04:52:03',NULL),(278,80,'Hair Treatment','2023-06-01','2023-06-13 04:52:09',NULL),(279,183,'Hair Treatment','2023-06-01','2023-06-13 04:52:16',NULL),(280,172,'Hair Treatment','2023-06-01','2023-06-13 04:52:22',NULL),(281,218,'Hair Treatment','2023-06-01','2023-06-13 04:52:29',NULL),(282,222,'Hair Treatment','2023-06-01','2023-06-13 04:52:37',NULL),(283,199,'Hair Treatment','2023-06-01','2023-06-13 04:52:46',NULL),(284,37,'Hair Treatment','2023-06-02','2023-06-13 04:55:49',NULL),(285,110,'Hair Treatment','2023-06-02','2023-06-13 04:55:55',NULL),(286,41,'Hair Treatment','2023-06-02','2023-06-13 04:56:03',NULL),(287,39,'Hair Treatment','2023-06-02','2023-06-13 04:56:11',NULL),(288,21,'Hair Treatment','2023-06-02','2023-06-13 04:56:18',NULL),(289,60,'Hair Treatment','2023-06-02','2023-06-13 04:56:24',NULL),(290,104,'Hair Treatment','2023-06-02','2023-06-13 04:56:32',NULL),(291,142,'Hair Treatment','2023-06-02','2023-06-13 04:56:42',NULL),(292,29,'Hair Treatment','2023-06-02','2023-06-13 04:56:49',NULL),(293,65,'Hair Treatment','2023-06-02','2023-06-13 04:57:59',NULL),(294,120,'Hair Treatment','2023-06-02','2023-06-13 04:58:07',NULL),(295,126,'Hair Treatment','2023-06-02','2023-06-13 04:58:18',NULL),(296,256,'Hair Treatment','2023-06-03','2023-06-13 05:01:05',NULL),(297,226,'Hair Treatment','2023-06-03','2023-06-13 05:01:15',NULL),(298,225,'Hair Treatment','2023-06-03','2023-06-13 05:01:21',NULL),(299,245,'Hair Treatment','2023-06-03','2023-06-13 05:01:34',NULL),(300,233,'Hair Treatment','2023-06-03','2023-06-13 05:01:42',NULL),(301,232,'Hair Treatment','2023-06-03','2023-06-13 05:01:49',NULL),(302,229,'Hair Treatment','2023-06-03','2023-06-13 05:01:56',NULL),(303,252,'Hair Treatment','2023-06-03','2023-06-13 05:02:19',NULL),(304,230,'Hair Treatment','2023-06-03','2023-06-13 05:02:28',NULL),(305,279,'Hair Treatment','2023-06-03','2023-06-13 05:02:37',NULL),(306,194,'Hair Treatment','2023-06-03','2023-06-13 05:05:25',NULL),(307,198,'Hair Treatment','2023-06-03','2023-06-13 05:05:38',NULL),(308,169,'Hair Treatment','2023-06-03','2023-06-13 05:05:51',NULL),(309,223,'Hair Treatment','2023-06-03','2023-06-13 05:06:06',NULL),(310,222,'Hair Treatment','2023-06-03','2023-06-13 05:06:23',NULL),(311,7,'Hair Treatment','2023-06-03','2023-06-13 05:06:38',NULL),(312,133,'Hair Treatment','2023-06-03','2023-06-13 05:06:53',NULL),(313,8,'Hair Treatment','2023-06-03','2023-06-13 05:07:04',NULL),(314,13,'Hair Treatment','2023-06-03','2023-06-13 05:07:12',NULL),(315,10,'Hair Treatment','2023-06-03','2023-06-13 05:07:27',NULL),(316,246,'Hair Treatment','2023-06-05','2023-06-13 05:11:42',NULL),(317,258,'Hair Treatment','2023-06-05','2023-06-13 05:11:52',NULL),(318,249,'Hair Treatment','2023-06-05','2023-06-13 05:12:00',NULL),(319,233,'Hair Treatment','2023-06-05','2023-06-13 05:12:08',NULL),(320,248,'Hair Treatment','2023-06-05','2023-06-13 05:12:16',NULL),(321,256,'Hair Treatment','2023-06-05','2023-06-13 05:12:27',NULL),(322,257,'Hair Treatment','2023-06-05','2023-06-13 05:15:42',NULL),(323,237,'Hair Treatment','2023-06-05','2023-06-13 05:15:48',NULL),(324,275,'Hair Treatment','2023-06-05','2023-06-13 05:15:57',NULL),(325,245,'Hair Treatment','2023-06-05','2023-06-13 05:16:04',NULL),(326,80,'Hair Treatment','2023-06-05','2023-06-13 05:16:11',NULL),(327,155,'Hair Treatment','2023-06-05','2023-06-13 05:16:19',NULL),(328,148,'Hair Treatment','2023-06-05','2023-06-13 05:18:42',NULL),(329,32,'Hair Treatment','2023-06-05','2023-06-13 05:18:49',NULL),(330,80,'Hair Treatment','2023-06-05','2023-06-13 05:19:04',NULL),(331,116,'Hair Treatment','2023-06-05','2023-06-13 05:19:12',NULL),(332,85,'Hair Treatment','2023-06-05','2023-06-13 05:19:19',NULL),(333,63,'Hair Treatment','2023-06-05','2023-06-13 05:19:29',NULL),(334,82,'Hair Treatment','2023-06-05','2023-06-13 05:19:36',NULL),(335,71,'Hair Treatment','2023-06-05','2023-06-13 05:19:44',NULL),(336,48,'Hair Treatment','2023-06-06','2023-06-13 05:24:30',NULL),(337,246,'Hair Treatment','2023-06-06','2023-06-13 05:24:37',NULL),(338,256,'Hair Treatment','2023-06-06','2023-06-13 05:24:47',NULL),(339,279,'Hair Treatment','2023-06-06','2023-06-13 05:24:54',NULL),(340,268,'Hair Treatment','2023-06-06','2023-06-13 05:25:02',NULL),(341,277,'Hair Treatment','2023-06-06','2023-06-13 05:25:09',NULL),(342,233,'Hair Treatment','2023-06-06','2023-06-13 05:25:19',NULL),(343,229,'Hair Treatment','2023-06-06','2023-06-13 05:25:27',NULL),(344,225,'Hair Treatment','2023-06-06','2023-06-13 05:25:39',NULL),(345,269,'Hair Treatment','2023-06-06','2023-06-13 05:25:49',NULL),(346,208,'Hair Treatment','2023-06-06','2023-06-13 05:29:04',NULL),(347,194,'Hair Treatment','2023-06-06','2023-06-13 05:29:11',NULL),(348,216,'Hair Treatment','2023-06-06','2023-06-13 05:29:23',NULL),(349,218,'Hair Treatment','2023-06-06','2023-06-13 05:29:31',NULL),(350,211,'Hair Treatment','2023-06-06','2023-06-13 05:29:38',NULL),(351,214,'Hair Treatment','2023-06-06','2023-06-13 05:29:50',NULL),(352,224,'Hair Treatment','2023-06-06','2023-06-13 05:29:58',NULL),(353,134,'Hair Treatment','2023-06-06','2023-06-13 05:30:05',NULL),(354,23,'Hair Treatment','2023-06-06','2023-06-13 05:30:12',NULL),(355,120,'Hair Treatment','2023-06-06','2023-06-13 05:30:32',NULL),(356,277,'Hair Treatment','2023-06-07','2023-06-13 05:35:42',NULL),(357,269,'Hair Treatment','2023-06-07','2023-06-13 05:36:19',NULL),(358,279,'Hair Treatment','2023-06-07','2023-06-13 05:36:28',NULL),(359,275,'Hair Treatment','2023-06-07','2023-06-13 05:36:45',NULL),(360,280,'Hair Treatment','2023-06-07','2023-06-13 05:36:54',NULL),(361,226,'Hair Treatment','2023-06-07','2023-06-13 05:37:04',NULL),(362,245,'Hair Treatment','2023-06-07','2023-06-13 05:37:12',NULL),(363,258,'Hair Treatment','2023-06-07','2023-06-13 05:37:20',NULL),(364,274,'Hair Treatment','2023-06-07','2023-06-13 05:37:27',NULL),(365,251,'Hair Treatment','2023-06-07','2023-06-13 05:37:35',NULL),(366,193,'Hair Treatment','2023-06-07','2023-06-13 05:37:43',NULL),(367,65,'Hair Treatment','2023-06-07','2023-06-13 05:37:50',NULL),(368,23,'Hair Treatment','2023-06-07','2023-06-13 05:40:13',NULL),(369,214,'Hair Treatment','2023-06-07','2023-06-13 05:40:22',NULL),(370,104,'Hair Treatment','2023-06-07','2023-06-13 05:40:34',NULL),(371,208,'Hair Treatment','2023-06-07','2023-06-13 05:40:41',NULL),(372,247,'Hair Treatment','2023-06-07','2023-06-13 05:40:48',NULL),(373,267,'Hair Treatment','2023-06-07','2023-06-13 05:40:55',NULL),(374,211,'Hair Treatment','2023-06-07','2023-06-13 05:41:21',NULL),(375,28,'Hair Treatment','2023-06-07','2023-06-13 05:41:31',NULL),(376,85,'Hair Treatment','2023-06-08','2023-06-13 05:43:53',NULL),(377,63,'Hair Treatment','2023-06-08','2023-06-13 05:44:07',NULL),(378,119,'Hair Treatment','2023-06-08','2023-06-13 05:44:13',NULL),(379,71,'Hair Treatment','2023-06-08','2023-06-13 05:44:21',NULL),(380,152,'Hair Treatment','2023-06-08','2023-06-13 05:44:30',NULL),(381,110,'Hair Treatment','2023-06-08','2023-06-13 05:44:37',NULL),(382,139,'Hair Treatment','2023-06-08','2023-06-13 05:44:47',NULL),(383,11,'Hair Treatment','2023-06-08','2023-06-13 05:47:34',NULL),(384,21,'Hair Treatment','2023-06-08','2023-06-13 05:47:41',NULL),(385,54,'Hair Treatment','2023-06-08','2023-06-13 05:47:48',NULL),(386,111,'Hair Treatment','2023-06-08','2023-06-13 05:47:56',NULL),(387,96,'Hair Treatment','2023-06-08','2023-06-13 05:48:03',NULL),(388,156,'Hair Treatment','2023-06-08','2023-06-13 05:48:09',NULL),(389,101,'Hair Treatment','2023-06-08','2023-06-13 05:48:16',NULL),(390,32,'Hair Treatment','2023-06-08','2023-06-13 05:48:25',NULL),(391,251,'Hair Treatment','2023-06-08','2023-06-13 05:50:12',NULL),(392,269,'Hair Treatment','2023-06-08','2023-06-13 05:50:22',NULL),(393,280,'Hair Treatment','2023-06-08','2023-06-13 05:50:29',NULL),(394,281,'Hair Treatment','2023-06-08','2023-06-13 05:50:36',NULL),(395,226,'Hair Treatment','2023-06-08','2023-06-13 05:50:44',NULL),(396,281,'Hair Treatment','2023-06-09','2023-06-13 05:53:31',NULL),(397,237,'Hair Treatment','2023-06-09','2023-06-13 05:53:40',NULL),(398,81,'Hair Treatment','2023-06-09','2023-06-13 05:53:48',NULL),(399,49,'Hair Treatment','2023-06-09','2023-06-13 05:53:59',NULL),(400,161,'Hair Treatment','2023-06-09','2023-06-13 05:54:07',NULL),(401,10,'Hair Treatment','2023-06-09','2023-06-13 05:54:17',NULL),(402,13,'Hair Treatment','2023-06-09','2023-06-13 05:54:24',NULL),(403,110,'Hair Treatment','2023-06-09','2023-06-13 05:57:53',NULL),(404,139,'Hair Treatment','2023-06-09','2023-06-13 05:57:58',NULL),(405,11,'Hair Treatment','2023-06-09','2023-06-13 05:58:04',NULL),(406,205,'Hair Treatment','2023-06-09','2023-06-13 05:58:12',NULL),(407,172,'Hair Treatment','2023-06-09','2023-06-13 05:58:19',NULL),(408,193,'Hair Treatment','2023-06-09','2023-06-13 05:58:26',NULL),(409,200,'Hair Treatment','2023-06-09','2023-06-13 05:58:34',NULL),(410,202,'Hair Treatment','2023-06-09','2023-06-13 05:58:41',NULL),(411,214,'Hair Treatment','2023-06-09','2023-06-13 05:58:48',NULL),(412,120,'Hair Treatment','2023-06-09','2023-06-13 05:58:56',NULL),(413,28,'Hair Treatment','2023-06-09','2023-06-13 05:59:04',NULL),(414,53,'Hair Treatment','2023-06-09','2023-06-13 05:59:11',NULL),(415,178,'Hair Treatment','2023-06-09','2023-06-13 05:59:19',NULL),(416,214,'Hair Treatment','2023-06-10','2023-06-13 06:02:41',NULL),(417,65,'Hair Treatment','2023-06-10','2023-06-13 06:02:48',NULL),(418,224,'Hair Treatment','2023-06-10','2023-06-13 06:02:55',NULL),(419,142,'Hair Treatment','2023-06-10','2023-06-13 06:03:03',NULL),(420,120,'Hair Treatment','2023-06-10','2023-06-13 06:03:11',NULL),(421,101,'Hair Treatment','2023-06-10','2023-06-13 06:03:18',NULL),(422,155,'Hair Treatment','2023-06-10','2023-06-13 06:03:26',NULL),(423,62,'Hair Treatment','2023-06-10','2023-06-13 06:03:33',NULL),(424,32,'Hair Treatment','2023-06-10','2023-06-13 06:03:42',NULL),(425,156,'Hair Treatment','2023-06-10','2023-06-13 06:03:49',NULL),(426,130,'Hair Treatment','2023-06-10','2023-06-13 06:03:58',NULL),(427,152,'Hair Treatment','2023-06-10','2023-06-13 06:05:17',NULL),(428,63,'Hair Treatment','2023-06-10','2023-06-13 06:05:24',NULL),(429,144,'Hair Treatment','2023-06-10','2023-06-13 06:05:30',NULL),(430,88,'Hair Treatment','2023-06-10','2023-06-13 06:05:38',NULL),(431,139,'Hair Treatment','2023-06-10','2023-06-13 06:05:46',NULL),(432,41,'Hair Treatment','2023-06-10','2023-06-13 06:05:53',NULL),(433,139,'Hair Treatment','2023-06-12','2023-06-13 06:08:52',NULL),(434,127,'Hair Treatment','2023-06-12','2023-06-13 06:08:59',NULL),(435,89,'Hair Treatment','2023-06-12','2023-06-13 06:09:05',NULL),(436,11,'Hair Treatment','2023-06-12','2023-06-13 06:09:12',NULL),(437,7,'Hair Treatment','2023-06-12','2023-06-13 06:09:18',NULL),(438,196,'Hair Treatment','2023-06-12','2023-06-13 06:09:24',NULL),(439,81,'Hair Treatment','2023-06-12','2023-06-13 06:09:31',NULL),(440,13,'Hair Treatment','2023-06-12','2023-06-13 06:09:39',NULL),(441,163,'Hair Treatment','2023-06-12','2023-06-13 06:09:47',NULL),(442,12,'Hair Treatment','2023-06-12','2023-06-13 06:12:03',NULL),(443,144,'Hair Treatment','2023-06-12','2023-06-13 06:15:05',NULL),(444,63,'Hair Treatment','2023-06-12','2023-06-13 06:15:13',NULL),(445,153,'Hair Treatment','2023-06-12','2023-06-13 06:15:22',NULL),(446,130,'Hair Treatment','2023-06-12','2023-06-13 06:15:29',NULL),(447,85,'Hair Treatment','2023-06-12','2023-06-13 06:15:40',NULL),(448,80,'Hair Treatment','2023-06-12','2023-06-13 06:15:48',NULL),(449,111,'Hair Treatment','2023-06-12','2023-06-13 06:15:55',NULL),(450,155,'Hair Treatment','2023-06-12','2023-06-13 06:16:03',NULL),(451,32,'Hair Treatment','2023-06-12','2023-06-13 06:16:10',NULL),(452,148,'Hair Treatment','2023-06-12','2023-06-13 06:16:17',NULL),(453,120,'Hair Treatment','2023-06-13','2023-06-13 06:52:12',NULL),(454,104,'Hair Treatment','2023-06-13','2023-06-13 06:52:17',NULL),(455,125,'Hair Treatment','2023-06-13','2023-06-13 06:52:25',NULL),(456,178,'Hair Treatment','2023-06-13','2023-06-13 06:52:30',NULL),(457,132,'Hair Treatment','2023-06-13','2023-06-13 06:52:36',NULL),(458,130,'Hair Treatment','2023-06-13','2023-06-13 06:52:42',NULL),(459,63,'Hair Treatment','2023-06-13','2023-06-13 06:52:47',NULL),(460,49,'Hair Treatment','2023-06-13','2023-06-13 06:52:53',NULL),(461,7,'Hair Treatment','2023-06-13','2023-06-13 06:52:58',NULL),(462,10,'Hair Treatment','2023-06-13','2023-06-13 06:53:08',NULL),(463,281,'Hair Treatment','2023-06-13','2023-06-13 06:55:07',NULL),(464,251,'Hair Treatment','2023-06-13','2023-06-13 06:55:12',NULL),(465,193,'Hair Treatment','2023-06-13','2023-06-13 06:55:17',NULL),(466,223,'Hair Treatment','2023-06-13','2023-06-13 06:55:24',NULL),(467,217,'Hair Treatment','2023-06-13','2023-06-13 06:55:29',NULL),(468,170,'Hair Treatment','2023-06-13','2023-06-13 06:55:35',NULL),(469,139,'Hair Treatment','2023-06-13','2023-06-13 06:55:41',NULL),(470,127,'Hair Treatment','2023-06-13','2023-06-13 06:55:47',NULL),(471,70,'Hair Treatment','2023-06-13','2023-06-13 06:55:52',NULL),(472,41,'Hair Treatment','2023-06-13','2023-06-13 06:55:59',NULL),(473,1,'Hair Treatment','2023-06-19','2023-06-19 06:52:11',NULL),(474,7,'Hair Treatment','2023-06-19','2023-06-19 06:52:17',NULL),(475,10,'Hair Treatment','2023-06-19','2023-06-19 06:52:25',NULL),(476,63,'Hair Treatment','2023-06-19','2023-06-19 06:52:31',NULL),(477,130,'Hair Treatment','2023-06-19','2023-06-19 06:52:37',NULL),(478,281,'Hair Treatment','2023-06-19','2023-06-19 06:52:43',NULL),(479,279,'Hair Treatment','2023-06-19','2023-06-19 06:52:49',NULL),(480,183,'Hair Treatment','2023-06-19','2023-06-19 06:52:55',NULL),(481,193,'Hair Treatment','2023-06-19','2023-06-19 06:53:00',NULL),(482,223,'Hair Treatment','2023-06-19','2023-06-19 06:53:09',NULL),(483,110,'Hair Treatment','2023-06-19','2023-06-19 06:55:10',NULL),(484,170,'Hair Treatment','2023-06-19','2023-06-19 06:55:16',NULL),(485,139,'Hair Treatment','2023-06-19','2023-06-19 06:55:23',NULL),(486,41,'Hair Treatment','2023-06-19','2023-06-19 06:55:28',NULL),(487,70,'Hair Treatment','2023-06-19','2023-06-19 06:55:32',NULL),(488,28,'Hair Treatment','2023-06-19','2023-06-19 06:55:38',NULL),(489,23,'Hair Treatment','2023-06-19','2023-06-19 06:55:43',NULL),(490,120,'Hair Treatment','2023-06-19','2023-06-19 06:55:49',NULL),(491,125,'Hair Treatment','2023-06-19','2023-06-19 06:55:55',NULL),(492,142,'Hair Treatment','2023-06-19','2023-06-19 06:56:01',NULL),(493,81,'Hair Treatment','2023-06-20','2023-06-20 07:14:24',NULL),(494,7,'Hair Treatment','2023-06-20','2023-06-20 07:14:37',NULL),(495,63,'Hair Treatment','2023-06-20','2023-06-20 07:14:44',NULL),(496,144,'Hair Treatment','2023-06-20','2023-06-20 07:14:50',NULL),(497,130,'Hair Treatment','2023-06-20','2023-06-20 07:15:18',NULL),(498,193,'Hair Treatment','2023-06-20','2023-06-20 07:15:24',NULL),(499,223,'Hair Treatment','2023-06-20','2023-06-20 07:15:29',NULL),(500,183,'Hair Treatment','2023-06-20','2023-06-20 07:15:35',NULL),(501,281,'Hair Treatment','2023-06-20','2023-06-20 07:15:43',NULL),(502,279,'Hair Treatment','2023-06-20','2023-06-20 07:15:51',NULL),(503,251,'Hair Treatment','2023-06-20','2023-06-20 07:16:00',NULL),(504,70,'Hair Treatment','2023-06-20','2023-06-20 07:21:36',NULL),(505,139,'Hair Treatment','2023-06-20','2023-06-20 07:21:42',NULL),(506,170,'Hair Treatment','2023-06-20','2023-06-20 07:21:47',NULL),(507,110,'Hair Treatment','2023-06-20','2023-06-20 07:21:52',NULL),(508,41,'Hair Treatment','2023-06-20','2023-06-20 07:21:57',NULL),(509,23,'Hair Treatment','2023-06-20','2023-06-20 07:22:02',NULL),(510,214,'Hair Treatment','2023-06-20','2023-06-20 07:22:09',NULL),(511,125,'Hair Treatment','2023-06-20','2023-06-20 07:22:16',NULL),(512,120,'Hair Treatment','2023-06-20','2023-06-20 07:22:22',NULL),(513,63,'Hair Treatment','2023-06-21','2023-06-21 07:37:29',NULL),(514,130,'Hair Treatment','2023-06-21','2023-06-21 07:37:34',NULL),(515,101,'Hair Treatment','2023-06-21','2023-06-21 07:37:41',NULL),(516,180,'Hair Treatment','2023-06-21','2023-06-21 07:37:46',NULL),(517,153,'Hair Treatment','2023-06-21','2023-06-21 07:37:51',NULL),(518,139,'Hair Treatment','2023-06-21','2023-06-21 07:37:57',NULL),(519,110,'Hair Treatment','2023-06-21','2023-06-21 07:38:02',NULL),(520,41,'Hair Treatment','2023-06-21','2023-06-21 07:38:08',NULL),(521,45,'Hair Treatment','2023-06-21','2023-06-21 07:38:14',NULL),(522,42,'Hair Treatment','2023-06-21','2023-06-21 07:38:21',NULL),(523,223,'Hair Treatment','2023-06-21','2023-06-21 07:41:10',NULL),(524,223,'Hair Treatment','2023-06-21','2023-06-21 07:41:11',NULL),(525,183,'Hair Treatment','2023-06-21','2023-06-21 07:41:16',NULL),(526,172,'Hair Treatment','2023-06-21','2023-06-21 07:41:27',NULL),(527,172,'Hair Treatment','2023-06-21','2023-06-21 07:41:28',NULL),(528,251,'Hair Treatment','2023-06-21','2023-06-21 07:41:34',NULL),(529,279,'Hair Treatment','2023-06-21','2023-06-21 07:41:42',NULL),(530,178,'Hair Treatment','2023-06-21','2023-06-21 07:41:49',NULL),(531,132,'Hair Treatment','2023-06-21','2023-06-21 07:41:57',NULL),(532,156,'Hair Treatment','2023-06-21','2023-06-21 07:42:05',NULL),(533,80,'Hair Treatment','2023-06-21','2023-06-21 07:42:16',NULL),(534,97,'Hair Treatment','2023-06-21','2023-06-21 07:42:24',NULL),(535,183,'Hair Treatment','2023-06-23','2023-06-23 07:07:15',NULL),(536,181,'Hair Treatment','2023-06-23','2023-06-23 07:07:21',NULL),(537,194,'Hair Treatment','2023-06-23','2023-06-23 07:07:26',NULL),(538,211,'Hair Treatment','2023-06-23','2023-06-23 07:07:31',NULL),(539,247,'Hair Treatment','2023-06-23','2023-06-23 07:07:36',NULL),(540,51,'Hair Treatment','2023-06-23','2023-06-23 07:07:41',NULL),(541,21,'Hair Treatment','2023-06-23','2023-06-23 07:07:46',NULL),(542,139,'Hair Treatment','2023-06-23','2023-06-23 07:07:50',NULL),(543,41,'Hair Treatment','2023-06-23','2023-06-23 07:08:03',NULL),(544,89,'Hair Treatment','2023-06-23','2023-06-23 07:08:09',NULL),(545,142,'Hair Treatment','2023-06-23','2023-06-23 07:12:55',NULL),(546,214,'Hair Treatment','2023-06-23','2023-06-23 07:13:04',NULL),(547,56,'Hair Treatment','2023-06-23','2023-06-23 07:13:10',NULL),(548,125,'Hair Treatment','2023-06-23','2023-06-23 07:13:17',NULL),(549,120,'Hair Treatment','2023-06-23','2023-06-23 07:13:22',NULL),(550,96,'Hair Treatment','2023-06-23','2023-06-23 07:13:28',NULL),(551,155,'Hair Treatment','2023-06-23','2023-06-23 07:13:34',NULL),(552,97,'Hair Treatment','2023-06-23','2023-06-23 07:13:40',NULL),(553,111,'Hair Treatment','2023-06-23','2023-06-23 07:13:46',NULL),(554,148,'Hair Treatment','2023-06-23','2023-06-23 07:13:51',NULL),(555,88,'Hair Treatment','2023-07-10','2023-07-13 07:02:20',NULL),(556,153,'Hair Treatment','2023-07-10','2023-07-13 07:02:27',NULL),(557,85,'Hair Treatment','2023-07-10','2023-07-13 07:02:36',NULL),(558,82,'Hair Treatment','2023-07-10','2023-07-13 07:02:43',NULL),(559,114,'Hair Treatment','2023-07-10','2023-07-13 07:02:52',NULL),(560,23,'Hair Treatment','2023-07-10','2023-07-13 07:02:59',NULL),(561,214,'Hair Treatment','2023-07-10','2023-07-13 07:03:07',NULL),(562,28,'Hair Treatment','2023-07-10','2023-07-13 07:03:13',NULL),(563,65,'Hair Treatment','2023-07-10','2023-07-13 07:03:22',NULL),(564,257,'Hair Treatment','2023-07-10','2023-07-13 07:03:30',NULL),(565,245,'Hair Treatment','2023-07-10','2023-07-13 07:03:38',NULL),(566,216,'Hair Treatment','2023-07-10','2023-07-13 07:03:59',NULL),(567,247,'Hair Treatment','2023-07-10','2023-07-13 07:04:06',NULL),(568,222,'Hair Treatment','2023-07-10','2023-07-13 07:04:14',NULL),(569,41,'Hair Treatment','2023-07-10','2023-07-13 07:04:21',NULL),(570,21,'Hair Treatment','2023-07-10','2023-07-13 07:04:29',NULL),(571,48,'Hair Treatment','2023-07-10','2023-07-13 07:04:37',NULL),(572,179,'Hair Treatment','2023-07-10','2023-07-13 07:04:48',NULL),(573,170,'Hair Treatment','2023-07-10','2023-07-13 07:05:00',NULL),(574,144,'Hair Treatment','2023-07-10','2023-07-13 07:05:30',NULL),(575,257,'Hair Treatment','2023-07-12','2023-07-13 07:08:50',NULL),(576,245,'Hair Treatment','2023-07-12','2023-07-13 07:09:59',NULL),(577,280,'Hair Treatment','2023-07-12','2023-07-13 07:10:11',NULL),(578,193,'Hair Treatment','2023-07-12','2023-07-13 07:10:19',NULL),(579,172,'Hair Treatment','2023-07-12','2023-07-13 07:10:26',NULL),(580,144,'Hair Treatment','2023-07-12','2023-07-13 07:10:33',NULL),(581,130,'Hair Treatment','2023-07-12','2023-07-13 07:10:40',NULL),(582,85,'Hair Treatment','2023-07-12','2023-07-13 07:10:47',NULL),(583,120,'Hair Treatment','2023-07-12','2023-07-13 07:10:56',NULL),(584,23,'Hair Treatment','2023-07-12','2023-07-13 07:11:05',NULL),(585,65,'Hair Treatment','2023-07-12','2023-07-13 07:11:12',NULL),(586,214,'Hair Treatment','2023-07-12','2023-07-13 07:11:19',NULL),(587,127,'Hair Treatment','2023-07-12','2023-07-13 07:11:26',NULL),(588,48,'Hair Treatment','2023-07-12','2023-07-13 07:11:33',NULL),(589,41,'Hair Treatment','2023-07-12','2023-07-13 07:11:42',NULL),(590,96,'Hair Treatment','2023-07-12','2023-07-13 07:11:51',NULL),(591,148,'Hair Treatment','2023-07-12','2023-07-13 07:12:00',NULL),(592,10,'Hair Treatment','2023-07-12','2023-07-13 07:12:13',NULL),(593,161,'Hair Treatment','2023-07-12','2023-07-13 07:12:21',NULL),(594,101,'Hair Treatment','2023-07-12','2023-07-13 07:12:30',NULL),(595,245,'Hair Treatment','2023-07-13','2023-07-13 07:15:13',NULL),(596,280,'Hair Treatment','2023-07-13','2023-07-13 07:15:18',NULL),(597,257,'Hair Treatment','2023-07-13','2023-07-13 07:15:22',NULL),(598,120,'Hair Treatment','2023-07-13','2023-07-13 07:15:31',NULL),(599,65,'Hair Treatment','2023-07-13','2023-07-13 07:15:37',NULL),(600,214,'Hair Treatment','2023-07-13','2023-07-13 07:15:43',NULL),(601,23,'Hair Treatment','2023-07-13','2023-07-13 07:17:30',NULL),(602,41,'Hair Treatment','2023-07-13','2023-07-13 07:17:36',NULL),(603,96,'Hair Treatment','2023-07-13','2023-07-13 07:17:43',NULL),(604,101,'Hair Treatment','2023-07-13','2023-07-13 07:17:52',NULL),(605,156,'Hair Treatment','2023-07-13','2023-07-13 07:18:00',NULL),(606,144,'Hair Treatment','2023-07-13','2023-07-13 07:18:06',NULL),(607,130,'Hair Treatment','2023-07-13','2023-07-13 07:18:22',NULL),(608,172,'Hair Treatment','2023-07-13','2023-07-13 07:18:39',NULL),(609,193,'Hair Treatment','2023-07-13','2023-07-13 07:18:48',NULL),(610,193,'Hair Treatment','2023-07-14','2023-07-14 06:57:36',NULL),(611,223,'Hair Treatment','2023-07-14','2023-07-14 06:57:42',NULL),(612,183,'Hair Treatment','2023-07-14','2023-07-14 06:57:47',NULL),(613,280,'Hair Treatment','2023-07-14','2023-07-14 06:57:52',NULL),(614,230,'Hair Treatment','2023-07-14','2023-07-14 06:58:02',NULL),(615,63,'Hair Treatment','2023-07-14','2023-07-14 06:58:06',NULL),(616,85,'Hair Treatment','2023-07-14','2023-07-14 06:59:08',NULL),(617,130,'Hair Treatment','2023-07-14','2023-07-14 06:59:15',NULL),(618,71,'Hair Treatment','2023-07-14','2023-07-14 06:59:24',NULL),(619,41,'Hair Treatment','2023-07-14','2023-07-14 06:59:29',NULL),(620,81,'Hair Treatment','2023-07-14','2023-07-14 06:59:36',NULL),(621,49,'Hair Treatment','2023-07-14','2023-07-14 06:59:41',NULL),(622,10,'Hair Treatment','2023-07-14','2023-07-14 06:59:48',NULL),(623,23,'Hair Treatment','2023-07-14','2023-07-14 06:59:54',NULL),(624,214,'Hair Treatment','2023-07-14','2023-07-14 07:00:02',NULL),(625,65,'Hair Treatment','2023-07-14','2023-07-14 07:00:11',NULL),(626,169,'Uniform','2023-07-15','2023-07-15 04:02:58',NULL),(627,183,'Uniform','2023-07-15','2023-07-15 04:03:47',NULL),(628,199,'Uniform','2023-07-15','2023-07-15 04:04:15',NULL),(629,207,'Uniform','2023-07-15','2023-07-15 04:04:43',NULL),(630,212,'Uniform','2023-07-15','2023-07-15 04:06:07',NULL),(631,218,'Uniform','2023-07-15','2023-07-15 04:06:34',NULL),(632,223,'Uniform','2023-07-15','2023-07-15 04:07:03',NULL),(633,267,'Uniform','2023-07-15','2023-07-15 04:07:34',NULL),(634,172,'Uniform','2023-07-15','2023-07-15 04:07:55',NULL),(635,185,'Uniform','2023-07-15','2023-07-15 04:08:13',NULL),(636,200,'Uniform','2023-07-15','2023-07-15 04:08:33',NULL),(637,208,'Uniform','2023-07-15','2023-07-15 04:08:53',NULL),(638,215,'Uniform','2023-07-15','2023-07-15 04:09:22',NULL),(639,194,'Uniform','2023-07-15','2023-07-15 04:24:13',NULL),(640,204,'Uniform','2023-07-15','2023-07-15 04:24:43',NULL),(641,219,'Uniform','2023-07-15','2023-07-15 04:26:27','2023-07-15 04:27:45'),(642,247,'Uniform','2023-07-15','2023-07-15 04:29:04',NULL),(643,278,'Uniform','2023-07-15','2023-07-15 04:29:26',NULL),(644,173,'Uniform','2023-07-15','2023-07-15 04:29:48',NULL),(645,186,'Uniform','2023-07-15','2023-07-15 04:30:10',NULL),(646,197,'Uniform','2023-07-15','2023-07-15 04:30:36',NULL),(647,201,'Uniform','2023-07-15','2023-07-15 04:30:56',NULL),(648,205,'Uniform','2023-07-15','2023-07-15 04:33:29',NULL),(649,209,'Uniform','2023-07-15','2023-07-15 04:33:34',NULL),(650,216,'Uniform','2023-07-15','2023-07-15 04:33:40',NULL),(651,221,'Uniform','2023-07-15','2023-07-15 04:33:46',NULL),(652,263,'Uniform','2023-07-15','2023-07-15 04:33:52',NULL),(653,181,'Uniform','2023-07-15','2023-07-15 04:33:58',NULL),(654,198,'Uniform','2023-07-15','2023-07-15 04:34:04',NULL),(655,202,'Uniform','2023-07-15','2023-07-15 04:34:10',NULL),(656,206,'Uniform','2023-07-15','2023-07-15 04:34:15',NULL),(657,211,'Uniform','2023-07-15','2023-07-15 04:34:20',NULL),(658,222,'Uniform','2023-07-15','2023-07-15 04:34:26',NULL),(659,264,'Uniform','2023-07-15','2023-07-15 04:34:31',NULL);


